000
CDUS46 KOTX 222339
CLIEAT


CLIMATE REPORT
NATIONAL WEATHER SERVICE SPOKANE, WA
438 PM PDT TUE JUL 22 2014


...................................

...THE WENATCHEE WA PANGBORN FIELD CLIMATE SUMMARY FOR JULY 22 2014...
VALID AS OF 0400 PM LOCAL TIME.

CLIMATE NORMAL PERIOD 1981 TO 2010
CLIMATE RECORD PERIOD 1959 TO 2014


WEATHER ITEM   OBSERVED TIME   RECORD YEAR NORMAL DEPARTURE LAST
                VALUE   (LST)  VALUE       VALUE  FROM      YEAR
                                                  NORMAL
..................................................................
TEMPERATURE (F)
 TODAY
  MAXIMUM         72    259 PM 107    1994  89    -17       97
  MINIMUM         64    622 AM  49    1982  63      1       67
  AVERAGE         68                        76     -8       82

PRECIPITATION (IN)
  TODAY            0.05          0.08 1992   0.01   0.04     0.00
  MONTH TO DATE    0.05                      0.21  -0.16     0.06
  SINCE OCT 1      3.36                      7.41  -4.05     7.77
  SINCE JAN 1      2.80                      4.46  -1.66     3.97

SNOWFALL (IN)
  TODAY           MM             0.0  2000   0.0   MM       MM
  MONTH TO DATE   MM                         0.0   MM       MM
  SINCE JUN 1     MM                         0.0   MM       MM
  SINCE JUL 1     MM                         0.0   MM       MM
  SNOW DEPTH      MM

DEGREE DAYS
 HEATING
  TODAY            0                         0      0        0
  MONTH TO DATE    0                         2     -2        0
  SINCE JUN 1     15                        60    -45       35
  SINCE JUL 1      0                         2     -2        0

 COOLING
  TODAY            3                        11     -8       17
  MONTH TO DATE  371                       191    180      287
  SINCE JUN 1    527                       483     44      393
  SINCE JAN 1    585                       630    -45      453
..................................................................


WIND (MPH)
  HIGHEST WIND SPEED    10   HIGHEST WIND DIRECTION     W (280)
  HIGHEST GUST SPEED    22   HIGHEST GUST DIRECTION     W (270)
  AVERAGE WIND SPEED     4.7


SKY COVER
  POSSIBLE SUNSHINE  MM
  AVERAGE SKY COVER 0.8


WEATHER CONDITIONS
 THE FOLLOWING WEATHER WAS RECORDED TODAY.
  LIGHT RAIN


RELATIVE HUMIDITY (PERCENT)
 HIGHEST    73          1100 AM
 LOWEST     41           200 AM
 AVERAGE    57

..........................................................


THE WENATCHEE WA PANGBORN FIELD CLIMATE NORMALS FOR TOMORROW
                         NORMAL    RECORD    YEAR
 MAXIMUM TEMPERATURE (F)   89       107      2006
 MINIMUM TEMPERATURE (F)   63        49      1963


SUNRISE AND SUNSET
JULY 22 2014..........SUNRISE   527 AM PDT   SUNSET   847 PM PDT
JULY 23 2014..........SUNRISE   528 AM PDT   SUNSET   846 PM PDT


-  INDICATES NEGATIVE NUMBERS.
R  INDICATES RECORD WAS SET OR TIED.
MM INDICATES DATA IS MISSING.
T  INDICATES TRACE AMOUNT.




$$
