000
CDUS46 KOTX 240822
CLIEAT


CLIMATE REPORT
NATIONAL WEATHER SERVICE SPOKANE, WA
122 AM PDT TUE MAY 24 2016


...................................

...THE WENATCHEE WA PANGBORN FIELD CLIMATE SUMMARY FOR MAY 23 2016...

CLIMATE NORMAL PERIOD 1981 TO 2010
CLIMATE RECORD PERIOD 1959 TO 2016


WEATHER ITEM   OBSERVED TIME   RECORD YEAR NORMAL DEPARTURE LAST
                VALUE   (LST)  VALUE       VALUE  FROM      YEAR
                                                  NORMAL
..................................................................
TEMPERATURE (F)
 YESTERDAY
  MAXIMUM         71    255 PM  93    2001  73     -2       85
  MINIMUM         50    340 AM  38    1975  51     -1       64
  AVERAGE         61                        62     -1       75

PRECIPITATION (IN)
  YESTERDAY        0.00          0.47 1962   0.03  -0.03      T
  MONTH TO DATE    0.94                      0.46   0.48     1.17
  SINCE OCT 1     10.24                      6.38   3.86     6.83
  SINCE JAN 1      6.38                      3.43   2.95     3.65

SNOWFALL (IN)
  YESTERDAY       MM

DEGREE DAYS
 HEATING
  YESTERDAY        4                         5     -1        0
  MONTH TO DATE   56                       168   -112       74
  SINCE MAR 1    822                      1220   -398      869
  SINCE JUL 1   4695                      5684   -989     4498

 COOLING
  YESTERDAY        0                         2     -2       10
  MONTH TO DATE   25                        20      5       42
  SINCE MAR 1     37                        58    -21       42
  SINCE JAN 1     37                        58    -21       42
..................................................................


WIND (MPH)
  HIGHEST WIND SPEED    24   HIGHEST WIND DIRECTION    NW (310)
  HIGHEST GUST SPEED    30   HIGHEST GUST DIRECTION    NW (310)
  AVERAGE WIND SPEED    15.2


SKY COVER
  POSSIBLE SUNSHINE  MM
  AVERAGE SKY COVER 0.4


WEATHER CONDITIONS
 THE FOLLOWING WEATHER WAS RECORDED YESTERDAY.
  NO SIGNIFICANT WEATHER WAS OBSERVED.


RELATIVE HUMIDITY (PERCENT)
 HIGHEST    55          1200 AM
 LOWEST     29           300 PM
 AVERAGE    42

..........................................................


THE WENATCHEE WA PANGBORN FIELD CLIMATE NORMALS FOR TODAY
                         NORMAL    RECORD    YEAR
 MAXIMUM TEMPERATURE (F)   73        90      2001
                                             1992
 MINIMUM TEMPERATURE (F)   51        35      1975


SUNRISE AND SUNSET
MAY 24 2016...........SUNRISE   514 AM PDT   SUNSET   842 PM PDT
MAY 25 2016...........SUNRISE   513 AM PDT   SUNSET   843 PM PDT


-  INDICATES NEGATIVE NUMBERS.
R  INDICATES RECORD WAS SET OR TIED.
MM INDICATES DATA IS MISSING.
T  INDICATES TRACE AMOUNT.




$$
