000
CDUS46 KOTX 190832
CLIEAT


CLIMATE REPORT
NATIONAL WEATHER SERVICE SPOKANE, WA
1231 AM PST MON FEB 19 2018


...................................

...THE WENATCHEE WA PANGBORN FIELD CLIMATE SUMMARY FOR FEBRUARY 18 2018...

CLIMATE NORMAL PERIOD 1981 TO 2010
CLIMATE RECORD PERIOD 1959 TO 2018


WEATHER ITEM   OBSERVED TIME   RECORD YEAR NORMAL DEPARTURE LAST
                VALUE   (LST)  VALUE       VALUE  FROM      YEAR
                                                  NORMAL
..................................................................
TEMPERATURE (F)
 YESTERDAY
  MAXIMUM         38   1208 AM  62    1977  43     -5       37
  MINIMUM         25   1155 PM   8    1990  28     -3       31
  AVERAGE         32                        35     -3       34

PRECIPITATION (IN)
  YESTERDAY        T             0.46 1999   0.03  -0.03     0.12
  MONTH TO DATE    0.23                      0.53  -0.30     1.29
  SINCE OCT 1      4.39                      4.54  -0.15     5.22
  SINCE JAN 1      1.31                      1.59  -0.28     2.40

SNOWFALL (IN)
  YESTERDAY       MM

DEGREE DAYS
 HEATING
  YESTERDAY       33                        30      3       31
  MONTH TO DATE  469                       566    -97      715
  SINCE DEC 1   2633                      2814   -181     3369
  SINCE JUL 1   4056                      4186   -130     4446

 COOLING
  YESTERDAY        0                         0      0        0
  MONTH TO DATE    0                         0      0        0
  SINCE DEC 1      0                         0      0        0
  SINCE JAN 1      0                         0      0        0
..................................................................


WIND (MPH)
  HIGHEST WIND SPEED    29   HIGHEST WIND DIRECTION    NE (30)
  HIGHEST GUST SPEED    36   HIGHEST GUST DIRECTION    NE (30)
  AVERAGE WIND SPEED     8.5


SKY COVER
  POSSIBLE SUNSHINE  MM
  AVERAGE SKY COVER 0.7


WEATHER CONDITIONS
 THE FOLLOWING WEATHER WAS RECORDED YESTERDAY.
  LIGHT SNOW


RELATIVE HUMIDITY (PERCENT)
 HIGHEST    85           100 AM
 LOWEST     46           900 PM
 AVERAGE    66

..........................................................


THE WENATCHEE WA PANGBORN FIELD CLIMATE NORMALS FOR TODAY
                         NORMAL    RECORD    YEAR
 MAXIMUM TEMPERATURE (F)   43        58      1965
 MINIMUM TEMPERATURE (F)   28        10      1986


SUNRISE AND SUNSET
FEBRUARY 19 2018......SUNRISE   659 AM PST   SUNSET   531 PM PST
FEBRUARY 20 2018......SUNRISE   657 AM PST   SUNSET   532 PM PST


-  INDICATES NEGATIVE NUMBERS.
R  INDICATES RECORD WAS SET OR TIED.
MM INDICATES DATA IS MISSING.
T  INDICATES TRACE AMOUNT.




$$
