000
CDUS46 KOTX 230826
CLIEAT


CLIMATE REPORT
NATIONAL WEATHER SERVICE SPOKANE, WA
126 AM PDT TUE MAY 23 2017


...................................

...THE WENATCHEE WA PANGBORN FIELD CLIMATE SUMMARY FOR MAY 22 2017...

CLIMATE NORMAL PERIOD 1981 TO 2010
CLIMATE RECORD PERIOD 1959 TO 2017


WEATHER ITEM   OBSERVED TIME   RECORD YEAR NORMAL DEPARTURE LAST
                VALUE   (LST)  VALUE       VALUE  FROM      YEAR
                                                  NORMAL
..................................................................
TEMPERATURE (F)
 YESTERDAY
  MAXIMUM         86    456 PM  90    1979  73     13       69
  MINIMUM         54    455 AM  37    1964  50      4       52
  AVERAGE         70                        62      8       61

PRECIPITATION (IN)
  YESTERDAY        0.00          0.55 2013   0.03  -0.03     0.00
  MONTH TO DATE    0.59                      0.43   0.16     0.94
  SINCE OCT 1      9.60                      6.35   3.25    10.24
  SINCE JAN 1      6.78                      3.40   3.38     6.38

SNOWFALL (IN)
  YESTERDAY       MM

DEGREE DAYS
 HEATING
  YESTERDAY        0                         5     -5        4
  MONTH TO DATE  184                       163     21       52
  SINCE MAR 1   1396                      1215    181      818
  SINCE JUL 1   6187                      5679    508     4691

 COOLING
  YESTERDAY        5                         1      4        0
  MONTH TO DATE   11                        18     -7       25
  SINCE MAR 1     11                        56    -45       37
  SINCE JAN 1     11                        56    -45       37
..................................................................


WIND (MPH)
  HIGHEST WIND SPEED    16   HIGHEST WIND DIRECTION    NW (300)
  HIGHEST GUST SPEED    19   HIGHEST GUST DIRECTION    NW (310)
  AVERAGE WIND SPEED     6.8


SKY COVER
  POSSIBLE SUNSHINE  MM
  AVERAGE SKY COVER 0.0


WEATHER CONDITIONS
 THE FOLLOWING WEATHER WAS RECORDED YESTERDAY.
  NO SIGNIFICANT WEATHER WAS OBSERVED.


RELATIVE HUMIDITY (PERCENT)
 HIGHEST    66           500 AM
 LOWEST     17           300 PM
 AVERAGE    42

..........................................................


THE WENATCHEE WA PANGBORN FIELD CLIMATE NORMALS FOR TODAY
                         NORMAL    RECORD    YEAR
 MAXIMUM TEMPERATURE (F)   73        93      2001
 MINIMUM TEMPERATURE (F)   51        38      1975


SUNRISE AND SUNSET
MAY 23 2017...........SUNRISE   515 AM PDT   SUNSET   841 PM PDT
MAY 24 2017...........SUNRISE   514 AM PDT   SUNSET   842 PM PDT


-  INDICATES NEGATIVE NUMBERS.
R  INDICATES RECORD WAS SET OR TIED.
MM INDICATES DATA IS MISSING.
T  INDICATES TRACE AMOUNT.




$$
