000
CDUS46 KOTX 030822
CLIEAT


CLIMATE REPORT
NATIONAL WEATHER SERVICE SPOKANE, WA
122 AM PDT MON AUG 3 2015


...................................

...THE WENATCHEE WA PANGBORN FIELD CLIMATE SUMMARY FOR AUGUST 2 2015...

CLIMATE NORMAL PERIOD 1981 TO 2010
CLIMATE RECORD PERIOD 1959 TO 2015


WEATHER ITEM   OBSERVED TIME   RECORD YEAR NORMAL DEPARTURE LAST
                VALUE   (LST)  VALUE       VALUE  FROM      YEAR
                                                  NORMAL
..................................................................
TEMPERATURE (F)
 YESTERDAY
  MAXIMUM        100    155 PM 103    1961  89     11       96
  MINIMUM         68    508 AM  48    1964  63      5       68
  AVERAGE         84                        76      8       82

PRECIPITATION (IN)
  YESTERDAY        0.00          0.02 2013   0.00   0.00     0.02
                                      2013
                                      2014
  MONTH TO DATE    0.00                      0.01  -0.01     0.02
  SINCE OCT 1      7.15                      7.48  -0.33     3.71
  SINCE JAN 1      3.97                      4.53  -0.56     3.15

SNOWFALL (IN)
  YESTERDAY       MM

DEGREE DAYS
 HEATING
  YESTERDAY        0                         0      0        0
  MONTH TO DATE    0                         0      0        0
  SINCE JUN 1      0                        65    -65       15
  SINCE JUL 1      0                         7     -7        0

 COOLING
  YESTERDAY       19                        11      8       17
  MONTH TO DATE   43                        22     21       37
  SINCE JUN 1    906                       583    323      684
  SINCE JAN 1   1005                       730    275      742
..................................................................


WIND (MPH)
  HIGHEST WIND SPEED    20   HIGHEST WIND DIRECTION    NW (310)
  HIGHEST GUST SPEED    24   HIGHEST GUST DIRECTION    NW (320)
  AVERAGE WIND SPEED     8.4


SKY COVER
  POSSIBLE SUNSHINE  MM
  AVERAGE SKY COVER 0.0


WEATHER CONDITIONS
 THE FOLLOWING WEATHER WAS RECORDED YESTERDAY.
  HAZE


RELATIVE HUMIDITY (PERCENT)
 HIGHEST    33           500 AM
 LOWEST      7           100 PM
 AVERAGE    20

..........................................................


THE WENATCHEE WA PANGBORN FIELD CLIMATE NORMALS FOR TODAY
                         NORMAL    RECORD    YEAR
 MAXIMUM TEMPERATURE (F)   89       107      1961
 MINIMUM TEMPERATURE (F)   63        52      2002


SUNRISE AND SUNSET
AUGUST  3 2015........SUNRISE   541 AM PDT   SUNSET   832 PM PDT
AUGUST  4 2015........SUNRISE   543 AM PDT   SUNSET   830 PM PDT


-  INDICATES NEGATIVE NUMBERS.
R  INDICATES RECORD WAS SET OR TIED.
MM INDICATES DATA IS MISSING.
T  INDICATES TRACE AMOUNT.




$$
