000
CDUS46 KOTX 200834
CLIEAT


CLIMATE REPORT
NATIONAL WEATHER SERVICE SPOKANE, WA
130 AM PDT SUN APR 20 2014


...................................

...THE WENATCHEE WA PANGBORN FIELD CLIMATE SUMMARY FOR APRIL 19 2014...

CLIMATE NORMAL PERIOD 1981 TO 2010
CLIMATE RECORD PERIOD 1959 TO 2014


WEATHER ITEM   OBSERVED TIME   RECORD YEAR NORMAL DEPARTURE LAST
                VALUE   (LST)  VALUE       VALUE  FROM      YEAR
                                                  NORMAL
..................................................................
TEMPERATURE (F)
 YESTERDAY
  MAXIMUM         64    401 PM  76    2010  63      1       66
                                      1983
  MINIMUM         35    527 AM  29    2008  41     -6       46
  AVERAGE         50                        52     -2       56

PRECIPITATION (IN)
  YESTERDAY        T           0.34   1970  0.01  -0.01     0.00
  MONTH TO DATE    0.06                     0.30  -0.24     0.84
  SINCE OCT 1      2.51                     5.76  -3.25     5.79
  SINCE JAN 1      1.95                     2.81  -0.86     1.99

SNOWFALL (IN)
  YESTERDAY       MM                        0.0     MM       MM
  MONTH TO DATE   MM                        0.1     MM       MM
  SINCE MAR 1     MM                        9.9     MM       MM
  SINCE JUL 1     MM                       42.2     MM       MM
  SNOW DEPTH      MM

DEGREE DAYS
 HEATING
  YESTERDAY       15                        13      2        9
  MONTH TO DATE  207                       276    -69      285
  SINCE MAR 1    851                       924    -73      929
  SINCE JUL 1   5421                      5388     33     5056

 COOLING
  YESTERDAY        0                         0      0        0
  MONTH TO DATE    0                         0      0        0
  SINCE MAR 1      0                         2     -2        0
  SINCE JAN 1      0                         2     -2        0
..................................................................


WIND (MPH)
  HIGHEST WIND SPEED    30   HIGHEST WIND DIRECTION     W (270)
  HIGHEST GUST SPEED    37   HIGHEST GUST DIRECTION     W (270)
  AVERAGE WIND SPEED     8.7


SKY COVER
  POSSIBLE SUNSHINE  MM
  AVERAGE SKY COVER 0.2


WEATHER CONDITIONS
 THE FOLLOWING WEATHER WAS RECORDED YESTERDAY.
  NO SIGNIFICANT WEATHER WAS OBSERVED.


RELATIVE HUMIDITY (PERCENT)
 HIGHEST    64           400 AM
 LOWEST     26           100 PM
 AVERAGE    45

..........................................................


THE WENATCHEE WA PANGBORN FIELD CLIMATE NORMALS FOR TODAY
                         NORMAL    RECORD    YEAR
 MAXIMUM TEMPERATURE (F)   63        83      2009
 MINIMUM TEMPERATURE (F)   41        27      1961


SUNRISE AND SUNSET
APRIL 20 2014.........SUNRISE   603 AM PDT   SUNSET   757 PM PDT
APRIL 21 2014.........SUNRISE   601 AM PDT   SUNSET   759 PM PDT


-  INDICATES NEGATIVE NUMBERS.
R  INDICATES RECORD WAS SET OR TIED.
MM INDICATES DATA IS MISSING.
T  INDICATES TRACE AMOUNT.

$$
