395
CDUS46 KOTX 190823
CLIEAT


CLIMATE REPORT
NATIONAL WEATHER SERVICE SPOKANE, WA
1223 AM PST SUN FEB 19 2017


...................................

...THE WENATCHEE WA PANGBORN FIELD CLIMATE SUMMARY FOR FEBRUARY 18 2017...

CLIMATE NORMAL PERIOD 1981 TO 2010
CLIMATE RECORD PERIOD 1959 TO 2017


WEATHER ITEM   OBSERVED TIME   RECORD YEAR NORMAL DEPARTURE LAST
                VALUE   (LST)  VALUE       VALUE  FROM      YEAR
                                                  NORMAL
..................................................................
TEMPERATURE (F)
 YESTERDAY
  MAXIMUM         37    447 PM  62    1977  43     -6       52
  MINIMUM         31    248 AM   8    1990  28      3       38
  AVERAGE         34                        35     -1       45

PRECIPITATION (IN)
  YESTERDAY        0.12          0.46 1999   0.03   0.09     0.01
  MONTH TO DATE    1.29                      0.53   0.76     0.30
  SINCE OCT 1      5.22                      4.54   0.68     6.38
  SINCE JAN 1      2.40                      1.59   0.81     2.52

SNOWFALL (IN)
  YESTERDAY       MM

DEGREE DAYS
 HEATING
  YESTERDAY       31                        30      1       20
  MONTH TO DATE  715                       566    149      510
  SINCE DEC 1   3369                      2814    555     2563
  SINCE JUL 1   4446                      4186    260     3628

 COOLING
  YESTERDAY        0                         0      0        0
  MONTH TO DATE    0                         0      0        0
  SINCE DEC 1      0                         0      0        0
  SINCE JAN 1      0                         0      0        0
..................................................................


WIND (MPH)
  HIGHEST WIND SPEED    10   HIGHEST WIND DIRECTION     W (290)
  HIGHEST GUST SPEED    12   HIGHEST GUST DIRECTION     W (290)
  AVERAGE WIND SPEED     2.2


SKY COVER
  POSSIBLE SUNSHINE  MM
  AVERAGE SKY COVER 1.0


WEATHER CONDITIONS
 THE FOLLOWING WEATHER WAS RECORDED YESTERDAY.
  LIGHT RAIN
  LIGHT SNOW
  FOG


RELATIVE HUMIDITY (PERCENT)
 HIGHEST   100           800 AM
 LOWEST     92          1200 AM
 AVERAGE    96

..........................................................


THE WENATCHEE WA PANGBORN FIELD CLIMATE NORMALS FOR TODAY
                         NORMAL    RECORD    YEAR
 MAXIMUM TEMPERATURE (F)   43        58      1965
 MINIMUM TEMPERATURE (F)   28        10      1986


SUNRISE AND SUNSET
FEBRUARY 19 2017......SUNRISE   659 AM PST   SUNSET   531 PM PST
FEBRUARY 20 2017......SUNRISE   657 AM PST   SUNSET   533 PM PST


-  INDICATES NEGATIVE NUMBERS.
R  INDICATES RECORD WAS SET OR TIED.
MM INDICATES DATA IS MISSING.
T  INDICATES TRACE AMOUNT.




$$
