000
CDUS46 KOTX 240823
CLIEAT


CLIMATE REPORT
NATIONAL WEATHER SERVICE SPOKANE, WA
123 AM PDT MON APR 24 2017


...................................

...THE WENATCHEE WA PANGBORN FIELD CLIMATE SUMMARY FOR APRIL 23 2017...

CLIMATE NORMAL PERIOD 1981 TO 2010
CLIMATE RECORD PERIOD 1959 TO 2017


WEATHER ITEM   OBSERVED TIME   RECORD YEAR NORMAL DEPARTURE LAST
                VALUE   (LST)  VALUE       VALUE  FROM      YEAR
                                                  NORMAL
..................................................................
TEMPERATURE (F)
 YESTERDAY
  MAXIMUM         61    313 PM  87    2012  64     -3       71
                                      1977
  MINIMUM         43    608 AM  30    1985  42      1       53
  AVERAGE         52                        53     -1       62

PRECIPITATION (IN)
  YESTERDAY        0.01          0.84 1960   0.02  -0.01     0.00
  MONTH TO DATE    2.15                      0.36   1.79     0.50
  SINCE OCT 1      9.01                      5.82   3.19     9.30
  SINCE JAN 1      6.19                      2.87   3.32     5.44

SNOWFALL (IN)
  YESTERDAY       MM

DEGREE DAYS
 HEATING
  YESTERDAY       13                        12      1        3
  MONTH TO DATE  382                       325     57      135
  SINCE MAR 1   1120                       973    147      721
  SINCE JUL 1   5911                      5437    474     4594

 COOLING
  YESTERDAY        0                         0      0        0
  MONTH TO DATE    0                         0      0       12
  SINCE MAR 1      0                         2     -2       12
  SINCE JAN 1      0                         2     -2       12
..................................................................


WIND (MPH)
  HIGHEST WIND SPEED    20   HIGHEST WIND DIRECTION     W (250)
  HIGHEST GUST SPEED    24   HIGHEST GUST DIRECTION     W (250)
  AVERAGE WIND SPEED     6.6


SKY COVER
  POSSIBLE SUNSHINE  MM
  AVERAGE SKY COVER 0.3


WEATHER CONDITIONS
 THE FOLLOWING WEATHER WAS RECORDED YESTERDAY.
  LIGHT RAIN


RELATIVE HUMIDITY (PERCENT)
 HIGHEST    76           300 AM
 LOWEST     37           200 PM
 AVERAGE    57

..........................................................


THE WENATCHEE WA PANGBORN FIELD CLIMATE NORMALS FOR TODAY
                         NORMAL    RECORD    YEAR
 MAXIMUM TEMPERATURE (F)   64        93      1977
 MINIMUM TEMPERATURE (F)   42        28      1985


SUNRISE AND SUNSET
APRIL 24 2017.........SUNRISE   555 AM PDT   SUNSET   803 PM PDT
APRIL 25 2017.........SUNRISE   554 AM PDT   SUNSET   805 PM PDT


-  INDICATES NEGATIVE NUMBERS.
R  INDICATES RECORD WAS SET OR TIED.
MM INDICATES DATA IS MISSING.
T  INDICATES TRACE AMOUNT.




$$
