000
CDUS43 KMPX 290652
CLIEAU


CLIMATE REPORT
NATIONAL WEATHER SERVICE CHANHASSEN MN
152 AM CDT THU JUN 29 2017


...................................

...THE EAU CLAIRE WI CLIMATE SUMMARY FOR JUNE 28 2017...

CLIMATE NORMAL PERIOD 1981 TO 2010
CLIMATE RECORD PERIOD 1893 TO 2017


WEATHER ITEM   OBSERVED TIME   RECORD YEAR NORMAL DEPARTURE LAST
                VALUE   (LST)  VALUE       VALUE  FROM      YEAR
                                                  NORMAL
..................................................................
TEMPERATURE (F)
 YESTERDAY
  MAXIMUM         74    331 PM 101    1931  82     -8       74
  MINIMUM         62    827 AM  41    1895  59      3       54
  AVERAGE         68                        70     -2       64

PRECIPITATION (IN)
  YESTERDAY        0.28          2.13 1901   0.14   0.14     0.00
  MONTH TO DATE    5.30                      3.86   1.44     6.05
  SINCE JUN 1      5.30                      3.86   1.44     6.05
  SINCE JAN 1     19.80                     13.50   6.30    18.24

SNOWFALL (IN)
  YESTERDAY        0.0           0.0    MM   0.0    0.0      0.0
  MONTH TO DATE    0.0                       0.0    0.0      0.0
  SINCE JUN 1      0.0                       0.0    0.0      0.0
  SINCE JUL 1     54.5                      46.8    7.7     38.0
  SNOW DEPTH       0

DEGREE DAYS
 HEATING
  YESTERDAY        0                         1     -1        1
  MONTH TO DATE   37                        60    -23       30
  SINCE JUN 1     37                        60    -23       30
  SINCE JUL 1   7006                      7957   -951     6841

 COOLING
  YESTERDAY        3                         6     -3        0
  MONTH TO DATE  101                       108     -7      125
  SINCE JUN 1    101                       108     -7      125
  SINCE JAN 1    109                       140    -31      165
..................................................................


WIND (MPH)
  HIGHEST WIND SPEED    20   HIGHEST WIND DIRECTION     S (170)
  HIGHEST GUST SPEED    27   HIGHEST GUST DIRECTION     S (170)
  AVERAGE WIND SPEED    11.0


SKY COVER
  POSSIBLE SUNSHINE  MM
  AVERAGE SKY COVER 0.5


WEATHER CONDITIONS
 THE FOLLOWING WEATHER WAS RECORDED YESTERDAY.
  THUNDERSTORM
  HEAVY RAIN
  RAIN
  LIGHT RAIN
  FOG


RELATIVE HUMIDITY (PERCENT)
 HIGHEST    93          1000 AM
 LOWEST     56           100 AM
 AVERAGE    75

..........................................................


THE EAU CLAIRE WI CLIMATE NORMALS FOR TODAY
                         NORMAL    RECORD    YEAR
 MAXIMUM TEMPERATURE (F)   82       102      1931
 MINIMUM TEMPERATURE (F)   59        44      2007
                                             1925


SUNRISE AND SUNSET
JUNE 29 2017..........SUNRISE   523 AM CDT   SUNSET   856 PM CDT
JUNE 30 2017..........SUNRISE   523 AM CDT   SUNSET   856 PM CDT


-  INDICATES NEGATIVE NUMBERS.
R  INDICATES RECORD WAS SET OR TIED.
MM INDICATES DATA IS MISSING.
T  INDICATES TRACE AMOUNT.




$$
