000
CDUS43 KMPX 240642
CLIEAU


CLIMATE REPORT
NATIONAL WEATHER SERVICE CHANHASSEN MN
1241 AM CST MON NOV 24 2014


...................................

...THE EAU CLAIRE WI CLIMATE SUMMARY FOR NOVEMBER 23 2014...

CLIMATE NORMAL PERIOD 1981 TO 2010
CLIMATE RECORD PERIOD 1893 TO 2014


WEATHER ITEM   OBSERVED TIME   RECORD YEAR NORMAL DEPARTURE LAST
                VALUE   (LST)  VALUE       VALUE  FROM      YEAR
                                                  NORMAL
..................................................................
TEMPERATURE (F)
 YESTERDAY
  MAXIMUM         50    104 PM  59    2001  37     13       19
  MINIMUM         37   1216 AM  -9    1956  21     16        5
  AVERAGE         44                        29     15       12

PRECIPITATION (IN)
  YESTERDAY        0.07          1.10 1983   0.06   0.01      T
  MONTH TO DATE    1.27                      1.45  -0.18     1.32
  SINCE SEP 1      9.16                      7.47   1.69     6.73
  SINCE JAN 1     41.83                     29.59  12.24    34.37

SNOWFALL (IN)
  YESTERDAY        0.0           6.2  1991   0.3   -0.3       T
  MONTH TO DATE    9.4                       4.0    5.4      2.1
  SINCE SEP 1     10.0                       4.4    5.6      2.1
  SINCE JUL 1     10.0                       4.4    5.6      2.1
  SNOW DEPTH       2

DEGREE DAYS
 HEATING
  YESTERDAY       21                        36    -15       53
  MONTH TO DATE  880                       692    188      723
  SINCE SEP 1   1633                      1437    196     1403
  SINCE JUL 1   1656                      1476    180     1441

 COOLING
  YESTERDAY        0                         0      0        0
  MONTH TO DATE    0                         0      0        0
  SINCE SEP 1     22                        52    -30       87
  SINCE JAN 1    500                       579    -79      653
..................................................................


WIND (MPH)
  HIGHEST WIND SPEED    15   HIGHEST WIND DIRECTION     S (170)
  HIGHEST GUST SPEED    19   HIGHEST GUST DIRECTION     S (180)
  AVERAGE WIND SPEED     7.3


SKY COVER
  POSSIBLE SUNSHINE  MM
  AVERAGE SKY COVER 1.0


WEATHER CONDITIONS
 THE FOLLOWING WEATHER WAS RECORDED YESTERDAY.
  LIGHT RAIN
  FOG
  FOG W/VISIBILITY <= 1/4 MILE


RELATIVE HUMIDITY (PERCENT)
 HIGHEST   100          1200 AM
 LOWEST     92           100 AM
 AVERAGE    96

..........................................................


THE EAU CLAIRE WI CLIMATE NORMALS FOR TODAY
                         NORMAL    RECORD    YEAR
 MAXIMUM TEMPERATURE (F)   36        61      1931
 MINIMUM TEMPERATURE (F)   20       -12      1898


SUNRISE AND SUNSET
NOVEMBER 24 2014......SUNRISE   715 AM CST   SUNSET   430 PM CST
NOVEMBER 25 2014......SUNRISE   716 AM CST   SUNSET   429 PM CST


-  INDICATES NEGATIVE NUMBERS.
R  INDICATES RECORD WAS SET OR TIED.
MM INDICATES DATA IS MISSING.
T  INDICATES TRACE AMOUNT.




$$
