000
CDUS43 KMPX 030630
CLIEAU


CLIMATE REPORT
NATIONAL WEATHER SERVICE CHANHASSEN MN
1227 AM CST TUE MAR 3 2015


...................................

...THE EAU CLAIRE WI CLIMATE SUMMARY FOR MARCH 2 2015...

CLIMATE NORMAL PERIOD 1981 TO 2010
CLIMATE RECORD PERIOD 1893 TO 2015


WEATHER ITEM   OBSERVED TIME   RECORD YEAR NORMAL DEPARTURE LAST
                VALUE   (LST)  VALUE       VALUE  FROM      YEAR
                                                  NORMAL
..................................................................
TEMPERATURE (F)
 YESTERDAY
  MAXIMUM         26    359 PM  58    1923  35     -9        1
  MINIMUM          0    655 AM -20    1913  16    -16      -18
  AVERAGE         13                        25    -12       -8

PRECIPITATION (IN)
  YESTERDAY        0.00          0.75 1951   0.04  -0.04     0.00
  MONTH TO DATE    T                         0.08  -0.08     0.00
  SINCE MAR 1      T                         0.08  -0.08     0.00
  SINCE JAN 1      0.59                      1.78  -1.19     3.20

SNOWFALL (IN)
  YESTERDAY        0.0           5.0  1951   0.3   -0.3      0.0
  MONTH TO DATE    T                         0.6   -0.6      0.0
  SINCE MAR 1      T                         0.6   -0.6      0.0
  SINCE JUL 1     30.8                      36.9   -6.1     61.7
  SNOW DEPTH       4

DEGREE DAYS
 HEATING
  YESTERDAY       52                        40     12       73
  MONTH TO DATE   98                        80     18      135
  SINCE MAR 1     98                        80     18      135
  SINCE JUL 1   6451                      6101    350     7027

 COOLING
  YESTERDAY        0                         0      0        0
  MONTH TO DATE    0                         0      0        0
  SINCE MAR 1      0                         0      0        0
  SINCE JAN 1      0                         0      0        0
..................................................................


WIND (MPH)
  HIGHEST WIND SPEED    14   HIGHEST WIND DIRECTION     S (180)
  HIGHEST GUST SPEED    17   HIGHEST GUST DIRECTION    NW (310)
  AVERAGE WIND SPEED     6.4


SKY COVER
  POSSIBLE SUNSHINE  MM
  AVERAGE SKY COVER 0.2


WEATHER CONDITIONS
 THE FOLLOWING WEATHER WAS RECORDED YESTERDAY.
  NO SIGNIFICANT WEATHER WAS OBSERVED.


RELATIVE HUMIDITY (PERCENT)
 HIGHEST    87           600 AM
 LOWEST     38           300 PM
 AVERAGE    63

..........................................................


THE EAU CLAIRE WI CLIMATE NORMALS FOR TODAY
                         NORMAL    RECORD    YEAR
 MAXIMUM TEMPERATURE (F)   35        58      1894
                                             1946
 MINIMUM TEMPERATURE (F)   16       -21      2014


SUNRISE AND SUNSET
MARCH  3 2015.........SUNRISE   640 AM CST   SUNSET   556 PM CST
MARCH  4 2015.........SUNRISE   639 AM CST   SUNSET   557 PM CST


-  INDICATES NEGATIVE NUMBERS.
R  INDICATES RECORD WAS SET OR TIED.
MM INDICATES DATA IS MISSING.
T  INDICATES TRACE AMOUNT.




$$
