000
CDUS43 KMPX 230711
CLIEAU


CLIMATE REPORT
NATIONAL WEATHER SERVICE CHANHASSEN MN
211 AM CDT WED APR 23 2014


...................................

...THE EAU CLAIRE WI CLIMATE SUMMARY FOR APRIL 22 2014...

CLIMATE NORMAL PERIOD 1981 TO 2010
CLIMATE RECORD PERIOD 1893 TO 2014


WEATHER ITEM   OBSERVED TIME   RECORD YEAR NORMAL DEPARTURE LAST
                VALUE   (LST)  VALUE       VALUE  FROM      YEAR
                                                  NORMAL
..................................................................
TEMPERATURE (F)
 YESTERDAY
  MAXIMUM         57    427 PM  90    1980  61     -4       45
  MINIMUM         31   1132 PM  19    1986  37     -6       33
  AVERAGE         44                        49     -5       39

PRECIPITATION (IN)
  YESTERDAY        0.00          0.90 1925   0.09  -0.09     0.58
  MONTH TO DATE    2.67                      1.90   0.77     5.02
  SINCE MAR 1      3.40                      3.63  -0.23     7.84
  SINCE JAN 1      6.60                      5.33   1.27    10.41

SNOWFALL (IN)
  YESTERDAY        0.0           4.9  2002   0.1   -0.1       T
  MONTH TO DATE    9.1                       1.7    7.4      8.6
  SINCE MAR 1     13.1                      10.3    2.8     32.3
  SINCE JUL 1     74.8                      46.6   28.2     74.8
  SNOW DEPTH       0

DEGREE DAYS
 HEATING
  YESTERDAY       21                        16      5       26
  MONTH TO DATE  527                       462     65      692
  SINCE MAR 1   1811                      1506    305     1961
  SINCE JUL 1   8703                      7527   1176     7820

 COOLING
  YESTERDAY        0                         0      0        0
  MONTH TO DATE    0                         0      0        0
  SINCE MAR 1      0                         0      0        0
  SINCE JAN 1      0                         0      0        0
..................................................................


WIND (MPH)
  HIGHEST WIND SPEED    18   HIGHEST WIND DIRECTION    NW (330)
  HIGHEST GUST SPEED    25   HIGHEST GUST DIRECTION    NW (310)
  AVERAGE WIND SPEED     8.0


SKY COVER
  POSSIBLE SUNSHINE  MM
  AVERAGE SKY COVER 0.0


WEATHER CONDITIONS
 THE FOLLOWING WEATHER WAS RECORDED YESTERDAY.
  NO SIGNIFICANT WEATHER WAS OBSERVED.


RELATIVE HUMIDITY (PERCENT)
 HIGHEST    70           300 AM
 LOWEST     24           300 PM
 AVERAGE    47

..........................................................


THE EAU CLAIRE WI CLIMATE NORMALS FOR TODAY
                         NORMAL    RECORD    YEAR
 MAXIMUM TEMPERATURE (F)   62        86      1960
 MINIMUM TEMPERATURE (F)   37        18      1893


SUNRISE AND SUNSET
APRIL 23 2014.........SUNRISE   608 AM CDT   SUNSET   801 PM CDT
APRIL 24 2014.........SUNRISE   606 AM CDT   SUNSET   803 PM CDT


-  INDICATES NEGATIVE NUMBERS.
R  INDICATES RECORD WAS SET OR TIED.
MM INDICATES DATA IS MISSING.
T  INDICATES TRACE AMOUNT.




$$
