000
CDUS42 KAKQ 250550
CLIECG


CLIMATE REPORT
NATIONAL WEATHER SERVICE WAKEFIELD, VA
150 AM EDT MON MAY 25 2015


...................................

...THE ELIZABETH CITY NC CLIMATE SUMMARY FOR MAY 24 2015...

CLIMATE NORMAL PERIOD 1981 TO 2010
CLIMATE RECORD PERIOD 1934 TO 2015


WEATHER ITEM   OBSERVED TIME   RECORD YEAR NORMAL DEPARTURE LAST
                VALUE   (LST)  VALUE       VALUE  FROM      YEAR
                                                  NORMAL
..................................................................
TEMPERATURE (F)
 YESTERDAY
  MAXIMUM         78    333 PM  95    2011  79     -1       74
  MINIMUM         54    149 AM  46    2006  59     -5       56
  AVERAGE         66                        69     -3       65

PRECIPITATION (IN)
  YESTERDAY        0.00          2.67 1977   0.13  -0.13     0.15
  MONTH TO DATE    3.42                      2.67   0.75     2.29
  SINCE MAR 1     10.50                      9.79   0.71    10.78
  SINCE JAN 1     17.30                     16.23   1.07    14.92

SNOWFALL (IN)
  YESTERDAY        0.0           0.0  2002  MM     MM
  MONTH TO DATE    0.0                      MM     MM
  SINCE NOV 1      T                        MM     MM
  SINCE JUL 1      T                        MM     MM
  SNOW DEPTH       0

DEGREE DAYS
 HEATING
  YESTERDAY        0                         1     -1        0
  MONTH TO DATE   29                        62    -33       22
  SINCE MAR 1    701                       751    -50      760
  SINCE JUL 1   3235                      3223     12     3335

 COOLING
  YESTERDAY        1                         5     -4        0
  MONTH TO DATE  107                        79     28      137
  SINCE MAR 1    140                       119     21      166
  SINCE JAN 1    142                       121     21      166
..................................................................


WIND (MPH)
  HIGHEST WIND SPEED    16   HIGHEST WIND DIRECTION    SE (130)
  HIGHEST GUST SPEED    19   HIGHEST GUST DIRECTION    SE (120)
  AVERAGE WIND SPEED     6.9


SKY COVER
  POSSIBLE SUNSHINE  MM
  AVERAGE SKY COVER 0.0


WEATHER CONDITIONS
 THE FOLLOWING WEATHER WAS RECORDED YESTERDAY.
  NO SIGNIFICANT WEATHER WAS OBSERVED.


RELATIVE HUMIDITY (PERCENT)
 HIGHEST    93           200 AM
 LOWEST     47           400 PM
 AVERAGE    70

..........................................................


THE ELIZABETH CITY NC CLIMATE NORMALS FOR TODAY
                         NORMAL    RECORD    YEAR
 MAXIMUM TEMPERATURE (F)   79        95      1933
 MINIMUM TEMPERATURE (F)   60        43      2013


SUNRISE AND SUNSET
MAY 25 2015...........SUNRISE   552 AM EDT   SUNSET   812 PM EDT
MAY 26 2015...........SUNRISE   551 AM EDT   SUNSET   813 PM EDT


-  INDICATES NEGATIVE NUMBERS.
R  INDICATES RECORD WAS SET OR TIED.
MM INDICATES DATA IS MISSING.
T  INDICATES TRACE AMOUNT.




$$
