000
CDUS42 KAKQ 240645
CLIECG


CLIMATE REPORT
NATIONAL WEATHER SERVICE WAKEFIELD, VA
145 AM EST FRI FEB 24 2017


...................................

...THE ELIZABETH CITY NC CLIMATE SUMMARY FOR FEBRUARY 23 2017...

CLIMATE NORMAL PERIOD 1981 TO 2010
CLIMATE RECORD PERIOD 1934 TO 2017


WEATHER ITEM   OBSERVED TIME   RECORD YEAR NORMAL DEPARTURE LAST
                VALUE   (LST)  VALUE       VALUE  FROM      YEAR
                                                  NORMAL
..................................................................
TEMPERATURE (F)
 YESTERDAY
  MAXIMUM         71    130 PM  77    1975  55     16       57
  MINIMUM         51   1112 PM  13    1936  35     16       46
  AVERAGE         61                        45     16       52

PRECIPITATION (IN)
  YESTERDAY        T             1.80 1971   0.11  -0.11     0.52
  MONTH TO DATE    0.91                      2.63  -1.72     4.43
  SINCE DEC 1      7.27                      8.45  -1.18    11.35
  SINCE JAN 1      4.60                      5.89  -1.29     7.34

SNOWFALL (IN)
  YESTERDAY        0.0           T    1947  MM     MM
  MONTH TO DATE    0.0                      MM     MM
  SINCE NOV 1      1.2                      MM     MM
  SINCE JUL 1      1.2                      MM     MM
  SNOW DEPTH       0

DEGREE DAYS
 HEATING
  YESTERDAY        4                        20    -16       13
  MONTH TO DATE  363                       488   -125      493
  SINCE DEC 1   1570                      1860   -290     1469
  SINCE JUL 1   2060                      2375   -315     1825

 COOLING
  YESTERDAY        0                         0      0        0
  MONTH TO DATE    3                         0      3        0
  SINCE DEC 1      3                         3      0       31
  SINCE JAN 1      3                         1      2        0
..................................................................


WIND (MPH)
  HIGHEST WIND SPEED    16   HIGHEST WIND DIRECTION    SE (130)
  HIGHEST GUST SPEED    18   HIGHEST GUST DIRECTION    SE (120)
  AVERAGE WIND SPEED     4.5


SKY COVER
  POSSIBLE SUNSHINE  MM
  AVERAGE SKY COVER 0.4


WEATHER CONDITIONS
 THE FOLLOWING WEATHER WAS RECORDED YESTERDAY.
  LIGHT RAIN


RELATIVE HUMIDITY (PERCENT)
 HIGHEST    93           200 AM
 LOWEST     57           100 PM
 AVERAGE    75

..........................................................


THE ELIZABETH CITY NC CLIMATE NORMALS FOR TODAY
                         NORMAL    RECORD    YEAR
 MAXIMUM TEMPERATURE (F)   55        79      1985
 MINIMUM TEMPERATURE (F)   35        19      1947


SUNRISE AND SUNSET
FEBRUARY 24 2017......SUNRISE   641 AM EST   SUNSET   555 PM EST
FEBRUARY 25 2017......SUNRISE   640 AM EST   SUNSET   556 PM EST


-  INDICATES NEGATIVE NUMBERS.
R  INDICATES RECORD WAS SET OR TIED.
MM INDICATES DATA IS MISSING.
T  INDICATES TRACE AMOUNT.




$$
