000
CDUS42 KAKQ 020827
CLIECG


CLIMATE REPORT
NATIONAL WEATHER SERVICE WAKEFIELD, VA
426 AM EDT SAT AUG 2 2014


...................................

...THE ELIZABETH CITY NC CLIMATE SUMMARY FOR AUGUST 1 2014...

CLIMATE NORMAL PERIOD 1981 TO 2010
CLIMATE RECORD PERIOD 1934 TO 2014


WEATHER ITEM   OBSERVED TIME   RECORD YEAR NORMAL DEPARTURE LAST
                VALUE   (LST)  VALUE       VALUE  FROM      YEAR
                                                  NORMAL
..................................................................
TEMPERATURE (F)
 YESTERDAY
  MAXIMUM         77   1214 PM 103    1980  87    -10       82
  MINIMUM         70    314 PM  58    1997  70      0       71
  AVERAGE         74                        79     -5       77

PRECIPITATION (IN)
  YESTERDAY        0.62          1.30 1987   0.21   0.41     1.15
  MONTH TO DATE    0.62                      0.21   0.41     1.15
  SINCE JUN 1      9.83                     10.36  -0.53    14.25
  SINCE JAN 1     24.79                     27.53  -2.74    24.92

SNOWFALL (IN)
  YESTERDAY        0.0           0.0  2002  MM     MM
  MONTH TO DATE    0.0                      MM     MM
  SINCE NOV 1     10.2                      MM     MM
  SINCE JUL 1      0.0                      MM     MM
  SNOW DEPTH       0

DEGREE DAYS
 HEATING
  YESTERDAY        0                         0      0        0
  MONTH TO DATE    0                         0      0        0
  SINCE JUN 1      5                         3      2        0
  SINCE JUL 1      0                         0      0        0

 COOLING
  YESTERDAY        9                        14     -5       12
  MONTH TO DATE    9                        14     -5       12
  SINCE JUN 1    694                       754    -60      832
  SINCE JAN 1    903                       918    -15     1038
..................................................................


WIND (MPH)
  HIGHEST WIND SPEED    17   HIGHEST WIND DIRECTION    NE (60)
  HIGHEST GUST SPEED    22   HIGHEST GUST DIRECTION    NE (60)
  AVERAGE WIND SPEED     7.6


SKY COVER
  POSSIBLE SUNSHINE  MM
  AVERAGE SKY COVER 0.5


WEATHER CONDITIONS
 THE FOLLOWING WEATHER WAS RECORDED YESTERDAY.
  HEAVY RAIN
  RAIN
  LIGHT RAIN
  FOG


RELATIVE HUMIDITY (PERCENT)
 HIGHEST    93           600 PM
 LOWEST     79          1200 AM
 AVERAGE    86

..........................................................


THE ELIZABETH CITY NC CLIMATE NORMALS FOR TODAY
                         NORMAL    RECORD    YEAR
 MAXIMUM TEMPERATURE (F)   87        97      1942
 MINIMUM TEMPERATURE (F)   70        58      1936


SUNRISE AND SUNSET
AUGUST  2 2014........SUNRISE   612 AM EDT   SUNSET   809 PM EDT
AUGUST  3 2014........SUNRISE   613 AM EDT   SUNSET   808 PM EDT


-  INDICATES NEGATIVE NUMBERS.
R  INDICATES RECORD WAS SET OR TIED.
MM INDICATES DATA IS MISSING.
T  INDICATES TRACE AMOUNT.




$$
