000
CDUS42 KAKQ 270642
CLIECG


CLIMATE REPORT
NATIONAL WEATHER SERVICE WAKEFIELD, VA
141 AM EST FRI FEB 27 2015


...................................

...THE ELIZABETH CITY NC CLIMATE SUMMARY FOR FEBRUARY 26 2015...

CLIMATE NORMAL PERIOD 1981 TO 2010
CLIMATE RECORD PERIOD 1934 TO 2015


WEATHER ITEM   OBSERVED TIME   RECORD YEAR NORMAL DEPARTURE LAST
                VALUE   (LST)  VALUE       VALUE  FROM      YEAR
                                                  NORMAL
..................................................................
TEMPERATURE (F)
 YESTERDAY
  MAXIMUM         35    555 AM  81    1977  56    -21       41
  MINIMUM         31    912 PM  16    1967  36     -5       34
  AVERAGE         33                        46    -13       38

PRECIPITATION (IN)
  YESTERDAY        0.72          1.67 1957   0.11   0.61      T
  MONTH TO DATE    2.64                      2.96  -0.32     1.97
  SINCE DEC 1      9.79                      8.78   1.01     9.29
  SINCE JAN 1      6.65                      6.22   0.43     4.14

SNOWFALL (IN)
  YESTERDAY       MM            MM      MM  MM     MM
  MONTH TO DATE    T                        MM     MM
  SINCE NOV 1      T                        MM     MM
  SINCE JUL 1      T                        MM     MM
  SNOW DEPTH      MM

DEGREE DAYS
 HEATING
  YESTERDAY       32                        19     13       27
  MONTH TO DATE  804                       546    258      544
  SINCE DEC 1   1956                      1918     38     1952
  SINCE JUL 1   2471                      2433     38     2515

 COOLING
  YESTERDAY        0                         0      0        0
  MONTH TO DATE    0                         0      0        0
  SINCE DEC 1      2                         3     -1       14
  SINCE JAN 1      2                         1      1        0
..................................................................


WIND (MPH)
  HIGHEST WIND SPEED    31   HIGHEST WIND DIRECTION     N (10)
  HIGHEST GUST SPEED    38   HIGHEST GUST DIRECTION     N (10)
  AVERAGE WIND SPEED    17.1


SKY COVER
  POSSIBLE SUNSHINE  MM
  AVERAGE SKY COVER  MM


WEATHER CONDITIONS
 THE FOLLOWING WEATHER WAS RECORDED YESTERDAY.
  LIGHT RAIN
  LIGHT SNOW


RELATIVE HUMIDITY (PERCENT)
 HIGHEST    MM
 LOWEST     MM
 AVERAGE    MM

..........................................................


THE ELIZABETH CITY NC CLIMATE NORMALS FOR TODAY
                         NORMAL    RECORD    YEAR
 MAXIMUM TEMPERATURE (F)   56        82      1997
 MINIMUM TEMPERATURE (F)   36        17      1934


SUNRISE AND SUNSET
FEBRUARY 27 2015......SUNRISE   638 AM EST   SUNSET   557 PM EST
FEBRUARY 28 2015......SUNRISE   637 AM EST   SUNSET   558 PM EST


-  INDICATES NEGATIVE NUMBERS.
R  INDICATES RECORD WAS SET OR TIED.
MM INDICATES DATA IS MISSING.
T  INDICATES TRACE AMOUNT.




$$
