000
CDUS42 KAKQ 050550
CLIECG


CLIMATE REPORT
NATIONAL WEATHER SERVICE WAKEFIELD, VA
150 AM EDT SAT SEP 5 2015


...................................

...THE ELIZABETH CITY NC CLIMATE SUMMARY FOR SEPTEMBER 4 2015...

CLIMATE NORMAL PERIOD 1981 TO 2010
CLIMATE RECORD PERIOD 1934 TO 2015


WEATHER ITEM   OBSERVED TIME   RECORD YEAR NORMAL DEPARTURE LAST
                VALUE   (LST)  VALUE       VALUE  FROM      YEAR
                                                  NORMAL
..................................................................
TEMPERATURE (F)
 YESTERDAY
  MAXIMUM         90   1236 PM  98    1944  84      6       87
  MINIMUM         69    547 AM  52    1997  66      3       72
  AVERAGE         80                        75      5       80

PRECIPITATION (IN)
  YESTERDAY        T             2.83 1999   0.13  -0.13     0.33
  MONTH TO DATE    0.10                      0.57  -0.47     0.44
  SINCE SEP 1      0.10                      0.57  -0.47     0.44
  SINCE JAN 1     30.28                     34.53  -4.25    27.88

SNOWFALL (IN)
  YESTERDAY        0.0           0.0  2002  MM     MM
  MONTH TO DATE    0.0                      MM     MM
  SINCE NOV 1      T                        MM     MM
  SINCE JUL 1      0.0                      MM     MM
  SNOW DEPTH       0

DEGREE DAYS
 HEATING
  YESTERDAY        0                         0      0        0
  MONTH TO DATE    0                         0      0        0
  SINCE SEP 1      0                         0      0        0
  SINCE JUL 1      0                         0      0        0

 COOLING
  YESTERDAY       15                        10      5       15
  MONTH TO DATE   58                        42     16       71
  SINCE SEP 1     58                        42     16       71
  SINCE JAN 1   1498                      1338    160     1314
..................................................................


WIND (MPH)
  HIGHEST WIND SPEED    18   HIGHEST WIND DIRECTION    NE (40)
  HIGHEST GUST SPEED    21   HIGHEST GUST DIRECTION    NE (60)
  AVERAGE WIND SPEED     7.4


SKY COVER
  POSSIBLE SUNSHINE  MM
  AVERAGE SKY COVER 0.0


WEATHER CONDITIONS
 THE FOLLOWING WEATHER WAS RECORDED YESTERDAY.
  LIGHT RAIN
  FOG
  HAZE


RELATIVE HUMIDITY (PERCENT)
 HIGHEST   100           400 AM
 LOWEST     59          1200 PM
 AVERAGE    80

..........................................................


THE ELIZABETH CITY NC CLIMATE NORMALS FOR TODAY
                         NORMAL    RECORD    YEAR
 MAXIMUM TEMPERATURE (F)   84        96      1985
 MINIMUM TEMPERATURE (F)   66        48      1997


SUNRISE AND SUNSET
SEPTEMBER  5 2015.....SUNRISE   639 AM EDT   SUNSET   727 PM EDT
SEPTEMBER  6 2015.....SUNRISE   640 AM EDT   SUNSET   726 PM EDT


-  INDICATES NEGATIVE NUMBERS.
R  INDICATES RECORD WAS SET OR TIED.
MM INDICATES DATA IS MISSING.
T  INDICATES TRACE AMOUNT.




$$
