000
CDUS42 KAKQ 242236
CLIECG


CLIMATE REPORT
NATIONAL WEATHER SERVICE WAKEFIELD, VA
535 PM EST FRI NOV 24 2017


...................................

...THE ELIZABETH CITY NC CLIMATE SUMMARY FOR NOVEMBER 24 2017...
VALID TODAY AS OF 0500 PM LOCAL TIME.

CLIMATE NORMAL PERIOD 1981 TO 2010
CLIMATE RECORD PERIOD 1934 TO 2017


WEATHER ITEM   OBSERVED TIME   RECORD YEAR NORMAL DEPARTURE LAST
                VALUE   (LST)  VALUE       VALUE  FROM      YEAR
                                                  NORMAL
..................................................................
TEMPERATURE (F)
 TODAY
  MAXIMUM         56   1235 PM  77    1983  61     -5       62
                                      1979
  MINIMUM         34    149 AM  20    1937  40     -6       38
  AVERAGE         45

PRECIPITATION (IN)
  TODAY            0.00          0.89 1980   0.09  -0.09     0.20
  MONTH TO DATE    0.98                      2.51  -1.53     1.05
  SINCE SEP 1      6.46                      9.51  -3.05    23.36
  SINCE JAN 1     41.60                     43.47  -1.87    50.87

SNOWFALL (IN)
  TODAY            0.0
  MONTH TO DATE    0.0
  SINCE NOV 1      0.0
  SINCE JUL 1      0.0
  SNOW DEPTH       0

DEGREE DAYS
 HEATING
  TODAY           20
  MONTH TO DATE  272
  SINCE SEP 1    349
  SINCE JUL 1    349

 COOLING
  TODAY            0
  MONTH TO DATE   10
  SINCE SEP 1    415
  SINCE JAN 1   1961
..................................................................


WIND (MPH)
  RESULTANT WIND SPEED   7   RESULTANT WIND DIRECTION   N (20)
  HIGHEST WIND SPEED    13   HIGHEST WIND DIRECTION    NE (40)
  HIGHEST GUST SPEED    15   HIGHEST GUST DIRECTION    NE (30)


SKY COVER
  POSSIBLE SUNSHINE  MM
  AVERAGE SKY COVER 0.0


WEATHER CONDITIONS
 THE FOLLOWING WEATHER WAS RECORDED TODAY.
  FOG
  HAZE


RELATIVE HUMIDITY (PERCENT)
 HIGHEST    89
 LOWEST     55
 AVERAGE    72

..........................................................


THE ELIZABETH CITY NC CLIMATE NORMALS FOR TOMORROW
                         NORMAL    RECORD    YEAR
 MAXIMUM TEMPERATURE (F)   61        79      1973
 MINIMUM TEMPERATURE (F)   40        22      2013
                                             1997
                                             1950


SUNRISE AND SUNSET
NOVEMBER 24 2017......SUNRISE   651 AM EST   SUNSET   452 PM EST
NOVEMBER 25 2017......SUNRISE   652 AM EST   SUNSET   451 PM EST


-  INDICATES NEGATIVE NUMBERS.
R  INDICATES RECORD WAS SET OR TIED.
MM INDICATES DATA IS MISSING.
T  INDICATES TRACE AMOUNT.




$$
