000
CDUS42 KAKQ 250828
CLIECG


CLIMATE REPORT
NATIONAL WEATHER SERVICE WAKEFIELD, VA
326 AM EST THU DEC 25 2014


...................................

...THE ELIZABETH CITY NC CLIMATE SUMMARY FOR DECEMBER 24 2014...

CLIMATE NORMAL PERIOD 1981 TO 2010
CLIMATE RECORD PERIOD 1934 TO 2014


WEATHER ITEM   OBSERVED TIME   RECORD YEAR NORMAL DEPARTURE LAST
                VALUE   (LST)  VALUE       VALUE  FROM      YEAR
                                                  NORMAL
..................................................................
TEMPERATURE (F)
 YESTERDAY
  MAXIMUM         73   1241 PM  75    1990  52     21       46
  MINIMUM         54   1224 AM  15    2000  33     21       34
  AVERAGE         64                        42     22       40

PRECIPITATION (IN)
  YESTERDAY        0.89          1.93 2003   0.09   0.80     0.31
  MONTH TO DATE    2.94                      2.05   0.89     4.73
  SINCE DEC 1      2.94                      2.05   0.89     4.73
  SINCE JAN 1     40.23                     46.07  -5.84    44.32

SNOWFALL (IN)
  YESTERDAY        0.0           3.0  1939  MM     MM
  MONTH TO DATE    0.0                      MM     MM
  SINCE NOV 1      0.0                      MM     MM
  SINCE JUL 1      0.0                      MM     MM
  SNOW DEPTH       0

DEGREE DAYS
 HEATING
  YESTERDAY        1                        23    -22       25
  MONTH TO DATE  361                       477   -116      399
  SINCE DEC 1    361                       477   -116      399
  SINCE JUL 1    876                       992   -116      962

 COOLING
  YESTERDAY        0                         0      0        0
  MONTH TO DATE    0                         0      0       14
  SINCE DEC 1      0                         0      0       14
  SINCE JAN 1   1586                      1588     -2     1679
..................................................................


WIND (MPH)
  HIGHEST WIND SPEED    23   HIGHEST WIND DIRECTION     S (180)
  HIGHEST GUST SPEED    37   HIGHEST GUST DIRECTION     S (170)
  AVERAGE WIND SPEED    12.4


SKY COVER
  POSSIBLE SUNSHINE  MM
  AVERAGE SKY COVER 0.8


WEATHER CONDITIONS
 THE FOLLOWING WEATHER WAS RECORDED YESTERDAY.
  HEAVY RAIN
  RAIN
  LIGHT RAIN
  FOG
  FOG W/VISIBILITY <= 1/4 MILE
  HAZE


RELATIVE HUMIDITY (PERCENT)
 HIGHEST    87           200 AM
 LOWEST     73           900 PM
 AVERAGE    80

..........................................................


THE ELIZABETH CITY NC CLIMATE NORMALS FOR TODAY
                         NORMAL    RECORD    YEAR
 MAXIMUM TEMPERATURE (F)   52        76      1955
 MINIMUM TEMPERATURE (F)   33         5      1989


SUNRISE AND SUNSET
DECEMBER 25 2014......SUNRISE   714 AM EST   SUNSET   456 PM EST
DECEMBER 26 2014......SUNRISE   714 AM EST   SUNSET   456 PM EST


-  INDICATES NEGATIVE NUMBERS.
R  INDICATES RECORD WAS SET OR TIED.
MM INDICATES DATA IS MISSING.
T  INDICATES TRACE AMOUNT.




$$
