000
CDUS42 KAKQ 290645
CLIECG


CLIMATE REPORT
NATIONAL WEATHER SERVICE WAKEFIELD, VA
245 AM EDT SUN MAR 29 2015


...................................

...THE ELIZABETH CITY NC CLIMATE SUMMARY FOR MARCH 28 2015...

CLIMATE NORMAL PERIOD 1981 TO 2010
CLIMATE RECORD PERIOD 1934 TO 2015


WEATHER ITEM   OBSERVED TIME   RECORD YEAR NORMAL DEPARTURE LAST
                VALUE   (LST)  VALUE       VALUE  FROM      YEAR
                                                  NORMAL
..................................................................
TEMPERATURE (F)
 YESTERDAY
  MAXIMUM         43   1257 PM  87    1945  64    -21       72
  MINIMUM         31    853 PM  24    2001  43    -12       43
  AVERAGE         37                        54    -17       58

PRECIPITATION (IN)
  YESTERDAY        T             2.30 1934   0.16  -0.16     0.01
  MONTH TO DATE    2.90                      3.53  -0.63     2.25
  SINCE MAR 1      2.90                      3.53  -0.63     2.25
  SINCE JAN 1      9.70                      9.97  -0.27     6.39

SNOWFALL (IN)
  YESTERDAY       MM             T    1959  MM     MM
  MONTH TO DATE    0.0                      MM     MM
  SINCE NOV 1      T                        MM     MM
  SINCE JUL 1      T                        MM     MM
  SNOW DEPTH       0

DEGREE DAYS
 HEATING
  YESTERDAY       28                        12     16        7
  MONTH TO DATE  421                       432    -11      525
  SINCE MAR 1    421                       432    -11      525
  SINCE JUL 1   2955                      2904     51     3100

 COOLING
  YESTERDAY        0                         0      0        0
  MONTH TO DATE    5                         0      5        0
  SINCE MAR 1      5                         0      5        0
  SINCE JAN 1      7                         2      5        0
..................................................................


WIND (MPH)
  HIGHEST WIND SPEED    21   HIGHEST WIND DIRECTION     W (290)
  HIGHEST GUST SPEED    26   HIGHEST GUST DIRECTION    NW (310)
  AVERAGE WIND SPEED    11.5


SKY COVER
  POSSIBLE SUNSHINE  MM
  AVERAGE SKY COVER 0.7


WEATHER CONDITIONS
 THE FOLLOWING WEATHER WAS RECORDED YESTERDAY.
  FOG


RELATIVE HUMIDITY (PERCENT)
 HIGHEST    92           500 AM
 LOWEST     47          1100 PM
 AVERAGE    70

..........................................................


THE ELIZABETH CITY NC CLIMATE NORMALS FOR TODAY
                         NORMAL    RECORD    YEAR
 MAXIMUM TEMPERATURE (F)   65        90      1985
 MINIMUM TEMPERATURE (F)   43        24      1982


SUNRISE AND SUNSET
MARCH 29 2015.........SUNRISE   656 AM EDT   SUNSET   724 PM EDT
MARCH 30 2015.........SUNRISE   654 AM EDT   SUNSET   725 PM EDT


-  INDICATES NEGATIVE NUMBERS.
R  INDICATES RECORD WAS SET OR TIED.
MM INDICATES DATA IS MISSING.
T  INDICATES TRACE AMOUNT.




$$
