000
CDUS45 KGJT 132337
CLIEEO


CLIMATE REPORT
NATIONAL WEATHER SERVICE GRAND JUNCTION CO
530 PM MDT SUN JUL 13 2014


...................................

...THE MEEKER CO CLIMATE SUMMARY FOR JULY 13 2014...
VALID TODAY AS OF 0500 PM LOCAL TIME.

CLIMATE NORMAL PERIOD 1981 TO 2010
CLIMATE RECORD PERIOD 9999 TO 9999


WEATHER ITEM   OBSERVED TIME   RECORD YEAR NORMAL DEPARTURE LAST
                VALUE   (LST)  VALUE       VALUE  FROM      YEAR
                                                  NORMAL
..................................................................
TEMPERATURE (F)
 TODAY
  MAXIMUM         89    335 PM  MM      MM  86      3       81
  MINIMUM         52    435 AM  MM      MM  48      4       58
  AVERAGE         71                        67      4       70

PRECIPITATION (IN)
  TODAY            0.00         MM      MM   0.03  -0.03     0.09
  MONTH TO DATE    0.05                      0.43  -0.38     0.66
  SINCE JUN 1      0.55                      1.67  -1.12     0.73
  SINCE JAN 1      7.98                      7.82   0.16     7.10

SNOWFALL (IN)
  TODAY           MM            MM      MM  MM     MM       MM
  MONTH TO DATE   MM                        MM     MM       MM
  SINCE JUN 1     MM                        MM     MM       MM
  SINCE JUL 1     MM                        MM     MM       MM
  SNOW DEPTH      MM

DEGREE DAYS
 HEATING
  TODAY            0                         1     -1        0
  MONTH TO DATE    5                        15    -10        0
  SINCE JUN 1    140                       159    -19       76
  SINCE JUL 1      5                        15    -10        0

 COOLING
  TODAY            6                         3      3        5
  MONTH TO DATE   59                        26     33       62
  SINCE JUN 1     64                        43     21       99
  SINCE JAN 1     65                        44     21       99
..................................................................


WIND (MPH)
  HIGHEST WIND SPEED    18   HIGHEST WIND DIRECTION     N (10)
  HIGHEST GUST SPEED    23   HIGHEST GUST DIRECTION     N (10)
  AVERAGE WIND SPEED     5.4


SKY COVER
  POSSIBLE SUNSHINE  MM
  AVERAGE SKY COVER 0.2


WEATHER CONDITIONS
 THE FOLLOWING WEATHER WAS RECORDED TODAY.
  NO SIGNIFICANT WEATHER WAS OBSERVED.


RELATIVE HUMIDITY (PERCENT)
 HIGHEST    83           500 AM
 LOWEST     21           200 PM
 AVERAGE    52

..........................................................


THE MEEKER CO CLIMATE NORMALS FOR TOMORROW
                         NORMAL    RECORD    YEAR
 MAXIMUM TEMPERATURE (F)   86        MM        MM
 MINIMUM TEMPERATURE (F)   48        MM        MM


SUNRISE AND SUNSET
JULY 13 2014..........SUNRISE   554 AM MDT   SUNSET   840 PM MDT
JULY 14 2014..........SUNRISE   554 AM MDT   SUNSET   840 PM MDT


-  INDICATES NEGATIVE NUMBERS.
R  INDICATES RECORD WAS SET OR TIED.
MM INDICATES DATA IS MISSING.
T  INDICATES TRACE AMOUNT.




$$
