000
CDUS45 KGJT 270740
CLIEEO


CLIMATE REPORT
NATIONAL WEATHER SERVICE GRAND JUNCTION CO
137 AM MDT WED AUG 27 2014


...................................

...THE MEEKER CO CLIMATE SUMMARY FOR AUGUST 26 2014...

CLIMATE NORMAL PERIOD 1981 TO 2010
CLIMATE RECORD PERIOD 9999 TO 9999


WEATHER ITEM   OBSERVED TIME   RECORD YEAR NORMAL DEPARTURE LAST
                VALUE   (LST)  VALUE       VALUE  FROM      YEAR
                                                  NORMAL
..................................................................
TEMPERATURE (F)
 YESTERDAY
  MAXIMUM         67    555 PM  MM      MM  81    -14       75
  MINIMUM         50    520 AM  MM      MM  47      3       55
  AVERAGE         59                        64     -5       65

PRECIPITATION (IN)
  YESTERDAY        0.07         MM      MM   0.05   0.02     0.01
  MONTH TO DATE    2.65                      1.07   1.58     1.47
  SINCE JUN 1      3.62                      3.46   0.16     3.61
  SINCE JAN 1     11.05                      9.61   1.44     9.98

SNOWFALL (IN)
  YESTERDAY       MM            MM      MM  MM     MM       MM
  MONTH TO DATE   MM                        MM     MM       MM
  SINCE JUN 1     MM                        MM     MM       MM
  SINCE JUL 1     MM                        MM     MM       MM
  SNOW DEPTH      MM

DEGREE DAYS
 HEATING
  YESTERDAY        6                         2      4        0
  MONTH TO DATE   34                        21     13       19
  SINCE JUN 1    176                       185     -9       95
  SINCE JUL 1     41                        41      0       19

 COOLING
  YESTERDAY        0                         1     -1        0
  MONTH TO DATE   39                        59    -20       56
  SINCE JUN 1    195                       161     34      257
  SINCE JAN 1    196                       162     34      257
..................................................................


WIND (MPH)
  HIGHEST WIND SPEED    25   HIGHEST WIND DIRECTION     S (190)
  HIGHEST GUST SPEED    34   HIGHEST GUST DIRECTION     S (180)
  AVERAGE WIND SPEED     4.9


SKY COVER
  POSSIBLE SUNSHINE  MM
  AVERAGE SKY COVER 0.3


WEATHER CONDITIONS
 THE FOLLOWING WEATHER WAS RECORDED YESTERDAY.
  THUNDERSTORM
  LIGHT RAIN


RELATIVE HUMIDITY (PERCENT)
 HIGHEST    86           500 AM
 LOWEST     52          1100 AM
 AVERAGE    69

..........................................................


THE MEEKER CO CLIMATE NORMALS FOR TODAY
                         NORMAL    RECORD    YEAR
 MAXIMUM TEMPERATURE (F)   81        MM        MM
 MINIMUM TEMPERATURE (F)   46        MM        MM


SUNRISE AND SUNSET
AUGUST 27 2014........SUNRISE   635 AM MDT   SUNSET   751 PM MDT
AUGUST 28 2014........SUNRISE   635 AM MDT   SUNSET   749 PM MDT


-  INDICATES NEGATIVE NUMBERS.
R  INDICATES RECORD WAS SET OR TIED.
MM INDICATES DATA IS MISSING.
T  INDICATES TRACE AMOUNT.




$$
