000
CDUS44 KBMX 200807
CLIEET


CLIMATE REPORT
NATIONAL WEATHER SERVICE BIRMINGHAM, AL
306 AM CDT SUN AUG 20 2017


...................................

...THE SHELBY COUNTY AIRPORT CLIMATE SUMMARY FOR AUGUST 19 2017...

CLIMATE NORMAL PERIOD 1981 TO 2010
CLIMATE RECORD PERIOD 9999 TO 9999


WEATHER ITEM   OBSERVED TIME   RECORD YEAR NORMAL DEPARTURE LAST
                VALUE   (LST)  VALUE       VALUE  FROM      YEAR
                                                  NORMAL
..................................................................
TEMPERATURE (F)
 YESTERDAY
  MAXIMUM         92    424 PM  MM      MM  90      2       88
  MINIMUM         71    453 AM  MM      MM  70      1       72
  AVERAGE         82                        80      2       80

PRECIPITATION (IN)
  YESTERDAY        0.00                      0.17  -0.17     0.01
  MONTH TO DATE    5.01                      2.92   2.09     1.57
  SINCE JUN 1     21.01                     12.31   8.70     7.35
  SINCE JAN 1     48.79                     36.24  12.55    29.87

DEGREE DAYS
 COOLING
  YESTERDAY       17                        15      2       15
  MONTH TO DATE  297                       297      0      338
  SINCE JUN 1   1192                      1158     34     1361
  SINCE JAN 1   1614                      1427    187     1665
..................................................................


WIND (MPH)
  HIGHEST WIND SPEED     8   HIGHEST WIND DIRECTION     N (340)
  HIGHEST GUST SPEED    12   HIGHEST GUST DIRECTION     N (340)
  AVERAGE WIND SPEED     1.5


SKY COVER
  POSSIBLE SUNSHINE  MM
  AVERAGE SKY COVER 0.1


WEATHER CONDITIONS
 THE FOLLOWING WEATHER WAS RECORDED YESTERDAY.
  FOG


RELATIVE HUMIDITY (PERCENT)
 HIGHEST   100           100 AM
 LOWEST     52           100 PM
 AVERAGE    76

..........................................................


THE SHELBY COUNTY AIRPORT CLIMATE NORMALS FOR TODAY
                         NORMAL    RECORD    YEAR
 MAXIMUM TEMPERATURE (F)   90        MM        MM
 MINIMUM TEMPERATURE (F)   70        MM        MM


SUNRISE AND SUNSET
AUGUST 20 2017........SUNRISE   614 AM CDT   SUNSET   727 PM CDT
AUGUST 21 2017........SUNRISE   614 AM CDT   SUNSET   726 PM CDT


-  INDICATES NEGATIVE NUMBERS.
R  INDICATES RECORD WAS SET OR TIED.
MM INDICATES DATA IS MISSING.
T  INDICATES TRACE AMOUNT.




$$
