000
CDUS44 KBMX 030740
CLIEET


CLIMATE REPORT
NATIONAL WEATHER SERVICE BIRMINGHAM, AL
240 AM CDT MON AUG 3 2015


...................................

...THE SHELBY COUNTY AIRPORT CLIMATE SUMMARY FOR AUGUST 2 2015...

CLIMATE NORMAL PERIOD 1981 TO 2010
CLIMATE RECORD PERIOD 9999 TO 9999


WEATHER ITEM   OBSERVED TIME   RECORD YEAR NORMAL DEPARTURE LAST
                VALUE   (LST)  VALUE       VALUE  FROM      YEAR
                                                  NORMAL
..................................................................
TEMPERATURE (F)
 YESTERDAY
  MAXIMUM         95    412 PM  MM      MM  91      4       86
  MINIMUM         67    527 AM  MM      MM  71     -4       72
  AVERAGE         81                        81      0       79

PRECIPITATION (IN)
  YESTERDAY        0.00                      0.14  -0.14      T
  MONTH TO DATE    0.00                      0.28  -0.28      T
  SINCE JUN 1     12.99                      9.67   3.32     8.53
  SINCE JAN 1     37.20                     33.60   3.60    36.03

DEGREE DAYS
 COOLING
  YESTERDAY       16                        16      0       14
  MONTH TO DATE   32                        32      0       28
  SINCE JUN 1    981                       893     88      889
  SINCE JAN 1   1331                      1162    169     1183
..................................................................


WIND (MPH)
  HIGHEST WIND SPEED     9   HIGHEST WIND DIRECTION     N (340)
  HIGHEST GUST SPEED    13   HIGHEST GUST DIRECTION     N (10)
  AVERAGE WIND SPEED     2.1


SKY COVER
  POSSIBLE SUNSHINE  MM
  AVERAGE SKY COVER 0.0


WEATHER CONDITIONS
 THE FOLLOWING WEATHER WAS RECORDED YESTERDAY.
  NO SIGNIFICANT WEATHER WAS OBSERVED.


RELATIVE HUMIDITY (PERCENT)
 HIGHEST    90           600 AM
 LOWEST     32          1200 PM
 AVERAGE    61

..........................................................


THE SHELBY COUNTY AIRPORT CLIMATE NORMALS FOR TODAY
                         NORMAL    RECORD    YEAR
 MAXIMUM TEMPERATURE (F)   91        MM        MM
 MINIMUM TEMPERATURE (F)   71        MM        MM


SUNRISE AND SUNSET
AUGUST  3 2015........SUNRISE   601 AM CDT   SUNSET   745 PM CDT
AUGUST  4 2015........SUNRISE   602 AM CDT   SUNSET   744 PM CDT


-  INDICATES NEGATIVE NUMBERS.
R  INDICATES RECORD WAS SET OR TIED.
MM INDICATES DATA IS MISSING.
T  INDICATES TRACE AMOUNT.




$$
