000
CDUS44 KBMX 020709
CLIEET


CLIMATE REPORT
NATIONAL WEATHER SERVICE BIRMINGHAM, AL
209 AM CDT THU JUL 2 2015


...................................

...THE SHELBY COUNTY AIRPORT CLIMATE SUMMARY FOR JULY 1 2015...

CLIMATE NORMAL PERIOD 1981 TO 2010
CLIMATE RECORD PERIOD 9999 TO 9999


WEATHER ITEM   OBSERVED TIME   RECORD YEAR NORMAL DEPARTURE LAST
                VALUE   (LST)  VALUE       VALUE  FROM      YEAR
                                                  NORMAL
..................................................................
TEMPERATURE (F)
 YESTERDAY
  MAXIMUM         86    116 PM  MM      MM  90     -4       91
  MINIMUM         69    814 PM  MM      MM  70     -1       72
  AVERAGE         78                        80     -2       82

PRECIPITATION (IN)
  YESTERDAY        3.99                      0.16   3.83     0.00
  MONTH TO DATE    3.99                      0.16   3.83     0.00
  SINCE JUN 1      6.01                      4.79   1.22     5.47
  SINCE JAN 1     30.22                     28.72   1.50    32.97

DEGREE DAYS
 COOLING
  YESTERDAY       13                        15     -2       17
  MONTH TO DATE   13                        15     -2       17
  SINCE JUN 1    443                       389     54      432
  SINCE JAN 1    793                       658    135      726
..................................................................


WIND (MPH)
  HIGHEST WIND SPEED    16   HIGHEST WIND DIRECTION     E (80)
  HIGHEST GUST SPEED    28   HIGHEST GUST DIRECTION     E (80)
  AVERAGE WIND SPEED     5.3


SKY COVER
  POSSIBLE SUNSHINE  MM
  AVERAGE SKY COVER 0.4


WEATHER CONDITIONS
 THE FOLLOWING WEATHER WAS RECORDED YESTERDAY.
  THUNDERSTORM
  HEAVY RAIN
  RAIN
  LIGHT RAIN
  FOG
  FOG W/VISIBILITY <= 1/4 MILE


RELATIVE HUMIDITY (PERCENT)
 HIGHEST   100           300 AM
 LOWEST     65           200 PM
 AVERAGE    83

..........................................................


THE SHELBY COUNTY AIRPORT CLIMATE NORMALS FOR TODAY
                         NORMAL    RECORD    YEAR
 MAXIMUM TEMPERATURE (F)   90        MM        MM
 MINIMUM TEMPERATURE (F)   70        MM        MM


SUNRISE AND SUNSET
JULY  2 2015..........SUNRISE   542 AM CDT   SUNSET   800 PM CDT
JULY  3 2015..........SUNRISE   542 AM CDT   SUNSET   800 PM CDT


-  INDICATES NEGATIVE NUMBERS.
R  INDICATES RECORD WAS SET OR TIED.
MM INDICATES DATA IS MISSING.
T  INDICATES TRACE AMOUNT.




$$
