781
CDUS46 KEKA 221211
CLIEKA


CLIMATE REPORT
NATIONAL WEATHER SERVICE EUREKA CA
510 AM PDT FRI SEP 22 2017


...................................

...THE EUREKA CA CLIMATE SUMMARY FOR SEPTEMBER 21 2017...

CLIMATE NORMAL PERIOD 1981 TO 2010
CLIMATE RECORD PERIOD 1886 TO 2017


WEATHER ITEM   OBSERVED RECORD YEAR NORMAL DEPARTURE LAST
                VALUE   VALUE       VALUE  FROM      YEAR
                                           NORMAL
...........................................................
TEMPERATURE (F)
 YESTERDAY
  MAXIMUM         63     85    1939  63      0       62
  MINIMUM         45     39    1895  50     -5       50
  AVERAGE         54                 57     -3       56

PRECIPITATION (IN)
  YESTERDAY        0.00   0.68 1945   0.02  -0.02     0.00
  MONTH TO DATE    1.01               0.35   0.66      T
  SINCE OCT 1     63.84              40.09  23.75    48.07
  SINCE JAN 1     38.07              24.12  13.95    27.35

SNOWFALL (IN)
  YESTERDAY        0.0    0.0  2002   0.0    0.0      0.0
                               2001
  MONTH TO DATE    0.0                0.0    0.0      0.0
  SINCE SEP 1      0.0                0.0    0.0      0.0
  SINCE JUL 1      0.0                0.0    0.0      0.0
  SNOW DEPTH       0

DEGREE DAYS
 HEATING
  YESTERDAY       11                  8      3        9
  MONTH TO DATE   86                158    -72      172
  SINCE SEP 1     86                158    -72      172
  SINCE JUL 1    477                584   -107      619

 COOLING
  YESTERDAY        0                  0      0        0
  MONTH TO DATE   13                  0     13        0
  SINCE SEP 1     13                  0     13        0
  SINCE JAN 1     13                  0     13        0
...........................................................


WIND (MPH)
  HIGHEST WIND SPEED     8   HIGHEST WIND DIRECTION    NW (330)
  HIGHEST GUST SPEED    12   HIGHEST GUST DIRECTION    MM
  AVERAGE WIND SPEED     2.3


SKY COVER
  AVERAGE SKY COVER 0.6


WEATHER CONDITIONS
 THE FOLLOWING WEATHER WAS RECORDED YESTERDAY.
  NO SIGNIFICANT WEATHER WAS OBSERVED.


..........................................................


THE EUREKA CA CLIMATE NORMALS FOR TODAY
                         NORMAL    RECORD    YEAR
 MAXIMUM TEMPERATURE (F)   63        82      2003
 MINIMUM TEMPERATURE (F)   50        36      1895


SUNRISE AND SUNSET
SEPTEMBER 22 2017.....SUNRISE   705 AM PDT   SUNSET   713 PM PDT
SEPTEMBER 23 2017.....SUNRISE   706 AM PDT   SUNSET   711 PM PDT


-  INDICATES NEGATIVE NUMBERS.
R  INDICATES RECORD WAS SET OR TIED.
MM INDICATES DATA IS MISSING.
T  INDICATES TRACE AMOUNT.




&&

..........................................................

TOTAL SEASON     NORMAL   % OF NORMAL     LAST SEASON

    63.84         40.09        159            48.07


$$
