000
CDUS46 KEKA 161211
CLIEKA


CLIMATE REPORT
NATIONAL WEATHER SERVICE EUREKA CA
509 AM PDT WED APR 16 2014


...................................

...THE EUREKA CA CLIMATE SUMMARY FOR APRIL 15 2014...

CLIMATE NORMAL PERIOD 1981 TO 2010
CLIMATE RECORD PERIOD 1886 TO 2014


WEATHER ITEM   OBSERVED RECORD YEAR NORMAL DEPARTURE LAST
                VALUE   VALUE       VALUE  FROM      YEAR
                                           NORMAL
...........................................................
TEMPERATURE (F)
 YESTERDAY
  MAXIMUM         58     73    1999  58      0       52
  MINIMUM         49     34    1917  44      5       42
  AVERAGE         54                 51      3       47

PRECIPITATION (IN)
  YESTERDAY        0.00   1.56 1965   0.11  -0.11     0.08
  MONTH TO DATE    0.26               1.89  -1.63     2.44
  SINCE JUL 1     19.07              36.37 -17.30    30.71
  SINCE JAN 1     13.95              19.32  -5.37     9.88

SNOWFALL (IN)
  YESTERDAY        0.0    T    2002   0.0    0.0     MM
  MONTH TO DATE    0.0                0.0    0.0      0.0
  SINCE MAR 1      0.0                0.0    0.0      0.0
  SINCE JUL 1      T                  0.2   -0.2       T
  SNOW DEPTH       0

DEGREE DAYS
 HEATING
  YESTERDAY       11                 14     -3       18
  MONTH TO DATE  199                221    -22      211
  SINCE MAR 1    609                697    -88      741
  SINCE JUL 1   3700               3619     81     3979

 COOLING
  YESTERDAY        0                  0      0        0
  MONTH TO DATE    0                  0      0        0
  SINCE MAR 1      0                  0      0        0
  SINCE JAN 1      0                  0      0        0
...........................................................


WIND (MPH)
  HIGHEST WIND SPEED    17   HIGHEST WIND DIRECTION     N (350)
  HIGHEST GUST SPEED    30   HIGHEST GUST DIRECTION     N (360)
  AVERAGE WIND SPEED     8.5


SKY COVER
  AVERAGE SKY COVER 0.9


WEATHER CONDITIONS
 THE FOLLOWING WEATHER WAS RECORDED YESTERDAY.
  NO SIGNIFICANT WEATHER WAS OBSERVED.


..........................................................


THE EUREKA CA CLIMATE NORMALS FOR TODAY
                         NORMAL    RECORD    YEAR
 MAXIMUM TEMPERATURE (F)   58        75      1936
 MINIMUM TEMPERATURE (F)   44        34      1975
                                             1917


SUNRISE AND SUNSET
APRIL 16 2014.........SUNRISE   636 AM PDT   SUNSET   757 PM PDT
APRIL 17 2014.........SUNRISE   635 AM PDT   SUNSET   758 PM PDT


-  INDICATES NEGATIVE NUMBERS.
R  INDICATES RECORD WAS SET OR TIED.
MM INDICATES DATA IS MISSING.
T  INDICATES TRACE AMOUNT.




&&

..........................................................

TOTAL SEASON     NORMAL   % OF NORMAL     LAST SEASON

    19.07         36.37        52            30.71

$$
