945
CDUS46 KEKA 070012
CLIEKA


CLIMATE REPORT
NATIONAL WEATHER SERVICE EUREKA CA
411 PM PST SAT FEB 6 2016


...................................

...THE EUREKA CA CLIMATE SUMMARY FOR FEBRUARY 6 2016...
VALID TODAY AS OF 0400 PM LOCAL TIME.

CLIMATE NORMAL PERIOD 1981 TO 2010
CLIMATE RECORD PERIOD 1886 TO 2016


WEATHER ITEM   OBSERVED RECORD YEAR NORMAL DEPARTURE LAST
                VALUE   VALUE       VALUE  FROM      YEAR
                                           NORMAL
...........................................................
TEMPERATURE (F)
 TODAY
  MAXIMUM         59     73    2012  56      3       67
  MINIMUM         46     27    1989  42      4       56
  AVERAGE         53                 49      4       62

PRECIPITATION (IN)
  TODAY            0.00   1.82 1960   0.21  -0.21     1.60
  MONTH TO DATE    0.38               1.21  -0.83     3.73
  SINCE OCT 1     33.16              23.68   9.48    23.47
  SINCE JAN 1     12.44               7.71   4.73     5.09

SNOWFALL (IN)
  TODAY            0.0    0.0  2002   0.0    0.0      0.0
  MONTH TO DATE    0.0                0.1   -0.1      0.0
  SINCE DEC 1      T                  0.1   -0.1      0.0
  SINCE JUL 1      T                  0.1   -0.1      0.0
  SNOW DEPTH      MM

...........................................................


WIND (MPH)
  HIGHEST WIND SPEED     6   HIGHEST WIND DIRECTION     W (270)
  HIGHEST GUST SPEED     6   HIGHEST GUST DIRECTION    MM
  AVERAGE WIND SPEED     1.8


SKY COVER
  AVERAGE SKY COVER 1.0


WEATHER CONDITIONS
 THE FOLLOWING WEATHER WAS RECORDED TODAY.
  HAZE


..........................................................


THE EUREKA CA CLIMATE NORMALS FOR TOMORROW
                         NORMAL    RECORD    YEAR
 MAXIMUM TEMPERATURE (F)   56        80      1987
 MINIMUM TEMPERATURE (F)   42        28      1989


SUNRISE AND SUNSET
FEBRUARY  6 2016......SUNRISE   722 AM PST   SUNSET   540 PM PST
FEBRUARY  7 2016......SUNRISE   721 AM PST   SUNSET   541 PM PST


-  INDICATES NEGATIVE NUMBERS.
R  INDICATES RECORD WAS SET OR TIED.
MM INDICATES DATA IS MISSING.
T  INDICATES TRACE AMOUNT.




&&

..........................................................

TOTAL SEASON     NORMAL   % OF NORMAL     LAST SEASON

    33.16         23.68        140            23.47


$$
