000
CDUS41 KRLX 290800
CLIEKN


CLIMATE REPORT
NATIONAL WEATHER SERVICE CHARLESTON WV
350 AM EDT SUN MAR 29 2015


...................................

...THE ELKINS WV CLIMATE SUMMARY FOR MARCH 28 2015...

CLIMATE NORMAL PERIOD 1981 TO 2010
CLIMATE RECORD PERIOD 1899 TO 2015


WEATHER ITEM   OBSERVED TIME   RECORD YEAR NORMAL DEPARTURE LAST
                VALUE   (LST)  VALUE       VALUE  FROM      YEAR
                                                  NORMAL
..................................................................
TEMPERATURE (F)
 YESTERDAY
  MAXIMUM         25    456 PM  81    1989  56    -31       63
                                      1945
                                      1910
  MINIMUM         14    734 AM   4    1982  32    -18       43
  AVERAGE         20                        44    -24       53

PRECIPITATION (IN)
  YESTERDAY        0.03          1.21 1899   0.13  -0.10     0.21
  MONTH TO DATE    7.23                      3.56   3.67     2.30
  SINCE JAN 1     12.95                      9.89   3.06     8.56

SNOWFALL (IN)
  YESTERDAY        3.0
  MONTH TO DATE   14.3
  SINCE SEP 1     70.3
  SNOW DEPTH       3

DEGREE DAYS
 HEATING
  YESTERDAY       45                        21     24       12
  MONTH TO DATE  726                       719      7      825
  SINCE MAR 1    726                       719      7      825
  SINCE JUL 1   5357                      5040    317     5348

 COOLING
  YESTERDAY        0                         0      0        0
  MONTH TO DATE    0                         0      0        0
  SINCE MAR 1      0                         0      0        0
  SINCE JAN 1      0                         0      0        0
..................................................................


WIND (MPH)
  HIGHEST WIND SPEED    20   HIGHEST WIND DIRECTION    NW (300)
  HIGHEST GUST SPEED    26   HIGHEST GUST DIRECTION    NW (300)
  AVERAGE WIND SPEED     9.9


SKY COVER
  POSSIBLE SUNSHINE  MM
  AVERAGE SKY COVER 0.8


WEATHER CONDITIONS
 THE FOLLOWING WEATHER WAS RECORDED YESTERDAY.
  HEAVY SNOW
  SNOW
  LIGHT SNOW
  FOG


RELATIVE HUMIDITY (PERCENT)
 HIGHEST    80           500 AM
 LOWEST     52          1000 PM
 AVERAGE    66

..........................................................


THE ELKINS WV CLIMATE NORMALS FOR TODAY
                         NORMAL    RECORD    YEAR
 MAXIMUM TEMPERATURE (F)   57        83      1907
 MINIMUM TEMPERATURE (F)   32        10      1923


SUNRISE AND SUNSET
MARCH 29 2015.........SUNRISE   709 AM EDT   SUNSET   740 PM EDT
MARCH 30 2015.........SUNRISE   708 AM EDT   SUNSET   741 PM EDT


-  INDICATES NEGATIVE NUMBERS.
R  INDICATES RECORD WAS SET OR TIED.
MM INDICATES DATA IS MISSING.
T  INDICATES TRACE AMOUNT.




$$
