000
CDUS41 KRLX 010718
CLIEKN


CLIMATE REPORT
NATIONAL WEATHER SERVICE CHARLESTON WV
316 AM EDT SAT NOV 1 2014


...................................

...THE ELKINS WV CLIMATE SUMMARY FOR OCTOBER 31 2014...

CLIMATE NORMAL PERIOD 1981 TO 2010
CLIMATE RECORD PERIOD 1899 TO 2014


WEATHER ITEM   OBSERVED TIME   RECORD YEAR NORMAL DEPARTURE LAST
                VALUE   (LST)  VALUE       VALUE  FROM      YEAR
                                                  NORMAL
..................................................................
TEMPERATURE (F)
 YESTERDAY
  MAXIMUM         48    144 PM  77    2003  60    -12       68
                                      1950
                                      1927
  MINIMUM         29    616 AM  16    1988  34     -5       52
  AVERAGE         39                        47     -8       60

PRECIPITATION (IN)
  YESTERDAY        0.18          1.24 1921   0.10   0.08     0.07
  MONTH TO DATE    6.54                      2.85   3.69     1.31
  SINCE JAN 1     36.00                     39.29  -3.29    36.59

SNOWFALL (IN)
  YESTERDAY        0.0
  MONTH TO DATE    0.0
  SINCE SEP 1      0.0
  SNOW DEPTH       0

DEGREE DAYS
 HEATING
  YESTERDAY       26                        18      8        5
  MONTH TO DATE  388                       430    -42      365
  SINCE SEP 1    484                       561    -77      478
  SINCE JUL 1    535                       591    -56      501

 COOLING
  YESTERDAY        0                         0      0        0
  MONTH TO DATE    2                         4     -2       10
  SINCE SEP 1     67                        49     18       70
  SINCE JAN 1    505                       475     30      533
..................................................................


WIND (MPH)
  HIGHEST WIND SPEED    12   HIGHEST WIND DIRECTION    NW (310)
  HIGHEST GUST SPEED    14   HIGHEST GUST DIRECTION    NW (310)
  AVERAGE WIND SPEED     1.9


SKY COVER
  POSSIBLE SUNSHINE  MM
  AVERAGE SKY COVER 0.9


WEATHER CONDITIONS
 THE FOLLOWING WEATHER WAS RECORDED YESTERDAY.
  LIGHT RAIN
  FOG


RELATIVE HUMIDITY (PERCENT)
 HIGHEST   100          1200 AM
 LOWEST     65           100 PM
 AVERAGE    83

..........................................................


THE ELKINS WV CLIMATE NORMALS FOR TODAY
                         NORMAL    RECORD    YEAR
 MAXIMUM TEMPERATURE (F)   59        77      1950
                                             1945
 MINIMUM TEMPERATURE (F)   34        16      1908


SUNRISE AND SUNSET
NOVEMBER  1 2014......SUNRISE   747 AM EDT   SUNSET   619 PM EDT
NOVEMBER  2 2014......SUNRISE   648 AM EST   SUNSET   518 PM EST


-  INDICATES NEGATIVE NUMBERS.
R  INDICATES RECORD WAS SET OR TIED.
MM INDICATES DATA IS MISSING.
T  INDICATES TRACE AMOUNT.




$$
