000
CDUS41 KRLX 232124
CLIEKN


CLIMATE REPORT
NATIONAL WEATHER SERVICE CHARLESTON WV
522 PM EDT TUE SEP 23 2014


...................................

...THE ELKINS WV CLIMATE SUMMARY FOR SEPTEMBER 23 2014...
VALID TODAY AS OF 0500 PM LOCAL TIME.

CLIMATE NORMAL PERIOD 1981 TO 2010
CLIMATE RECORD PERIOD 1899 TO 2014


WEATHER ITEM   OBSERVED TIME   RECORD YEAR NORMAL DEPARTURE LAST
                VALUE   (LST)  VALUE       VALUE  FROM      YEAR
                                                  NORMAL
..................................................................
TEMPERATURE (F)
 TODAY
  MAXIMUM         72    339 PM  92    1908  71      1       62
  MINIMUM         40   1254 AM  29    1974  48     -8       42
  AVERAGE         56                        60     -4       52

PRECIPITATION (IN)
  TODAY            0.00          1.28 1912   0.12  -0.12     0.00
  MONTH TO DATE    1.20                      2.83  -1.63     2.36
  SINCE SEP 1      1.20                      2.83  -1.63     2.36
  SINCE JAN 1     29.43                     35.64  -6.21    35.28

DEGREE DAYS
 HEATING
  TODAY            9                         6      3       13
  MONTH TO DATE   76                        76      0       76
  SINCE SEP 1     76                        76      0       76
  SINCE JUL 1    127                       106     21       99

 COOLING
  TODAY            0                         1     -1        0
  MONTH TO DATE   65                        41     24       60
  SINCE SEP 1     65                        41     24       60
  SINCE JAN 1    503                       467     36      523
..................................................................


WIND (MPH)
  HIGHEST WIND SPEED    12   HIGHEST WIND DIRECTION    NW (330)
  HIGHEST GUST SPEED    14   HIGHEST GUST DIRECTION     N (340)
  AVERAGE WIND SPEED     1.7


SKY COVER
  POSSIBLE SUNSHINE  MM
  AVERAGE SKY COVER 0.6


WEATHER CONDITIONS
 THE FOLLOWING WEATHER WAS RECORDED TODAY.
  FOG
  FOG W/VISIBILITY <= 1/4 MILE


RELATIVE HUMIDITY (PERCENT)
 HIGHEST   100          1200 AM
 LOWEST     35           300 PM
 AVERAGE    68

..........................................................


THE ELKINS WV CLIMATE NORMALS FOR TOMORROW
                         NORMAL    RECORD    YEAR
 MAXIMUM TEMPERATURE (F)   71        90      1930
                                             1908
 MINIMUM TEMPERATURE (F)   47        27      1963


SUNRISE AND SUNSET
SEPTEMBER 23 2014.....SUNRISE   708 AM EDT   SUNSET   715 PM EDT
SEPTEMBER 24 2014.....SUNRISE   709 AM EDT   SUNSET   713 PM EDT


-  INDICATES NEGATIVE NUMBERS.
R  INDICATES RECORD WAS SET OR TIED.
MM INDICATES DATA IS MISSING.
T  INDICATES TRACE AMOUNT.




$$
