000
CDUS41 KRLX 032253
CLIEKN


CLIMATE REPORT
NATIONAL WEATHER SERVICE CHARLESTON WV
547 PM EST TUE MAR 3 2015


...................................

...THE ELKINS WV CLIMATE SUMMARY FOR MARCH 3 2015...
VALID TODAY AS OF 0500 PM LOCAL TIME.

CLIMATE NORMAL PERIOD 1981 TO 2010
CLIMATE RECORD PERIOD 1899 TO 2015


WEATHER ITEM   OBSERVED TIME   RECORD YEAR NORMAL DEPARTURE LAST
                VALUE   (LST)  VALUE       VALUE  FROM      YEAR
                                                  NORMAL
..................................................................
TEMPERATURE (F)
 TODAY
  MAXIMUM         42    359 PM  73    1974  47     -5       27
  MINIMUM         18    110 AM -14    1980  24     -6       -8
  AVERAGE         30                        36     -6       10

PRECIPITATION (IN)
  TODAY            0.04          1.11 1942   0.11  -0.07     0.34
  MONTH TO DATE    0.98                      0.35   0.63     0.87
  SINCE MAR 1      0.98                      0.35   0.63     0.87
  SINCE JAN 1      6.70                      6.68   0.02     7.13

DEGREE DAYS
 HEATING
  TODAY           35                        29      6       55
  MONTH TO DATE  103                        88     15      118
  SINCE MAR 1    103                        88     15      118
  SINCE JUL 1   4734                      4409    325     4641

 COOLING
  TODAY            0                         0      0        0
  MONTH TO DATE    0                         0      0        0
  SINCE MAR 1      0                         0      0        0
  SINCE JAN 1      0                         0      0        0
..................................................................


WIND (MPH)
  HIGHEST WIND SPEED    15   HIGHEST WIND DIRECTION     S (170)
  HIGHEST GUST SPEED    23   HIGHEST GUST DIRECTION     S (180)
  AVERAGE WIND SPEED     3.6


SKY COVER
  POSSIBLE SUNSHINE  MM
  AVERAGE SKY COVER 0.9


WEATHER CONDITIONS
 THE FOLLOWING WEATHER WAS RECORDED TODAY.
  LIGHT RAIN
  FOG


RELATIVE HUMIDITY (PERCENT)
 HIGHEST   100          1200 AM
 LOWEST     59          1000 AM
 AVERAGE    80

..........................................................


THE ELKINS WV CLIMATE NORMALS FOR TOMORROW
                         NORMAL    RECORD    YEAR
 MAXIMUM TEMPERATURE (F)   48        77      1976
 MINIMUM TEMPERATURE (F)   25       -10      2014


SUNRISE AND SUNSET
MARCH  3 2015.........SUNRISE   649 AM EST   SUNSET   614 PM EST
MARCH  4 2015.........SUNRISE   648 AM EST   SUNSET   615 PM EST


-  INDICATES NEGATIVE NUMBERS.
R  INDICATES RECORD WAS SET OR TIED.
MM INDICATES DATA IS MISSING.
T  INDICATES TRACE AMOUNT.




$$
