000
CDUS41 KRLX 190818
CLIEKN


CLIMATE REPORT
NATIONAL WEATHER SERVICE CHARLESTON WV
318 AM EST MON FEB 19 2018


...................................

...THE ELKINS WV CLIMATE SUMMARY FOR FEBRUARY 18 2018...

CLIMATE NORMAL PERIOD 1981 TO 2010
CLIMATE RECORD PERIOD 1899 TO 2018


WEATHER ITEM   OBSERVED TIME   RECORD YEAR NORMAL DEPARTURE LAST
                VALUE   (LST)  VALUE       VALUE  FROM      YEAR
                                                  NORMAL
..................................................................
TEMPERATURE (F)
 YESTERDAY
  MAXIMUM         47    454 PM  68    1938  44      3       64
  MINIMUM         31    815 PM -13    1973  22      9       28
  AVERAGE         39                        33      6       46

PRECIPITATION (IN)
  YESTERDAY        0.09          2.48 2000   0.11  -0.02     0.02
  MONTH TO DATE    5.73                      1.95   3.78     1.46
  SINCE JAN 1      8.41                      5.18   3.23     6.55

SNOWFALL (IN)
  YESTERDAY        T             4.4  2007   0.7   -0.7      0.0
  MONTH TO DATE    6.1                      12.3   -6.2      9.9
  SINCE SEP 1     41.6                      59.1  -17.5     30.4
  SNOW DEPTH       0

DEGREE DAYS
 HEATING
  YESTERDAY       26                        32     -6       19
  MONTH TO DATE  515                       609    -94      503
  SINCE DEC 1   2751                      2726     25     2283
  SINCE JUL 1   3836                      4010   -174     3228

 COOLING
  YESTERDAY        0                         0      0        0
  MONTH TO DATE    0                         0      0        0
  SINCE DEC 1      0                         0      0        0
  SINCE JAN 1      0                         0      0        0
..................................................................


WIND (MPH)
  HIGHEST WIND SPEED    18   HIGHEST WIND DIRECTION     W (290)
  HIGHEST GUST SPEED    26   HIGHEST GUST DIRECTION     W (290)
  AVERAGE WIND SPEED     6.4


SKY COVER
  POSSIBLE SUNSHINE  MM
  AVERAGE SKY COVER 0.3


WEATHER CONDITIONS
 THE FOLLOWING WEATHER WAS RECORDED YESTERDAY.
  LIGHT RAIN
  LIGHT SNOW
  FOG
  HAZE


RELATIVE HUMIDITY (PERCENT)
 HIGHEST    82          1100 AM
 LOWEST     45           500 PM
 AVERAGE    64

..........................................................


THE ELKINS WV CLIMATE NORMALS FOR TODAY
                         NORMAL    RECORD    YEAR
 MAXIMUM TEMPERATURE (F)   44        73      1939
 MINIMUM TEMPERATURE (F)   22        -5      1978
                                             1903


SUNRISE AND SUNSET
FEBRUARY 19 2018......SUNRISE   706 AM EST   SUNSET   601 PM EST
FEBRUARY 20 2018......SUNRISE   704 AM EST   SUNSET   602 PM EST


-  INDICATES NEGATIVE NUMBERS.
R  INDICATES RECORD WAS SET OR TIED.
MM INDICATES DATA IS MISSING.
T  INDICATES TRACE AMOUNT.




$$
