000
CDUS41 KRLX 210823
CLIEKN


CLIMATE REPORT
NATIONAL WEATHER SERVICE CHARLESTON WV
322 AM EST TUE FEB 21 2017


...................................

...THE ELKINS WV CLIMATE SUMMARY FOR FEBRUARY 20 2017...

CLIMATE NORMAL PERIOD 1981 TO 2010
CLIMATE RECORD PERIOD 1899 TO 2017


WEATHER ITEM   OBSERVED TIME   RECORD YEAR NORMAL DEPARTURE LAST
                VALUE   (LST)  VALUE       VALUE  FROM      YEAR
                                                  NORMAL
..................................................................
TEMPERATURE (F)
 YESTERDAY
  MAXIMUM         67    441 PM  68    1955  44     23       66
  MINIMUM         31    720 AM -15    1978  22      9       50
  AVERAGE         49                        33     16       58

PRECIPITATION (IN)
  YESTERDAY        0.00          1.23 1981   0.12  -0.12     0.00
  MONTH TO DATE    1.52                      2.18  -0.66     1.50
  SINCE JAN 1      6.61                      5.41   1.20     3.87

SNOWFALL (IN)
  YESTERDAY        0.0
  MONTH TO DATE    9.9
  SINCE SEP 1     30.4
  SNOW DEPTH       0

DEGREE DAYS
 HEATING
  YESTERDAY       16                        32    -16        7
  MONTH TO DATE  539                       673   -134      694
  SINCE DEC 1   2319                      2790   -471     2521
  SINCE JUL 1   3264                      4074   -810     3524

 COOLING
  YESTERDAY        0                         0      0        0
  MONTH TO DATE    0                         0      0        0
  SINCE DEC 1      0                         0      0        0
  SINCE JAN 1      0                         0      0        0
..................................................................


WIND (MPH)
  HIGHEST WIND SPEED     9   HIGHEST WIND DIRECTION     N (360)
  HIGHEST GUST SPEED    12   HIGHEST GUST DIRECTION     N (360)
  AVERAGE WIND SPEED     1.2


SKY COVER
  POSSIBLE SUNSHINE  MM
  AVERAGE SKY COVER 0.3


WEATHER CONDITIONS
 THE FOLLOWING WEATHER WAS RECORDED YESTERDAY.
  FOG
  FOG W/VISIBILITY <= 1/4 MILE
  HAZE


RELATIVE HUMIDITY (PERCENT)
 HIGHEST    92           100 AM
 LOWEST     28           200 PM
 AVERAGE    60

..........................................................


THE ELKINS WV CLIMATE NORMALS FOR TODAY
                         NORMAL    RECORD    YEAR
 MAXIMUM TEMPERATURE (F)   44        68      1997
 MINIMUM TEMPERATURE (F)   22        -7      1958


SUNRISE AND SUNSET
FEBRUARY 21 2017......SUNRISE   703 AM EST   SUNSET   604 PM EST
FEBRUARY 22 2017......SUNRISE   701 AM EST   SUNSET   605 PM EST


-  INDICATES NEGATIVE NUMBERS.
R  INDICATES RECORD WAS SET OR TIED.
MM INDICATES DATA IS MISSING.
T  INDICATES TRACE AMOUNT.




$$
