000
CDUS41 KRLX 290717
CLIEKN


CLIMATE REPORT
NATIONAL WEATHER SERVICE CHARLESTON WV
316 AM EDT MON AUG 29 2016


...................................

...THE ELKINS WV CLIMATE SUMMARY FOR AUGUST 28 2016...

CLIMATE NORMAL PERIOD 1981 TO 2010
CLIMATE RECORD PERIOD 1899 TO 2016


WEATHER ITEM   OBSERVED TIME   RECORD YEAR NORMAL DEPARTURE LAST
                VALUE   (LST)  VALUE       VALUE  FROM      YEAR
                                                  NORMAL
..................................................................
TEMPERATURE (F)
 YESTERDAY
  MAXIMUM         87   1251 PM  92    1993  79      8       81
                                      1948
  MINIMUM         65    554 AM  40    1986  57      8       48
                                      1946
  AVERAGE         76                        68      8       65

PRECIPITATION (IN)
  YESTERDAY        T             3.32 2013   0.11  -0.11     0.00
  MONTH TO DATE    3.17                      3.50  -0.33     2.10
  SINCE JAN 1     30.00                     32.47  -2.47    37.45

SNOWFALL (IN)
  YESTERDAY        0.0
  MONTH TO DATE    0.0
  SINCE SEP 1     59.0
  SNOW DEPTH       0

DEGREE DAYS
 HEATING
  YESTERDAY        0                         1     -1        0
  MONTH TO DATE    0                        13    -13       11
  SINCE JUN 1     28                        80    -52       32
  SINCE JUL 1      0                        25    -25       11

 COOLING
  YESTERDAY       11                         4      7        0
  MONTH TO DATE  263                       132    131      107
  SINCE JUN 1    639                       390    249      461
  SINCE JAN 1    668                       413    255      526
..................................................................


WIND (MPH)
  HIGHEST WIND SPEED    12   HIGHEST WIND DIRECTION    SE (150)
  HIGHEST GUST SPEED    15   HIGHEST GUST DIRECTION    SE (150)
  AVERAGE WIND SPEED     1.6


SKY COVER
  POSSIBLE SUNSHINE  MM
  AVERAGE SKY COVER 0.5


WEATHER CONDITIONS
 THE FOLLOWING WEATHER WAS RECORDED YESTERDAY.
  LIGHT RAIN
  FOG
  FOG W/VISIBILITY <= 1/4 MILE


RELATIVE HUMIDITY (PERCENT)
 HIGHEST   100          1200 AM
 LOWEST     55          1200 PM
 AVERAGE    78

..........................................................


THE ELKINS WV CLIMATE NORMALS FOR TODAY
                         NORMAL    RECORD    YEAR
 MAXIMUM TEMPERATURE (F)   79        93      1993
 MINIMUM TEMPERATURE (F)   56        34      1965


SUNRISE AND SUNSET
AUGUST 29 2016........SUNRISE   646 AM EDT   SUNSET   753 PM EDT
AUGUST 30 2016........SUNRISE   647 AM EDT   SUNSET   752 PM EDT


-  INDICATES NEGATIVE NUMBERS.
R  INDICATES RECORD WAS SET OR TIED.
MM INDICATES DATA IS MISSING.
T  INDICATES TRACE AMOUNT.




$$
