000
CDUS41 KRLX 010716
CLIEKN


CLIMATE REPORT
NATIONAL WEATHER SERVICE CHARLESTON WV
315 AM EDT SAT OCT 1 2016


...................................

...THE ELKINS WV CLIMATE SUMMARY FOR SEPTEMBER 30 2016...

CLIMATE NORMAL PERIOD 1981 TO 2010
CLIMATE RECORD PERIOD 1899 TO 2016


WEATHER ITEM   OBSERVED TIME   RECORD YEAR NORMAL DEPARTURE LAST
                VALUE   (LST)  VALUE       VALUE  FROM      YEAR
                                                  NORMAL
..................................................................
TEMPERATURE (F)
 YESTERDAY
  MAXIMUM         66    459 PM  90    1953  69     -3       68
  MINIMUM         55   1114 PM  26    1899  45     10       60
  AVERAGE         61                        57      4       64

PRECIPITATION (IN)
  YESTERDAY        1.26          1.86 2010   0.11   1.15     0.04
  MONTH TO DATE    5.10                      3.63   1.47     2.67
  SINCE JAN 1     35.10                     36.44  -1.34    40.12

SNOWFALL (IN)
  YESTERDAY        0.0
  MONTH TO DATE    0.0
  SINCE SEP 1      0.0
  SNOW DEPTH       0

DEGREE DAYS
 HEATING
  YESTERDAY        4                         9     -5        1
  MONTH TO DATE   22                       130   -108       57
  SINCE SEP 1     22                       130   -108       57
  SINCE JUL 1     22                       160   -138       68

 COOLING
  YESTERDAY        0                         0      0        0
  MONTH TO DATE  115                        45     70       86
  SINCE SEP 1    115                        45     70       86
  SINCE JAN 1    804                       471    333      627
..................................................................


WIND (MPH)
  HIGHEST WIND SPEED    15   HIGHEST WIND DIRECTION    SE (130)
  HIGHEST GUST SPEED    21   HIGHEST GUST DIRECTION    SE (130)
  AVERAGE WIND SPEED     2.6


SKY COVER
  POSSIBLE SUNSHINE  MM
  AVERAGE SKY COVER 0.9


WEATHER CONDITIONS
 THE FOLLOWING WEATHER WAS RECORDED YESTERDAY.
  HEAVY RAIN
  RAIN
  LIGHT RAIN
  FOG


RELATIVE HUMIDITY (PERCENT)
 HIGHEST    93          1100 PM
 LOWEST     67          1100 AM
 AVERAGE    80

..........................................................


THE ELKINS WV CLIMATE NORMALS FOR TODAY
                         NORMAL    RECORD    YEAR
 MAXIMUM TEMPERATURE (F)   68        86      1927
 MINIMUM TEMPERATURE (F)   44        22      1899


SUNRISE AND SUNSET
OCTOBER  1 2016.......SUNRISE   716 AM EDT   SUNSET   701 PM EDT
OCTOBER  2 2016.......SUNRISE   717 AM EDT   SUNSET   700 PM EDT


-  INDICATES NEGATIVE NUMBERS.
R  INDICATES RECORD WAS SET OR TIED.
MM INDICATES DATA IS MISSING.
T  INDICATES TRACE AMOUNT.




$$
