000
CDUS41 KRLX 080820
CLIEKN


CLIMATE REPORT
NATIONAL WEATHER SERVICE CHARLESTON WV
320 AM EST THU DEC 8 2016


...................................

...THE ELKINS WV CLIMATE SUMMARY FOR DECEMBER 7 2016...

CLIMATE NORMAL PERIOD 1981 TO 2010
CLIMATE RECORD PERIOD 1899 TO 2016


WEATHER ITEM   OBSERVED TIME   RECORD YEAR NORMAL DEPARTURE LAST
                VALUE   (LST)  VALUE       VALUE  FROM      YEAR
                                                  NORMAL
..................................................................
TEMPERATURE (F)
 YESTERDAY
  MAXIMUM         45    225 PM  76    1951  45      0       52
  MINIMUM         25   1150 PM  -4    2008  25      0       22
  AVERAGE         35                        35      0       37

PRECIPITATION (IN)
  YESTERDAY        0.02          1.80 2011   0.11  -0.09     0.01
  MONTH TO DATE    1.05                      0.79   0.26     1.47
  SINCE JAN 1     41.24                     43.46  -2.22    44.94

SNOWFALL (IN)
  YESTERDAY        0.0
  MONTH TO DATE    T
  SINCE SEP 1      4.7
  SNOW DEPTH       0

DEGREE DAYS
 HEATING
  YESTERDAY       30                        30      0       28
  MONTH TO DATE  191                       205    -14      170
  SINCE DEC 1    191                       205    -14      170
  SINCE JUL 1   1136                      1489   -353     1173

 COOLING
  YESTERDAY        0                         0      0        0
  MONTH TO DATE    0                         0      0        0
  SINCE DEC 1      0                         0      0        0
  SINCE JAN 1    809                       475    334      627
..................................................................


WIND (MPH)
  HIGHEST WIND SPEED    16   HIGHEST WIND DIRECTION    NW (310)
  HIGHEST GUST SPEED    21   HIGHEST GUST DIRECTION    NW (310)
  AVERAGE WIND SPEED     4.6


SKY COVER
  POSSIBLE SUNSHINE  MM
  AVERAGE SKY COVER 0.3


WEATHER CONDITIONS
 THE FOLLOWING WEATHER WAS RECORDED YESTERDAY.
  LIGHT RAIN
  FOG


RELATIVE HUMIDITY (PERCENT)
 HIGHEST    85           300 AM
 LOWEST     37           200 PM
 AVERAGE    61

..........................................................


THE ELKINS WV CLIMATE NORMALS FOR TODAY
                         NORMAL    RECORD    YEAR
 MAXIMUM TEMPERATURE (F)   44        75      1966
 MINIMUM TEMPERATURE (F)   25        -5      1977


SUNRISE AND SUNSET
DECEMBER  8 2016......SUNRISE   726 AM EST   SUNSET   457 PM EST
DECEMBER  9 2016......SUNRISE   727 AM EST   SUNSET   457 PM EST


-  INDICATES NEGATIVE NUMBERS.
R  INDICATES RECORD WAS SET OR TIED.
MM INDICATES DATA IS MISSING.
T  INDICATES TRACE AMOUNT.




$$
