000
CDUS41 KRLX 020720
CLIEKN


CLIMATE REPORT
NATIONAL WEATHER SERVICE CHARLESTON WV
319 AM EDT TUE SEP 2 2014


...................................

...THE ELKINS WV CLIMATE SUMMARY FOR SEPTEMBER 1 2014...

CLIMATE NORMAL PERIOD 1981 TO 2010
CLIMATE RECORD PERIOD 1899 TO 2014


WEATHER ITEM   OBSERVED TIME   RECORD YEAR NORMAL DEPARTURE LAST
                VALUE   (LST)  VALUE       VALUE  FROM      YEAR
                                                  NORMAL
..................................................................
TEMPERATURE (F)
 YESTERDAY
  MAXIMUM         84    257 PM  94    1932  78      6       82
  MINIMUM         68    627 AM  38    1999  56     12       62
                                      1946
  AVERAGE         76                        67      9       72

PRECIPITATION (IN)
  YESTERDAY        0.03          1.43 1981   0.12  -0.09      T
  MONTH TO DATE    0.03                      0.12  -0.09      T
  SINCE JAN 1     28.26                     32.93  -4.67    32.92

SNOWFALL (IN)
  YESTERDAY        0.0
  MONTH TO DATE    0.0
  SINCE SEP 1      0.0
  SNOW DEPTH       0

DEGREE DAYS
 HEATING
  YESTERDAY        0                         1     -1        0
  MONTH TO DATE    0                         1     -1        0
  SINCE SEP 1      0                         1     -1        0
  SINCE JUL 1     51                        31     20       23

 COOLING
  YESTERDAY       11                         3      8        7
  MONTH TO DATE   11                         3      8        7
  SINCE SEP 1     11                         3      8        7
  SINCE JAN 1    449                       429     20      470
..................................................................


WIND (MPH)
  HIGHEST WIND SPEED    14   HIGHEST WIND DIRECTION     W (250)
  HIGHEST GUST SPEED    20   HIGHEST GUST DIRECTION    SW (210)
  AVERAGE WIND SPEED     5.3


SKY COVER
  POSSIBLE SUNSHINE  MM
  AVERAGE SKY COVER 0.6


WEATHER CONDITIONS
 THE FOLLOWING WEATHER WAS RECORDED YESTERDAY.
  RAIN
  LIGHT RAIN
  FOG


RELATIVE HUMIDITY (PERCENT)
 HIGHEST    93           300 AM
 LOWEST     55           300 PM
 AVERAGE    74

..........................................................


THE ELKINS WV CLIMATE NORMALS FOR TODAY
                         NORMAL    RECORD    YEAR
 MAXIMUM TEMPERATURE (F)   78        93      1993
                                             1953
 MINIMUM TEMPERATURE (F)   55        38      1999
                                             1987


SUNRISE AND SUNSET
SEPTEMBER  2 2014.....SUNRISE   549 AM EST   SUNSET   648 PM EST
SEPTEMBER  3 2014.....SUNRISE   550 AM EST   SUNSET   647 PM EST


-  INDICATES NEGATIVE NUMBERS.
R  INDICATES RECORD WAS SET OR TIED.
MM INDICATES DATA IS MISSING.
T  INDICATES TRACE AMOUNT.




$$
