000
CDUS41 KRLX 030729
CLIEKN


CLIMATE REPORT
NATIONAL WEATHER SERVICE CHARLESTON WV
327 AM EDT FRI JUL 3 2015


...................................

...THE ELKINS WV CLIMATE SUMMARY FOR JULY 2 2015...

CLIMATE NORMAL PERIOD 1981 TO 2010
CLIMATE RECORD PERIOD 1899 TO 2015


WEATHER ITEM   OBSERVED TIME   RECORD YEAR NORMAL DEPARTURE LAST
                VALUE   (LST)  VALUE       VALUE  FROM      YEAR
                                                  NORMAL
..................................................................
TEMPERATURE (F)
 YESTERDAY
  MAXIMUM         73    439 PM  93    1966  81     -8       85
                                      1931
  MINIMUM         57   1159 PM  34    1988  58     -1       64
  AVERAGE         65                        69     -4       75

PRECIPITATION (IN)
  YESTERDAY        0.02          2.50 1916   0.17  -0.15      T
  MONTH TO DATE    0.02                      0.35  -0.33      T
  SINCE JAN 1     30.39                     23.96   6.43    19.86

SNOWFALL (IN)
  YESTERDAY        0.0
  MONTH TO DATE    0.0
  SINCE SEP 1     70.3
  SNOW DEPTH       0

DEGREE DAYS
 HEATING
  YESTERDAY        0                         1     -1        0
  MONTH TO DATE    0                         2     -2        0
  SINCE JUN 1     21                        57    -36       14
  SINCE JUL 1      0                         2     -2        0

 COOLING
  YESTERDAY        0                         5     -5       10
  MONTH TO DATE    2                        10     -8       20
  SINCE JUN 1    155                       102     53      165
  SINCE JAN 1    220                       125     95      201
..................................................................


WIND (MPH)
  HIGHEST WIND SPEED     9   HIGHEST WIND DIRECTION     N (350)
  HIGHEST GUST SPEED    12   HIGHEST GUST DIRECTION     N (360)
  AVERAGE WIND SPEED     0.9


SKY COVER
  POSSIBLE SUNSHINE  MM
  AVERAGE SKY COVER 0.5


WEATHER CONDITIONS
 THE FOLLOWING WEATHER WAS RECORDED YESTERDAY.
  LIGHT RAIN
  FOG
  HAZE


RELATIVE HUMIDITY (PERCENT)
 HIGHEST    93           100 AM
 LOWEST     53           200 PM
 AVERAGE    73

..........................................................


THE ELKINS WV CLIMATE NORMALS FOR TODAY
                         NORMAL    RECORD    YEAR
 MAXIMUM TEMPERATURE (F)   81        92      1911
 MINIMUM TEMPERATURE (F)   58        40      1988


SUNRISE AND SUNSET
JULY  3 2015..........SUNRISE   559 AM EDT   SUNSET   848 PM EDT
JULY  4 2015..........SUNRISE   559 AM EDT   SUNSET   848 PM EDT


-  INDICATES NEGATIVE NUMBERS.
R  INDICATES RECORD WAS SET OR TIED.
MM INDICATES DATA IS MISSING.
T  INDICATES TRACE AMOUNT.




$$
