000
CDUS41 KRLX 290718
CLIEKN


CLIMATE REPORT
NATIONAL WEATHER SERVICE CHARLESTON WV
317 AM EDT WED JUL 29 2015


...................................

...THE ELKINS WV CLIMATE SUMMARY FOR JULY 28 2015...

CLIMATE NORMAL PERIOD 1981 TO 2010
CLIMATE RECORD PERIOD 1899 TO 2015


WEATHER ITEM   OBSERVED TIME   RECORD YEAR NORMAL DEPARTURE LAST
                VALUE   (LST)  VALUE       VALUE  FROM      YEAR
                                                  NORMAL
..................................................................
TEMPERATURE (F)
 YESTERDAY
  MAXIMUM         87    202 PM  94    1993  81      6       70
  MINIMUM         65    426 AM  42    1977  59      6       52
                                      1962
  AVERAGE         76                        70      6       61

PRECIPITATION (IN)
  YESTERDAY        0.00          1.60 1980   0.15  -0.15     0.24
  MONTH TO DATE    4.54                      4.87  -0.33     5.28
  SINCE JAN 1     34.91                     28.48   6.43    25.14

SNOWFALL (IN)
  YESTERDAY        0.0
  MONTH TO DATE    0.0
  SINCE SEP 1     70.3
  SNOW DEPTH       0

DEGREE DAYS
 HEATING
  YESTERDAY        0                         0      0        4
  MONTH TO DATE    0                         8     -8       22
  SINCE JUN 1     21                        63    -42       36
  SINCE JUL 1      0                         8     -8       22

 COOLING
  YESTERDAY       11                         5      6        0
  MONTH TO DATE  180                       142     38      142
  SINCE JUN 1    333                       234     99      287
  SINCE JAN 1    398                       257    141      323
..................................................................


WIND (MPH)
  HIGHEST WIND SPEED    12   HIGHEST WIND DIRECTION    NW (320)
  HIGHEST GUST SPEED    15   HIGHEST GUST DIRECTION     W (290)
  AVERAGE WIND SPEED     2.2


SKY COVER
  POSSIBLE SUNSHINE  MM
  AVERAGE SKY COVER 0.4


WEATHER CONDITIONS
 THE FOLLOWING WEATHER WAS RECORDED YESTERDAY.
  FOG


RELATIVE HUMIDITY (PERCENT)
 HIGHEST    93           300 AM
 LOWEST     55           100 PM
 AVERAGE    74

..........................................................


THE ELKINS WV CLIMATE NORMALS FOR TODAY
                         NORMAL    RECORD    YEAR
 MAXIMUM TEMPERATURE (F)   81        91      1940
 MINIMUM TEMPERATURE (F)   59        44      1925
                                             1920


SUNRISE AND SUNSET
JULY 29 2015..........SUNRISE   618 AM EDT   SUNSET   834 PM EDT
JULY 30 2015..........SUNRISE   618 AM EDT   SUNSET   833 PM EDT


-  INDICATES NEGATIVE NUMBERS.
R  INDICATES RECORD WAS SET OR TIED.
MM INDICATES DATA IS MISSING.
T  INDICATES TRACE AMOUNT.




$$
