000
CDUS41 KRLX 250738
CLIEKN


CLIMATE REPORT
NATIONAL WEATHER SERVICE CHARLESTON WV
336 AM EDT SUN JUN 25 2017


...................................

...THE ELKINS WV CLIMATE SUMMARY FOR JUNE 24 2017...

CLIMATE NORMAL PERIOD 1981 TO 2010
CLIMATE RECORD PERIOD 1899 TO 2017


WEATHER ITEM   OBSERVED TIME   RECORD YEAR NORMAL DEPARTURE LAST
                VALUE   (LST)  VALUE       VALUE  FROM      YEAR
                                                  NORMAL
..................................................................
TEMPERATURE (F)
 YESTERDAY
  MAXIMUM         78    237 PM  90    1949  80     -2       84
                                      1914
  MINIMUM         59   1159 PM  37    1915  57      2       61
  AVERAGE         69                        68      1       73

PRECIPITATION (IN)
  YESTERDAY        0.05          2.14 1996   0.15  -0.10     0.00
                                      1950
  MONTH TO DATE    3.69                      3.43   0.26     4.92
  SINCE JAN 1     24.39                     22.64   1.75    22.36

SNOWFALL (IN)
  YESTERDAY        0.0
  MONTH TO DATE    0.0
  SINCE SEP 1     44.5
  SNOW DEPTH       0

DEGREE DAYS
 HEATING
  YESTERDAY        0                         1     -1        0
  MONTH TO DATE   42                        50     -8       25
  SINCE JUN 1     42                        50     -8       25
  SINCE JUL 1   4631                      5847  -1216     4985

 COOLING
  YESTERDAY        4                         4      0        8
  MONTH TO DATE   95                        65     30       92
  SINCE JUN 1     95                        65     30       92
  SINCE JAN 1    139                        88     51      121
..................................................................


WIND (MPH)
  HIGHEST WIND SPEED    15   HIGHEST WIND DIRECTION     W (290)
  HIGHEST GUST SPEED    23   HIGHEST GUST DIRECTION    NW (310)
  AVERAGE WIND SPEED     6.4


SKY COVER
  POSSIBLE SUNSHINE  MM
  AVERAGE SKY COVER 0.7


WEATHER CONDITIONS
 THE FOLLOWING WEATHER WAS RECORDED YESTERDAY.
  HEAVY RAIN
  LIGHT RAIN
  FOG


RELATIVE HUMIDITY (PERCENT)
 HIGHEST    93           100 AM
 LOWEST     46           200 PM
 AVERAGE    70

..........................................................


THE ELKINS WV CLIMATE NORMALS FOR TODAY
                         NORMAL    RECORD    YEAR
 MAXIMUM TEMPERATURE (F)   80        92      1914
 MINIMUM TEMPERATURE (F)   57        40      1915


SUNRISE AND SUNSET
JUNE 25 2017..........SUNRISE   555 AM EDT   SUNSET   849 PM EDT
JUNE 26 2017..........SUNRISE   556 AM EDT   SUNSET   849 PM EDT


-  INDICATES NEGATIVE NUMBERS.
R  INDICATES RECORD WAS SET OR TIED.
MM INDICATES DATA IS MISSING.
T  INDICATES TRACE AMOUNT.




$$
