000
CDUS41 KRLX 210718
CLIEKN


CLIMATE REPORT
NATIONAL WEATHER SERVICE CHARLESTON WV
318 AM EDT SAT OCT 21 2017


...................................

...THE ELKINS WV CLIMATE SUMMARY FOR OCTOBER 20 2017...

CLIMATE NORMAL PERIOD 1981 TO 2010
CLIMATE RECORD PERIOD 1899 TO 2017


WEATHER ITEM   OBSERVED TIME   RECORD YEAR NORMAL DEPARTURE LAST
                VALUE   (LST)  VALUE       VALUE  FROM      YEAR
                                                  NORMAL
..................................................................
TEMPERATURE (F)
 YESTERDAY
  MAXIMUM         72    251 PM  83    2016  63      9       83
  MINIMUM         37    655 AM  15    1992  37      0       51
  AVERAGE         55                        50      5       67

PRECIPITATION (IN)
  YESTERDAY        0.00          3.29 1985   0.08  -0.08     0.07
  MONTH TO DATE    1.93                      1.80   0.13     1.29
  SINCE JAN 1     37.43                     38.24  -0.81    36.39

SNOWFALL (IN)
  YESTERDAY        0.0           0.3  1989   0.0    0.0      0.0
  MONTH TO DATE    0.0                       0.1   -0.1      0.0
  SINCE SEP 1      0.0                       0.1   -0.1      0.0
  SNOW DEPTH       0

DEGREE DAYS
 HEATING
  YESTERDAY       10                        15     -5        0
  MONTH TO DATE  112                       244   -132      132
  SINCE SEP 1    215                       374   -159      154
  SINCE JUL 1    237                       404   -167      154

 COOLING
  YESTERDAY        0                         0      0        2
  MONTH TO DATE   25                         0     25        5
  SINCE SEP 1     82                        45     37      120
  SINCE JAN 1    544                       471     73      809
..................................................................


WIND (MPH)
  HIGHEST WIND SPEED     9   HIGHEST WIND DIRECTION     N (360)
  HIGHEST GUST SPEED    13   HIGHEST GUST DIRECTION    NW (320)
  AVERAGE WIND SPEED     1.5


SKY COVER
  POSSIBLE SUNSHINE  MM
  AVERAGE SKY COVER 0.0


WEATHER CONDITIONS
 THE FOLLOWING WEATHER WAS RECORDED YESTERDAY.
  FOG


RELATIVE HUMIDITY (PERCENT)
 HIGHEST    92          1200 AM
 LOWEST     31           300 PM
 AVERAGE    62

..........................................................


THE ELKINS WV CLIMATE NORMALS FOR TODAY
                         NORMAL    RECORD    YEAR
 MAXIMUM TEMPERATURE (F)   63        83      1949
 MINIMUM TEMPERATURE (F)   36        11      1952


SUNRISE AND SUNSET
OCTOBER 21 2017.......SUNRISE   735 AM EDT   SUNSET   632 PM EDT
OCTOBER 22 2017.......SUNRISE   736 AM EDT   SUNSET   631 PM EDT


-  INDICATES NEGATIVE NUMBERS.
R  INDICATES RECORD WAS SET OR TIED.
MM INDICATES DATA IS MISSING.
T  INDICATES TRACE AMOUNT.




$$
