000
CDUS41 KRLX 290719
CLIEKN


CLIMATE REPORT
NATIONAL WEATHER SERVICE CHARLESTON WV
318 AM EDT FRI MAY 29 2015


...................................

...THE ELKINS WV CLIMATE SUMMARY FOR MAY 28 2015...

CLIMATE NORMAL PERIOD 1981 TO 2010
CLIMATE RECORD PERIOD 1899 TO 2015


WEATHER ITEM   OBSERVED TIME   RECORD YEAR NORMAL DEPARTURE LAST
                VALUE   (LST)  VALUE       VALUE  FROM      YEAR
                                                  NORMAL
..................................................................
TEMPERATURE (F)
 YESTERDAY
  MAXIMUM         83    218 PM  88    2012  73     10       81
                                      1914
  MINIMUM         57    525 AM  31    1994  49      8       58
  AVERAGE         70                        61      9       70

PRECIPITATION (IN)
  YESTERDAY        0.00          0.99 2004   0.16  -0.16     0.19
  MONTH TO DATE    1.52                      4.62  -3.10     3.79
  SINCE JAN 1     21.58                     18.71   2.87    15.18

SNOWFALL (IN)
  YESTERDAY        0.0
  MONTH TO DATE    0.0
  SINCE SEP 1     70.3
  SNOW DEPTH       0

DEGREE DAYS
 HEATING
  YESTERDAY        0                         5     -5        0
  MONTH TO DATE  108                       222   -114      178
  SINCE MAR 1   1304                      1464   -160     1462
  SINCE JUL 1   5935                      5785    150     5985

 COOLING
  YESTERDAY        5                         1      4        5
  MONTH TO DATE   47                        15     32       31
  SINCE MAR 1     50                        18     32       33
  SINCE JAN 1     50                        18     32       33
..................................................................


WIND (MPH)
  HIGHEST WIND SPEED    12   HIGHEST WIND DIRECTION     N (350)
  HIGHEST GUST SPEED    15   HIGHEST GUST DIRECTION    NW (300)
  AVERAGE WIND SPEED     1.9


SKY COVER
  POSSIBLE SUNSHINE  MM
  AVERAGE SKY COVER 0.3


WEATHER CONDITIONS
 THE FOLLOWING WEATHER WAS RECORDED YESTERDAY.
  FOG
  FOG W/VISIBILITY <= 1/4 MILE


RELATIVE HUMIDITY (PERCENT)
 HIGHEST    97          1200 AM
 LOWEST     45           200 PM
 AVERAGE    71

..........................................................


THE ELKINS WV CLIMATE NORMALS FOR TODAY
                         NORMAL    RECORD    YEAR
 MAXIMUM TEMPERATURE (F)   74        90      1914
 MINIMUM TEMPERATURE (F)   50        32      1964


SUNRISE AND SUNSET
MAY 29 2015...........SUNRISE   557 AM EDT   SUNSET   837 PM EDT
MAY 30 2015...........SUNRISE   557 AM EDT   SUNSET   837 PM EDT


-  INDICATES NEGATIVE NUMBERS.
R  INDICATES RECORD WAS SET OR TIED.
MM INDICATES DATA IS MISSING.
T  INDICATES TRACE AMOUNT.




$$
