000
CDUS45 KLKN 280026
CLIEKO


CLIMATE REPORT
NATIONAL WEATHER SERVICE ELKO NV
526 PM PDT WED AUG 27 2014


...................................

...THE ELKO AIRPORT NV CLIMATE SUMMARY FOR AUGUST 27 2014...
VALID TODAY AS OF 0500 PM LOCAL TIME.

CLIMATE NORMAL PERIOD 1981 TO 2010
CLIMATE RECORD PERIOD 1888 TO 2014


WEATHER ITEM   OBSERVED TIME   RECORD YEAR NORMAL DEPARTURE LAST
                VALUE   (LST)  VALUE       VALUE  FROM      YEAR
                                                  NORMAL
..................................................................
TEMPERATURE (F)
 TODAY
  MAXIMUM         83    250 PM 101    1924  86     -3       88
  MINIMUM         46    538 AM  24    1992  46      0       60
                                      1910
  AVERAGE         65                        66     -1       74

PRECIPITATION (IN)
  TODAY            0.00          4.13 1970   0.01  -0.01     0.04
  MONTH TO DATE    1.27                      0.32   0.95     0.18
  SINCE OCT 1      9.28                      9.29  -0.01     6.32
  SINCE JAN 1      7.67                      6.23   1.44     3.49

SNOWFALL (IN)
  TODAY            0.0           0.0  1888   0.0    0.0      0.0
  MONTH TO DATE    0.0                       0.0    0.0      0.0
  SINCE JUN 1      0.0                       0.0    0.0      0.0
  SINCE JUL 1      0.0                       0.0    0.0      0.0
  SNOW DEPTH       0

DEGREE DAYS
 HEATING
  TODAY            0                         2     -2        0
  MONTH TO DATE   18                        22     -4        0
  SINCE JUN 1    110                       172    -62       63
  SINCE JUL 1     18                        41    -23        0

 COOLING
  TODAY            0                         3     -3        9
  MONTH TO DATE  120                       123     -3      184
  SINCE JUN 1    493                       350    143      680
  SINCE JAN 1    496                       354    142      684
..................................................................


WIND (MPH)
  HIGHEST WIND SPEED    13   HIGHEST WIND DIRECTION     S (200)
  HIGHEST GUST SPEED    16   HIGHEST GUST DIRECTION    SW (230)



WEATHER CONDITIONS
 THE FOLLOWING WEATHER WAS RECORDED TODAY.
  NO SIGNIFICANT WEATHER WAS OBSERVED.


RELATIVE HUMIDITY (PERCENT)
 HIGHEST    86           400 AM
 LOWEST     16           200 PM
 AVERAGE    51

..........................................................


THE ELKO AIRPORT NV CLIMATE NORMALS FOR TOMORROW
                         NORMAL    RECORD    YEAR
 MAXIMUM TEMPERATURE (F)   86       100      1924
 MINIMUM TEMPERATURE (F)   45        28      1942


SUNRISE AND SUNSET
AUGUST 27 2014........SUNRISE   605 AM PDT   SUNSET   723 PM PDT
AUGUST 28 2014........SUNRISE   606 AM PDT   SUNSET   722 PM PDT


-  INDICATES NEGATIVE NUMBERS.
R  INDICATES RECORD WAS SET OR TIED.
MM INDICATES DATA IS MISSING.
T  INDICATES TRACE AMOUNT.




$$
