000
CDUS45 KLKN 050939
CLIEKO


CLIMATE REPORT
NATIONAL WEATHER SERVICE ELKO NV
239 AM PDT WED AUG 5 2015


...................................

...THE ELKO AIRPORT NV CLIMATE SUMMARY FOR AUGUST 4 2015...

CLIMATE NORMAL PERIOD 1981 TO 2010
CLIMATE RECORD PERIOD 1888 TO 2015


WEATHER ITEM   OBSERVED TIME   RECORD YEAR NORMAL DEPARTURE LAST
                VALUE   (LST)  VALUE       VALUE  FROM      YEAR
                                                  NORMAL
..................................................................
TEMPERATURE (F)
 YESTERDAY
  MAXIMUM         94    306 PM 107    1978  91      3       77
  MINIMUM         52    424 AM  35    1917  50      2       61
                                      1888
  AVERAGE         73                        71      2       69

PRECIPITATION (IN)
  YESTERDAY        0.00          0.26 1970   0.01  -0.01     0.20
  MONTH TO DATE    T                         0.05  -0.05     0.20
  SINCE OCT 1      8.37                      9.02  -0.65     8.21
  SINCE JAN 1      6.13                      5.96   0.17     6.60

SNOWFALL (IN)
  YESTERDAY        0.0           0.0  1888   0.0    0.0      0.0
  MONTH TO DATE    0.0                       0.0    0.0      0.0
  SINCE JUN 1      0.0                       0.0    0.0      0.0
  SINCE JUL 1      0.0                       0.0    0.0      0.0
  SNOW DEPTH       0

DEGREE DAYS
 HEATING
  YESTERDAY        0                         0      0        0
  MONTH TO DATE    0                         0      0        0
  SINCE JUN 1     33                       150   -117       92
  SINCE JUL 1      9                        19    -10        0

 COOLING
  YESTERDAY        8                         6      2        4
  MONTH TO DATE   39                        24     15       34
  SINCE JUN 1    405                       251    154      407
  SINCE JAN 1    412                       255    157      410
..................................................................


WIND (MPH)
  HIGHEST WIND SPEED    18   HIGHEST WIND DIRECTION     W (290)
  HIGHEST GUST SPEED    25   HIGHEST GUST DIRECTION     N (360)
  AVERAGE WIND SPEED     6.1



WEATHER CONDITIONS
 THE FOLLOWING WEATHER WAS RECORDED YESTERDAY.
  NO SIGNIFICANT WEATHER WAS OBSERVED.


RELATIVE HUMIDITY (PERCENT)
 HIGHEST    59           400 AM
 LOWEST     10           200 PM
 AVERAGE    35

..........................................................


THE ELKO AIRPORT NV CLIMATE NORMALS FOR TODAY
                         NORMAL    RECORD    YEAR
 MAXIMUM TEMPERATURE (F)   91       106      1978
 MINIMUM TEMPERATURE (F)   50        34      1888


SUNRISE AND SUNSET
AUGUST  5 2015........SUNRISE   543 AM PDT   SUNSET   754 PM PDT
AUGUST  6 2015........SUNRISE   544 AM PDT   SUNSET   753 PM PDT


-  INDICATES NEGATIVE NUMBERS.
R  INDICATES RECORD WAS SET OR TIED.
MM INDICATES DATA IS MISSING.
T  INDICATES TRACE AMOUNT.




$$
