000
CDUS45 KLKN 250946
CLIEKO


CLIMATE REPORT
NATIONAL WEATHER SERVICE ELKO NV
141 AM PST SAT FEB 25 2017


...................................

...THE ELKO AIRPORT NV CLIMATE SUMMARY FOR FEBRUARY 24 2017...

CLIMATE NORMAL PERIOD 1981 TO 2010
CLIMATE RECORD PERIOD 1888 TO 2017


WEATHER ITEM   OBSERVED TIME   RECORD YEAR NORMAL DEPARTURE LAST
                VALUE   (LST)  VALUE       VALUE  FROM      YEAR
                                                  NORMAL
..................................................................
TEMPERATURE (F)
 YESTERDAY
  MAXIMUM         32    333 PM  69    1986  45    -13       53
  MINIMUM         20   1152 PM -20    1894  21     -1       24
  AVERAGE         26                        33     -7       39

PRECIPITATION (IN)
  YESTERDAY        T             0.96 1902   0.03  -0.03     0.00
  MONTH TO DATE    1.51                      0.71   0.80     0.31
  SINCE OCT 1      9.62                      4.89   4.73     6.82
  SINCE JAN 1      3.99                      1.83   2.16     2.28

SNOWFALL (IN)
  YESTERDAY        0.1           4.5  1890   0.2   -0.1      0.0
  MONTH TO DATE    1.7                       5.7   -4.0      3.3
  SINCE DEC 1     44.5                      26.1   18.4     44.1
  SINCE JUL 1     50.0                      31.8   18.2     56.3
  SNOW DEPTH       T

DEGREE DAYS
 HEATING
  YESTERDAY       39                        32      7       26
  MONTH TO DATE  649                       858   -209      899
  SINCE DEC 1   3243                      3305    -62     3437
  SINCE JUL 1   4588                      5043   -455     4918

 COOLING
  YESTERDAY        0                         0      0        0
  MONTH TO DATE    0                         0      0        0
  SINCE DEC 1      0                         0      0        0
  SINCE JAN 1      0                         0      0        0
..................................................................


WIND (MPH)
  HIGHEST WIND SPEED    16   HIGHEST WIND DIRECTION     W (250)
  HIGHEST GUST SPEED    24   HIGHEST GUST DIRECTION    SW (210)
  AVERAGE WIND SPEED     6.3



WEATHER CONDITIONS
 THE FOLLOWING WEATHER WAS RECORDED YESTERDAY.
  LIGHT SNOW


RELATIVE HUMIDITY (PERCENT)
 HIGHEST    84           400 AM
 LOWEST     36           100 PM
 AVERAGE    60

..........................................................


THE ELKO AIRPORT NV CLIMATE NORMALS FOR TODAY
                         NORMAL    RECORD    YEAR
 MAXIMUM TEMPERATURE (F)   45        67      1986
 MINIMUM TEMPERATURE (F)   21       -12      1894


SUNRISE AND SUNSET
FEBRUARY 25 2017......SUNRISE   623 AM PST   SUNSET   530 PM PST
FEBRUARY 26 2017......SUNRISE   621 AM PST   SUNSET   531 PM PST


-  INDICATES NEGATIVE NUMBERS.
R  INDICATES RECORD WAS SET OR TIED.
MM INDICATES DATA IS MISSING.
T  INDICATES TRACE AMOUNT.




$$
