000
CDUS45 KLKN 050926
CLIEKO


CLIMATE REPORT
NATIONAL WEATHER SERVICE ELKO NV
226 AM PDT THU MAY 5 2016


...................................

...THE ELKO AIRPORT NV CLIMATE SUMMARY FOR MAY 4 2016...

CLIMATE NORMAL PERIOD 1981 TO 2010
CLIMATE RECORD PERIOD 1888 TO 2016


WEATHER ITEM   OBSERVED TIME   RECORD YEAR NORMAL DEPARTURE LAST
                VALUE   (LST)  VALUE       VALUE  FROM      YEAR
                                                  NORMAL
..................................................................
TEMPERATURE (F)
 YESTERDAY
  MAXIMUM         75    415 PM  87    1918  65     10       78
  MINIMUM         44    506 AM  16    1899  35      9       38
  AVERAGE         60                        50     10       58

PRECIPITATION (IN)
  YESTERDAY        0.00          0.76 1971   0.03  -0.03     0.00
  MONTH TO DATE    0.00                      0.13  -0.13      T
  SINCE OCT 1      9.82                      7.12   2.70     3.62
  SINCE JAN 1      5.28                      4.06   1.22     1.38

SNOWFALL (IN)
  YESTERDAY        0.0           4.0  1975   0.0    0.0      0.0
  MONTH TO DATE    0.0                       0.1   -0.1      0.0
  SINCE MAR 1      7.5                       8.4   -0.9      2.9
  SINCE JUL 1     63.8                      40.9   22.9     12.3
  SNOW DEPTH       0

DEGREE DAYS
 HEATING
  YESTERDAY        5                        15    -10        7
  MONTH TO DATE   43                        62    -19       21
  SINCE MAR 1   1189                      1465   -276     1229
  SINCE JUL 1   6214                      6633   -419     5237

 COOLING
  YESTERDAY        0                         0      0        0
  MONTH TO DATE    0                         0      0        0
  SINCE MAR 1      0                         0      0        0
  SINCE JAN 1      0                         0      0        0
..................................................................


WIND (MPH)
  HIGHEST WIND SPEED    18   HIGHEST WIND DIRECTION     S (170)
  HIGHEST GUST SPEED    24   HIGHEST GUST DIRECTION     S (160)
  AVERAGE WIND SPEED     6.8



WEATHER CONDITIONS
 THE FOLLOWING WEATHER WAS RECORDED YESTERDAY.
  NO SIGNIFICANT WEATHER WAS OBSERVED.


RELATIVE HUMIDITY (PERCENT)
 HIGHEST    70           500 AM
 LOWEST     22           300 PM
 AVERAGE    46

..........................................................


THE ELKO AIRPORT NV CLIMATE NORMALS FOR TODAY
                         NORMAL    RECORD    YEAR
 MAXIMUM TEMPERATURE (F)   66        86      1947
 MINIMUM TEMPERATURE (F)   35        15      1961


SUNRISE AND SUNSET
MAY  5 2016...........SUNRISE   536 AM PDT   SUNSET   744 PM PDT
MAY  6 2016...........SUNRISE   535 AM PDT   SUNSET   745 PM PDT


-  INDICATES NEGATIVE NUMBERS.
R  INDICATES RECORD WAS SET OR TIED.
MM INDICATES DATA IS MISSING.
T  INDICATES TRACE AMOUNT.




$$
