000
CDUS45 KLKN 180932
CLIEKO


CLIMATE REPORT
NATIONAL WEATHER SERVICE ELKO NV
227 AM PDT FRI AUG 18 2017


...................................

...THE ELKO AIRPORT NV CLIMATE SUMMARY FOR AUGUST 17 2017...

CLIMATE NORMAL PERIOD 1981 TO 2010
CLIMATE RECORD PERIOD 1888 TO 2017


WEATHER ITEM   OBSERVED TIME   RECORD YEAR NORMAL DEPARTURE LAST
                VALUE   (LST)  VALUE       VALUE  FROM      YEAR
                                                  NORMAL
..................................................................
TEMPERATURE (F)
 YESTERDAY
  MAXIMUM         89    425 PM 100    1917  89      0       97
  MINIMUM         47    508 AM  32    1993  48     -1       57
  AVERAGE         68                        68      0       77

PRECIPITATION (IN)
  YESTERDAY        0.00          0.42 2004   0.01  -0.01     0.00
  MONTH TO DATE    0.15                      0.21  -0.06      T
  SINCE OCT 1     13.63                      9.18   4.45    12.18
  SINCE JAN 1      8.00                      6.12   1.88     7.64

SNOWFALL (IN)
  YESTERDAY        0.0           0.0  1888   0.0    0.0      0.0
  MONTH TO DATE    0.0                       0.0    0.0      0.0
  SINCE JUN 1      T                         0.0    0.0       T
  SINCE JUL 1      0.0                       0.0    0.0      0.0
  SNOW DEPTH       0

DEGREE DAYS
 HEATING
  YESTERDAY        0                         1     -1        0
  MONTH TO DATE    4                         9     -5        0
  SINCE JUN 1     66                       159    -93       39
  SINCE JUL 1      4                        28    -24        9

 COOLING
  YESTERDAY        3                         4     -1       12
  MONTH TO DATE  122                        89     33      115
  SINCE JUN 1    578                       316    262      480
  SINCE JAN 1    582                       320    262      480
..................................................................


WIND (MPH)
  HIGHEST WIND SPEED    18   HIGHEST WIND DIRECTION     W (270)
  HIGHEST GUST SPEED    27   HIGHEST GUST DIRECTION     W (250)
  AVERAGE WIND SPEED     6.2



WEATHER CONDITIONS
 THE FOLLOWING WEATHER WAS RECORDED YESTERDAY.
  NO SIGNIFICANT WEATHER WAS OBSERVED.


RELATIVE HUMIDITY (PERCENT)
 HIGHEST    59           300 AM
 LOWEST      8           400 PM
 AVERAGE    34

..........................................................


THE ELKO AIRPORT NV CLIMATE NORMALS FOR TODAY
                         NORMAL    RECORD    YEAR
 MAXIMUM TEMPERATURE (F)   88        99      1917
                                             1895
 MINIMUM TEMPERATURE (F)   48        29      1910


SUNRISE AND SUNSET
AUGUST 18 2017........SUNRISE   557 AM PDT   SUNSET   737 PM PDT
AUGUST 19 2017........SUNRISE   558 AM PDT   SUNSET   735 PM PDT


-  INDICATES NEGATIVE NUMBERS.
R  INDICATES RECORD WAS SET OR TIED.
MM INDICATES DATA IS MISSING.
T  INDICATES TRACE AMOUNT.




$$
