000
CDUS45 KLKN 030929
CLIEKO


CLIMATE REPORT
NATIONAL WEATHER SERVICE ELKO NV
229 AM PDT FRI JUL 3 2015


...................................

...THE ELKO AIRPORT NV CLIMATE SUMMARY FOR JULY 2 2015...

CLIMATE NORMAL PERIOD 1981 TO 2010
CLIMATE RECORD PERIOD 1888 TO 2015


WEATHER ITEM   OBSERVED TIME   RECORD YEAR NORMAL DEPARTURE LAST
                VALUE   (LST)  VALUE       VALUE  FROM      YEAR
                                                  NORMAL
..................................................................
TEMPERATURE (F)
 YESTERDAY
  MAXIMUM         99    128 PM 103    2013  87     12       98
  MINIMUM         63    258 AM  34    1911  48     15       57
  AVERAGE         81                        68     13       78

PRECIPITATION (IN)
  YESTERDAY        0.00          0.27 1938   0.01  -0.01     0.00
  MONTH TO DATE    0.00                      0.02  -0.02     0.00
  SINCE OCT 1      7.58                      8.62  -1.04     7.46
  SINCE JAN 1      5.34                      5.56  -0.22     5.85

SNOWFALL (IN)
  YESTERDAY        0.0           0.0  1888   0.0    0.0      0.0
  MONTH TO DATE    0.0                       0.0    0.0      0.0
  SINCE JUN 1      0.0                       0.0    0.0      0.0
  SINCE JUL 1      0.0                       0.0    0.0      0.0
  SNOW DEPTH       0

DEGREE DAYS
 HEATING
  YESTERDAY        0                         1     -1        0
  MONTH TO DATE    0                         2     -2        0
  SINCE JUN 1     24                       133   -109       92
  SINCE JUL 1      0                         2     -2        0

 COOLING
  YESTERDAY       16                         4     12       13
  MONTH TO DATE   31                         8     23       19
  SINCE JUN 1    209                        55    154       48
  SINCE JAN 1    216                        59    157       51
..................................................................


WIND (MPH)
  HIGHEST WIND SPEED    26   HIGHEST WIND DIRECTION    SE (150)
  HIGHEST GUST SPEED    36   HIGHEST GUST DIRECTION    SE (150)
  AVERAGE WIND SPEED     6.8



WEATHER CONDITIONS
 THE FOLLOWING WEATHER WAS RECORDED YESTERDAY.
  THUNDERSTORM
  HAZE


RELATIVE HUMIDITY (PERCENT)
 HIGHEST    65           300 AM
 LOWEST     14           100 PM
 AVERAGE    40

..........................................................


THE ELKO AIRPORT NV CLIMATE NORMALS FOR TODAY
                         NORMAL    RECORD    YEAR
 MAXIMUM TEMPERATURE (F)   87       104      1985
 MINIMUM TEMPERATURE (F)   49        30      1916


SUNRISE AND SUNSET
JULY  3 2015..........SUNRISE   516 AM PDT   SUNSET   818 PM PDT
JULY  4 2015..........SUNRISE   517 AM PDT   SUNSET   818 PM PDT


-  INDICATES NEGATIVE NUMBERS.
R  INDICATES RECORD WAS SET OR TIED.
MM INDICATES DATA IS MISSING.
T  INDICATES TRACE AMOUNT.




$$
