537
CDUS45 KLKN 270947
CLIEKO


CLIMATE REPORT
NATIONAL WEATHER SERVICE ELKO NV
247 AM PDT WED JUL 27 2016


...................................

...THE ELKO AIRPORT NV CLIMATE SUMMARY FOR JULY 26 2016...

CLIMATE NORMAL PERIOD 1981 TO 2010
CLIMATE RECORD PERIOD 1888 TO 2016


WEATHER ITEM   OBSERVED TIME   RECORD YEAR NORMAL DEPARTURE LAST
                VALUE   (LST)  VALUE       VALUE  FROM      YEAR
                                                  NORMAL
..................................................................
TEMPERATURE (F)
 YESTERDAY
  MAXIMUM         98    350 PM 102    1931  92      6       90
  MINIMUM         50    356 AM  35    1990  51     -1       50
  AVERAGE         74                        71      3       70

PRECIPITATION (IN)
  YESTERDAY        0.00          0.08 1941   0.01  -0.01     0.00
  MONTH TO DATE    0.01                      0.30  -0.29     0.78
  SINCE OCT 1     12.15                      8.90   3.25     8.36
  SINCE JAN 1      7.61                      5.84   1.77     6.12

SNOWFALL (IN)
  YESTERDAY        0.0           0.0  1888   0.0    0.0      0.0
  MONTH TO DATE    0.0                       0.0    0.0      0.0
  SINCE JUN 1      T                         0.0    0.0      0.0
  SINCE JUL 1      0.0                       0.0    0.0      0.0
  SNOW DEPTH       0

DEGREE DAYS
 HEATING
  YESTERDAY        0                         0      0        0
  MONTH TO DATE    9                        17     -8        4
  SINCE JUN 1     39                       148   -109       28
  SINCE JUL 1      9                        17     -8        4

 COOLING
  YESTERDAY        9                         7      2        5
  MONTH TO DATE  165                       150     15      170
  SINCE JUN 1    296                       197     99      348
  SINCE JAN 1    296                       201     95      355
..................................................................


WIND (MPH)
  HIGHEST WIND SPEED    23   HIGHEST WIND DIRECTION     W (270)
  HIGHEST GUST SPEED    31   HIGHEST GUST DIRECTION     W (280)
  AVERAGE WIND SPEED     6.8



WEATHER CONDITIONS
 THE FOLLOWING WEATHER WAS RECORDED YESTERDAY.
  NO SIGNIFICANT WEATHER WAS OBSERVED.


RELATIVE HUMIDITY (PERCENT)
 HIGHEST    41           100 AM
 LOWEST      4           100 PM
 AVERAGE    23

..........................................................


THE ELKO AIRPORT NV CLIMATE NORMALS FOR TODAY
                         NORMAL    RECORD    YEAR
 MAXIMUM TEMPERATURE (F)   92       103      1934
                                             1931
 MINIMUM TEMPERATURE (F)   51        32      1909


SUNRISE AND SUNSET
JULY 27 2016..........SUNRISE   535 AM PDT   SUNSET   803 PM PDT
JULY 28 2016..........SUNRISE   536 AM PDT   SUNSET   802 PM PDT


-  INDICATES NEGATIVE NUMBERS.
R  INDICATES RECORD WAS SET OR TIED.
MM INDICATES DATA IS MISSING.
T  INDICATES TRACE AMOUNT.




$$
