000
CDUS45 KLKN 250930
CLIEKO


CLIMATE REPORT
NATIONAL WEATHER SERVICE ELKO NV
227 AM PDT SAT OCT 25 2014


...................................

...THE ELKO AIRPORT NV CLIMATE SUMMARY FOR OCTOBER 24 2014...

CLIMATE NORMAL PERIOD 1981 TO 2010
CLIMATE RECORD PERIOD 1888 TO 2014


WEATHER ITEM   OBSERVED TIME   RECORD YEAR NORMAL DEPARTURE LAST
                VALUE   (LST)  VALUE       VALUE  FROM      YEAR
                                                  NORMAL
..................................................................
TEMPERATURE (F)
 YESTERDAY
  MAXIMUM         79    304 PM  80    1959  61     18       72
  MINIMUM         28    547 AM   9    1991  27      1       29
                                      1935
  AVERAGE         54                        44     10       51

PRECIPITATION (IN)
  YESTERDAY        0.00          1.63 2010   0.03  -0.03     0.00
  MONTH TO DATE    T                         0.54  -0.54     0.10
  SINCE OCT 1      T                         0.54  -0.54     0.10
  SINCE JAN 1      8.05                      7.39   0.66     4.95

SNOWFALL (IN)
  YESTERDAY        0.0           3.0  1970   0.0    0.0      0.0
  MONTH TO DATE    0.0                       0.3   -0.3       T
  SINCE SEP 1      0.0                       0.4   -0.4       T
  SINCE JUL 1      0.0                       0.4   -0.4       T
  SNOW DEPTH       0

DEGREE DAYS
 HEATING
  YESTERDAY       11                        21    -10       14
  MONTH TO DATE  284                       410   -126      445
  SINCE SEP 1    375                       617   -242      618
  SINCE JUL 1    395                       668   -273      618

 COOLING
  YESTERDAY        0                         0      0        0
  MONTH TO DATE    0                         0      0        0
  SINCE SEP 1     45                        21     24       66
  SINCE JAN 1    549                       383    166      776
..................................................................


WIND (MPH)
  HIGHEST WIND SPEED    23   HIGHEST WIND DIRECTION     S (170)
  HIGHEST GUST SPEED    30   HIGHEST GUST DIRECTION     S (170)
  AVERAGE WIND SPEED     6.1



WEATHER CONDITIONS
 THE FOLLOWING WEATHER WAS RECORDED YESTERDAY.
  NO SIGNIFICANT WEATHER WAS OBSERVED.


RELATIVE HUMIDITY (PERCENT)
 HIGHEST    58           600 AM
 LOWEST     11           100 PM
 AVERAGE    35

..........................................................


THE ELKO AIRPORT NV CLIMATE NORMALS FOR TODAY
                         NORMAL    RECORD    YEAR
 MAXIMUM TEMPERATURE (F)   60        80      1977
 MINIMUM TEMPERATURE (F)   26         5      1895


SUNRISE AND SUNSET
OCTOBER 25 2014.......SUNRISE   706 AM PDT   SUNSET   548 PM PDT
OCTOBER 26 2014.......SUNRISE   707 AM PDT   SUNSET   547 PM PDT


-  INDICATES NEGATIVE NUMBERS.
R  INDICATES RECORD WAS SET OR TIED.
MM INDICATES DATA IS MISSING.
T  INDICATES TRACE AMOUNT.




$$
