000
CDUS45 KLKN 200931
CLIEKO


CLIMATE REPORT
NATIONAL WEATHER SERVICE ELKO NV
227 AM PDT SAT SEP 20 2014


...................................

...THE ELKO AIRPORT NV CLIMATE SUMMARY FOR SEPTEMBER 19 2014...

CLIMATE NORMAL PERIOD 1981 TO 2010
CLIMATE RECORD PERIOD 1888 TO 2014


WEATHER ITEM   OBSERVED TIME   RECORD YEAR NORMAL DEPARTURE LAST
                VALUE   (LST)  VALUE       VALUE  FROM      YEAR
                                                  NORMAL
..................................................................
TEMPERATURE (F)
 YESTERDAY
  MAXIMUM         85    316 PM  92    1939  77      8       75
  MINIMUM         45    513 AM  15    1965  38      7       32
  AVERAGE         65                        58      7       54

PRECIPITATION (IN)
  YESTERDAY        0.00          0.72 2004   0.02  -0.02     0.00
  MONTH TO DATE    0.05                      0.33  -0.28     1.10
  SINCE OCT 1      9.33                      9.67  -0.34     7.59
  SINCE JAN 1      7.72                      6.61   1.11     4.76

SNOWFALL (IN)
  YESTERDAY        0.0           T    2004   0.0    0.0      0.0
                                      1950
                                      1931
  MONTH TO DATE    0.0                       0.0    0.0      0.0
  SINCE SEP 1      0.0                       0.0    0.0      0.0
  SINCE JUL 1      0.0                       0.0    0.0      0.0
  SNOW DEPTH       0

DEGREE DAYS
 HEATING
  YESTERDAY        0                         8     -8       11
  MONTH TO DATE   30                        96    -66       29
  SINCE SEP 1     30                        96    -66       29
  SINCE JUL 1     50                       147    -97       29

 COOLING
  YESTERDAY        0                         0      0        0
  MONTH TO DATE   28                        20      8       66
  SINCE SEP 1     28                        20      8       66
  SINCE JAN 1    532                       382    150      776
..................................................................


WIND (MPH)
  HIGHEST WIND SPEED    15   HIGHEST WIND DIRECTION    NE (60)
  HIGHEST GUST SPEED    19   HIGHEST GUST DIRECTION    NE (40)
  AVERAGE WIND SPEED     4.7



WEATHER CONDITIONS
 THE FOLLOWING WEATHER WAS RECORDED YESTERDAY.
  FOG
  HAZE


RELATIVE HUMIDITY (PERCENT)
 HIGHEST    93           600 AM
 LOWEST     19           300 PM
 AVERAGE    56

..........................................................


THE ELKO AIRPORT NV CLIMATE NORMALS FOR TODAY
                         NORMAL    RECORD    YEAR
 MAXIMUM TEMPERATURE (F)   77        93      1913
 MINIMUM TEMPERATURE (F)   38        16      1924


SUNRISE AND SUNSET
SEPTEMBER 20 2014.....SUNRISE   629 AM PDT   SUNSET   644 PM PDT
SEPTEMBER 21 2014.....SUNRISE   630 AM PDT   SUNSET   642 PM PDT


-  INDICATES NEGATIVE NUMBERS.
R  INDICATES RECORD WAS SET OR TIED.
MM INDICATES DATA IS MISSING.
T  INDICATES TRACE AMOUNT.




$$
