000
CDUS45 KLKN 010028
CLIEKO


CLIMATE REPORT
NATIONAL WEATHER SERVICE ELKO NV
527 PM PDT SUN APR 30 2017


...................................

...THE ELKO AIRPORT NV CLIMATE SUMMARY FOR APRIL 30 2017...
VALID TODAY AS OF 0500 PM LOCAL TIME.

CLIMATE NORMAL PERIOD 1981 TO 2010
CLIMATE RECORD PERIOD 1888 TO 2017


WEATHER ITEM   OBSERVED TIME   RECORD YEAR NORMAL DEPARTURE LAST
                VALUE   (LST)  VALUE       VALUE  FROM      YEAR
                                                  NORMAL
..................................................................
TEMPERATURE (F)
 TODAY
  MAXIMUM         66    359 PM  86    1981  64      2       58
  MINIMUM         32    511 AM  14    1972  34     -2       38
                                      1913
  AVERAGE         49                        49      0       48

PRECIPITATION (IN)
  TODAY            0.00          0.61 1939   0.03  -0.03     0.01
  MONTH TO DATE    1.31                      0.97   0.34     1.99
  SINCE OCT 1     12.28                      6.99   5.29     9.82
  SINCE JAN 1      6.65                      3.93   2.72     5.28

SNOWFALL (IN)
  TODAY            0.0           0.5  1948   0.0    0.0      0.0
  MONTH TO DATE    T                         3.2   -3.2      1.0
  SINCE MAR 1      1.9                       8.3   -6.4      7.5
  SINCE JUL 1     53.3                      40.8   12.5     63.8
  SNOW DEPTH       0

DEGREE DAYS
 HEATING
  TODAY           16                        16      0       17
  MONTH TO DATE  588                       594     -6      470
  SINCE MAR 1   1223                      1403   -180     1146
  SINCE JUL 1   5959                      6571   -612     6171

 COOLING
  TODAY            0                         0      0        0
  MONTH TO DATE    0                         0      0        0
  SINCE MAR 1      0                         0      0        0
  SINCE JAN 1      0                         0      0        0
..................................................................


WIND (MPH)
  HIGHEST WIND SPEED    24   HIGHEST WIND DIRECTION     W (280)
  HIGHEST GUST SPEED    30   HIGHEST GUST DIRECTION     W (270)



WEATHER CONDITIONS
 THE FOLLOWING WEATHER WAS RECORDED TODAY.
  NO SIGNIFICANT WEATHER WAS OBSERVED.


RELATIVE HUMIDITY (PERCENT)
 HIGHEST    82           400 AM
 LOWEST     24          1200 PM
 AVERAGE    53

..........................................................


THE ELKO AIRPORT NV CLIMATE NORMALS FOR TOMORROW
                         NORMAL    RECORD    YEAR
 MAXIMUM TEMPERATURE (F)   64        88      1981
 MINIMUM TEMPERATURE (F)   34        13      1913


SUNRISE AND SUNSET
APRIL 30 2017.........SUNRISE   542 AM PDT   SUNSET   739 PM PDT
MAY  1 2017...........SUNRISE   541 AM PDT   SUNSET   740 PM PDT


-  INDICATES NEGATIVE NUMBERS.
R  INDICATES RECORD WAS SET OR TIED.
MM INDICATES DATA IS MISSING.
T  INDICATES TRACE AMOUNT.




$$
