000
CDUS45 KLKN 300944
CLIEKO


CLIMATE REPORT
NATIONAL WEATHER SERVICE ELKO NV
228 AM PDT SUN AUG 30 2015


...................................

...THE ELKO AIRPORT NV CLIMATE SUMMARY FOR AUGUST 29 2015...

CLIMATE NORMAL PERIOD 1981 TO 2010
CLIMATE RECORD PERIOD 1888 TO 2015


WEATHER ITEM   OBSERVED TIME   RECORD YEAR NORMAL DEPARTURE LAST
                VALUE   (LST)  VALUE       VALUE  FROM      YEAR
                                                  NORMAL
..................................................................
TEMPERATURE (F)
 YESTERDAY
  MAXIMUM         92    357 PM 100    1913  85      7       89
  MINIMUM         58    533 AM  28    1964  45     13       48
  AVERAGE         75                        65     10       69

PRECIPITATION (IN)
  YESTERDAY        0.00          0.50 1898   0.02  -0.02     0.00
  MONTH TO DATE    0.63                      0.35   0.28     1.27
  SINCE OCT 1      9.00                      9.32  -0.32     9.28
  SINCE JAN 1      6.76                      6.26   0.50     7.67

SNOWFALL (IN)
  YESTERDAY        0.0           0.0  1888   0.0    0.0      0.0
  MONTH TO DATE    0.0                       0.0    0.0      0.0
  SINCE JUN 1      0.0                       0.0    0.0      0.0
  SINCE JUL 1      0.0                       0.0    0.0      0.0
  SNOW DEPTH       0

DEGREE DAYS
 HEATING
  YESTERDAY        0                         2     -2        0
  MONTH TO DATE    1                        26    -25       18
  SINCE JUN 1     34                       176   -142      110
  SINCE JUL 1     10                        45    -35       18

 COOLING
  YESTERDAY       10                         2      8        4
  MONTH TO DATE  209                       127     82      125
  SINCE JUN 1    575                       354    221      498
  SINCE JAN 1    582                       358    224      501
..................................................................


WIND (MPH)
  HIGHEST WIND SPEED    24   HIGHEST WIND DIRECTION     W (250)
  HIGHEST GUST SPEED    31   HIGHEST GUST DIRECTION     W (260)
  AVERAGE WIND SPEED     9.9



WEATHER CONDITIONS
 THE FOLLOWING WEATHER WAS RECORDED YESTERDAY.
  NO SIGNIFICANT WEATHER WAS OBSERVED.


RELATIVE HUMIDITY (PERCENT)
 HIGHEST    65          1200 AM
 LOWEST     13           300 PM
 AVERAGE    39

..........................................................


THE ELKO AIRPORT NV CLIMATE NORMALS FOR TODAY
                         NORMAL    RECORD    YEAR
 MAXIMUM TEMPERATURE (F)   85        98      1967
 MINIMUM TEMPERATURE (F)   45        24      1932


SUNRISE AND SUNSET
AUGUST 30 2015........SUNRISE   608 AM PDT   SUNSET   719 PM PDT
AUGUST 31 2015........SUNRISE   609 AM PDT   SUNSET   717 PM PDT


-  INDICATES NEGATIVE NUMBERS.
R  INDICATES RECORD WAS SET OR TIED.
MM INDICATES DATA IS MISSING.
T  INDICATES TRACE AMOUNT.




$$
