478
CDUS45 KLKN 070034
CLIEKO


CLIMATE REPORT
NATIONAL WEATHER SERVICE ELKO NV
434 PM PST SAT FEB 6 2016


...................................

...THE ELKO AIRPORT NV CLIMATE SUMMARY FOR FEBRUARY 6 2016...
VALID TODAY AS OF 0400 PM LOCAL TIME.

CLIMATE NORMAL PERIOD 1981 TO 2010
CLIMATE RECORD PERIOD 1888 TO 2016


WEATHER ITEM   OBSERVED TIME   RECORD YEAR NORMAL DEPARTURE LAST
                VALUE   (LST)  VALUE       VALUE  FROM      YEAR
                                                  NORMAL
..................................................................
TEMPERATURE (F)
 TODAY
  MAXIMUM         29    239 PM  66    1937  39    -10       65
  MINIMUM          4    735 AM -29    1989  16    -12       42
  AVERAGE         17                        27    -10       54

PRECIPITATION (IN)
  TODAY            0.00          0.60 1901   0.03  -0.03     0.00
  MONTH TO DATE    0.09                      0.19  -0.10      T
  SINCE OCT 1      6.60                      4.37   2.23     2.44
  SINCE JAN 1      2.06                      1.31   0.75     0.20

SNOWFALL (IN)
  TODAY            0.0           7.5  1932   0.3   -0.3      0.0
  MONTH TO DATE    1.3                       1.7   -0.4       T
  SINCE DEC 1     41.7                      22.1   19.6      5.6
  SINCE JUL 1     53.9                      27.8   26.1      7.5
  SNOW DEPTH       9

DEGREE DAYS
 HEATING
  TODAY           48                        38     10       11
  MONTH TO DATE  291                       229     62      122
  SINCE DEC 1   2829                      2676    153     2082
  SINCE JUL 1   4310                      4414   -104     3442

 COOLING
  TODAY            0                         0      0        0
  MONTH TO DATE    0                         0      0        0
  SINCE DEC 1      0                         0      0        0
  SINCE JAN 1      0                         0      0        0
..................................................................


WIND (MPH)
  HIGHEST WIND SPEED    10   HIGHEST WIND DIRECTION     E (70)
  HIGHEST GUST SPEED    12   HIGHEST GUST DIRECTION     E (70)



WEATHER CONDITIONS
 THE FOLLOWING WEATHER WAS RECORDED TODAY.
  NO SIGNIFICANT WEATHER WAS OBSERVED.


RELATIVE HUMIDITY (PERCENT)
 HIGHEST    88           100 AM
 LOWEST     58           200 PM
 AVERAGE    73

..........................................................


THE ELKO AIRPORT NV CLIMATE NORMALS FOR TOMORROW
                         NORMAL    RECORD    YEAR
 MAXIMUM TEMPERATURE (F)   39        64      2015
 MINIMUM TEMPERATURE (F)   16       -27      1989


SUNRISE AND SUNSET
FEBRUARY  6 2016......SUNRISE   649 AM PST   SUNSET   506 PM PST
FEBRUARY  7 2016......SUNRISE   647 AM PST   SUNSET   508 PM PST


-  INDICATES NEGATIVE NUMBERS.
R  INDICATES RECORD WAS SET OR TIED.
MM INDICATES DATA IS MISSING.
T  INDICATES TRACE AMOUNT.




$$
