000
CDUS44 KSHV 170750
CLIELD


CLIMATE REPORT
NATIONAL WEATHER SERVICE SHREVEPORT, LA
250 AM CDT WED SEP 17 2014


...................................

...THE EL DORADO CLIMATE SUMMARY FOR SEPTEMBER 16 2014...

CLIMATE NORMAL PERIOD 1981 TO 2010
CLIMATE RECORD PERIOD 1907 TO 2014


WEATHER ITEM   OBSERVED TIME   RECORD YEAR NORMAL DEPARTURE LAST
                VALUE   (LST)  VALUE       VALUE  FROM      YEAR
                                                  NORMAL
..................................................................
TEMPERATURE (F)
 YESTERDAY
  MAXIMUM         87    420 PM 103    1935  87      0       96
  MINIMUM         68    607 AM  45    1961  63      5       64
  AVERAGE         78                        75      3       80

PRECIPITATION (IN)
  YESTERDAY        0.01          2.05 1949   0.10  -0.09     0.00
  MONTH TO DATE    0.78                      1.62  -0.84     0.07
  SINCE DEC 1     37.46                     41.35  -3.89    32.97
  SINCE JAN 1     30.90                     36.17  -5.27    26.91

SNOWFALL (IN)
  YESTERDAY        0.0
  MONTH TO DATE    0.0
  SINCE SEP 1      0.0
  SINCE JUL 1      0.0
  SNOW DEPTH       0

DEGREE DAYS
 HEATING
  YESTERDAY        0                         0      0        0
  MONTH TO DATE    3                         0      3        0
  SINCE SEP 1      3                         0      3        0
  SINCE JUL 1      3                         0      3        0

 COOLING
  YESTERDAY       13                        10      3       15
  MONTH TO DATE  199                       194      5      264
  SINCE SEP 1    199                       194      5      264
  SINCE JAN 1   1647                      1921   -274     1932
..................................................................


WIND (MPH)
  HIGHEST WIND SPEED     7   HIGHEST WIND DIRECTION    NE (40)
  HIGHEST GUST SPEED     9   HIGHEST GUST DIRECTION     N (20)
  AVERAGE WIND SPEED     1.5


SKY COVER
  POSSIBLE SUNSHINE  MM
  AVERAGE SKY COVER 0.1


WEATHER CONDITIONS
 THE FOLLOWING WEATHER WAS RECORDED YESTERDAY.
  LIGHT RAIN
  FOG


RELATIVE HUMIDITY (PERCENT)
 HIGHEST   100          1200 AM
 LOWEST     55           300 PM
 AVERAGE    78

..........................................................


THE EL DORADO CLIMATE NORMALS FOR TODAY
                         NORMAL    RECORD    YEAR
 MAXIMUM TEMPERATURE (F)   86       102      1935
 MINIMUM TEMPERATURE (F)   62        41      1916


SUNRISE AND SUNSET
SEPTEMBER 17 2014.....SUNRISE   656 AM CDT   SUNSET   715 PM CDT
SEPTEMBER 18 2014.....SUNRISE   657 AM CDT   SUNSET   713 PM CDT


-  INDICATES NEGATIVE NUMBERS.
R  INDICATES RECORD WAS SET OR TIED.
MM INDICATES DATA IS MISSING.
T  INDICATES TRACE AMOUNT.




$$
