000
CDUS44 KSHV 282139
CLIELD


CLIMATE REPORT
NATIONAL WEATHER SERVICE SHREVEPORT, LA
439 PM CDT WED JUN 28 2017


...................................

...THE EL DORADO CLIMATE SUMMARY FOR JUNE 28 2017...
VALID TODAY AS OF 0400 PM LOCAL TIME.

CLIMATE NORMAL PERIOD 1981 TO 2010
CLIMATE RECORD PERIOD 1907 TO 2017


WEATHER ITEM   OBSERVED TIME   RECORD YEAR NORMAL DEPARTURE LAST
                VALUE   (LST)  VALUE       VALUE  FROM      YEAR
                                                  NORMAL
..................................................................
TEMPERATURE (F)
 TODAY
  MAXIMUM         89    259 PM 103    1936  91     -2       90
  MINIMUM         65    529 AM  55    1958  70     -5       71
  AVERAGE         77                        80     -3       81

PRECIPITATION (IN)
  TODAY            0.00          3.42 2004   0.17  -0.17     0.00
  MONTH TO DATE    3.10                      4.56  -1.46     2.92
  SINCE DEC 1     35.77                     32.72   3.05    40.69
  SINCE JAN 1     29.48                     27.54   1.94    32.63

DEGREE DAYS
 HEATING
  TODAY            0                         0      0        0
  MONTH TO DATE    0                         0      0        0
  SINCE JUN 1      0                         0      0        0
  SINCE JUL 1   1723                      2673   -950     2034

 COOLING
  TODAY           12                        15     -3       16
  MONTH TO DATE  350                       365    -15      431
  SINCE JUN 1    350                       365    -15      431
  SINCE JAN 1    696                       676     20      712
..................................................................


WIND (MPH)
  HIGHEST WIND SPEED    13   HIGHEST WIND DIRECTION    SE (120)
  HIGHEST GUST SPEED    18   HIGHEST GUST DIRECTION    SE (150)
  AVERAGE WIND SPEED     4.5


SKY COVER
  POSSIBLE SUNSHINE  MM
  AVERAGE SKY COVER 0.0


WEATHER CONDITIONS
 THE FOLLOWING WEATHER WAS RECORDED TODAY.
  NO SIGNIFICANT WEATHER WAS OBSERVED.


RELATIVE HUMIDITY (PERCENT)
 HIGHEST   100           200 AM
 LOWEST     50           100 PM
 AVERAGE    75

..........................................................


THE EL DORADO CLIMATE NORMALS FOR TOMORROW
                         NORMAL    RECORD    YEAR
 MAXIMUM TEMPERATURE (F)   91       103      1969
 MINIMUM TEMPERATURE (F)   70        57      1985


SUNRISE AND SUNSET
JUNE 28 2017..........SUNRISE   605 AM CDT   SUNSET   824 PM CDT
JUNE 29 2017..........SUNRISE   605 AM CDT   SUNSET   824 PM CDT


-  INDICATES NEGATIVE NUMBERS.
R  INDICATES RECORD WAS SET OR TIED.
MM INDICATES DATA IS MISSING.
T  INDICATES TRACE AMOUNT.




$$
