000
CDUS44 KSHV 250751
CLIELD


CLIMATE REPORT
NATIONAL WEATHER SERVICE SHREVEPORT, LA
251 AM CDT SAT MAR 25 2017


...................................

...THE EL DORADO CLIMATE SUMMARY FOR MARCH 24 2017...

CLIMATE NORMAL PERIOD 1981 TO 2010
CLIMATE RECORD PERIOD 1907 TO 2017


WEATHER ITEM   OBSERVED TIME   RECORD YEAR NORMAL DEPARTURE LAST
                VALUE   (LST)  VALUE       VALUE  FROM      YEAR
                                                  NORMAL
..................................................................
TEMPERATURE (F)
 YESTERDAY
  MAXIMUM         79    305 PM  92    1929  71      8       66
  MINIMUM         62   1132 PM  25    1968  45     17       40
  AVERAGE         71                        58     13       53

PRECIPITATION (IN)
  YESTERDAY        0.54          2.68 1937   0.15   0.39     0.39
  MONTH TO DATE    1.55                      3.74  -2.19    10.15
  SINCE DEC 1     16.25                     18.01  -1.76    25.81
  SINCE JAN 1      9.96                     12.83  -2.87    17.75

SNOWFALL (IN)
  YESTERDAY        0.0
  MONTH TO DATE    0.0
  SINCE MAR 1      0.0
  SINCE JUL 1      T
  SNOW DEPTH       0

DEGREE DAYS
 HEATING
  YESTERDAY        0                         8     -8       12
  MONTH TO DATE  203                       258    -55      165
  SINCE MAR 1    203                       258    -55      165
  SINCE JUL 1   1655                      2486   -831     1904

 COOLING
  YESTERDAY        6                         1      5        0
  MONTH TO DATE   34                        15     19       17
  SINCE MAR 1     34                        15     19       17
  SINCE JAN 1     61                        21     40       23
..................................................................


WIND (MPH)
  HIGHEST WIND SPEED    35   HIGHEST WIND DIRECTION     S (160)
  HIGHEST GUST SPEED    45   HIGHEST GUST DIRECTION     S (160)
  AVERAGE WIND SPEED    13.4


SKY COVER
  POSSIBLE SUNSHINE  MM
  AVERAGE SKY COVER 0.4


WEATHER CONDITIONS
 THE FOLLOWING WEATHER WAS RECORDED YESTERDAY.
  THUNDERSTORM
  HEAVY RAIN
  RAIN
  LIGHT RAIN
  FOG


RELATIVE HUMIDITY (PERCENT)
 HIGHEST    93          1100 PM
 LOWEST     48           300 PM
 AVERAGE    71

..........................................................


THE EL DORADO CLIMATE NORMALS FOR TODAY
                         NORMAL    RECORD    YEAR
 MAXIMUM TEMPERATURE (F)   71        88      1907
 MINIMUM TEMPERATURE (F)   46        26      1966


SUNRISE AND SUNSET
MARCH 25 2017.........SUNRISE   708 AM CDT   SUNSET   727 PM CDT
MARCH 26 2017.........SUNRISE   707 AM CDT   SUNSET   727 PM CDT


-  INDICATES NEGATIVE NUMBERS.
R  INDICATES RECORD WAS SET OR TIED.
MM INDICATES DATA IS MISSING.
T  INDICATES TRACE AMOUNT.




$$
