000
CDUS44 KSHV 210823
CLIELD


CLIMATE REPORT
NATIONAL WEATHER SERVICE SHREVEPORT, LA
316 AM CDT THU AUG 21 2014


...................................

...THE EL DORADO CLIMATE SUMMARY FOR AUGUST 20 2014...

CLIMATE NORMAL PERIOD 1981 TO 2010
CLIMATE RECORD PERIOD 1907 TO 2014


WEATHER ITEM   OBSERVED TIME   RECORD YEAR NORMAL DEPARTURE LAST
                VALUE   (LST)  VALUE       VALUE  FROM      YEAR
                                                  NORMAL
..................................................................
TEMPERATURE (F)
 YESTERDAY
  MAXIMUM         92    317 PM 105    2011  93     -1       92
                                      1934
  MINIMUM         69    615 AM  58    1940  70     -1       67
  AVERAGE         81                        81      0       80

PRECIPITATION (IN)
  YESTERDAY        0.00          1.94 1994   0.11  -0.11     0.00
  MONTH TO DATE    2.06                      2.07  -0.01      T
  SINCE DEC 1     36.38                     38.69  -2.31    31.88
  SINCE JAN 1     29.82                     33.51  -3.69    25.82

SNOWFALL (IN)
  YESTERDAY        0.0
  MONTH TO DATE    0.0
  SINCE JUN 1      0.0
  SINCE JUL 1      0.0
  SNOW DEPTH       0

DEGREE DAYS
 HEATING
  YESTERDAY        0                         0      0        0
  MONTH TO DATE    0                         0      0        0
  SINCE JUN 1      0                         0      0        0
  SINCE JUL 1      0                         0      0        0

 COOLING
  YESTERDAY       16                        16      0       15
  MONTH TO DATE  280                       336    -56      319
  SINCE JUN 1   1088                      1248   -160     1198
  SINCE JAN 1   1340                      1559   -219     1476
..................................................................


WIND (MPH)
  HIGHEST WIND SPEED    14   HIGHEST WIND DIRECTION     S (200)
  HIGHEST GUST SPEED    17   HIGHEST GUST DIRECTION    SW (210)
  AVERAGE WIND SPEED     4.7


SKY COVER
  POSSIBLE SUNSHINE  MM
  AVERAGE SKY COVER 0.1


WEATHER CONDITIONS
 THE FOLLOWING WEATHER WAS RECORDED YESTERDAY.
  NO SIGNIFICANT WEATHER WAS OBSERVED.


RELATIVE HUMIDITY (PERCENT)
 HIGHEST   100           300 AM
 LOWEST     52           300 PM
 AVERAGE    76

..........................................................


THE EL DORADO CLIMATE NORMALS FOR TODAY
                         NORMAL    RECORD    YEAR
 MAXIMUM TEMPERATURE (F)   93       105      2005
                                             2000
 MINIMUM TEMPERATURE (F)   70        56      1940


SUNRISE AND SUNSET
AUGUST 21 2014........SUNRISE   638 AM CDT   SUNSET   750 PM CDT
AUGUST 22 2014........SUNRISE   639 AM CDT   SUNSET   749 PM CDT


-  INDICATES NEGATIVE NUMBERS.
R  INDICATES RECORD WAS SET OR TIED.
MM INDICATES DATA IS MISSING.
T  INDICATES TRACE AMOUNT.




$$
