419
CDUS44 KSHV 062150
CLIELD


CLIMATE REPORT
NATIONAL WEATHER SERVICE SHREVEPORT, LA
450 PM CDT FRI MAY 6 2016


...................................

...THE EL DORADO CLIMATE SUMMARY FOR MAY 6 2016...
VALID TODAY AS OF 0400 PM LOCAL TIME.

CLIMATE NORMAL PERIOD 1981 TO 2010
CLIMATE RECORD PERIOD 1907 TO 2016


WEATHER ITEM   OBSERVED TIME   RECORD YEAR NORMAL DEPARTURE LAST
                VALUE   (LST)  VALUE       VALUE  FROM      YEAR
                                                  NORMAL
..................................................................
TEMPERATURE (F)
 TODAY
  MAXIMUM         78    258 PM  95    1984  80     -2       85
  MINIMUM         49    531 AM  43    1957  57     -8       60
  AVERAGE         64                        69     -5       73

PRECIPITATION (IN)
  TODAY            0.00          2.18 2001   0.17  -0.17     0.00
  MONTH TO DATE    0.58                      0.99  -0.41     0.00
  SINCE DEC 1     36.12                     24.10  12.02    19.40
  SINCE JAN 1     28.06                     18.92   9.14    16.07

DEGREE DAYS
 HEATING
  TODAY            1                         1      0        0
  MONTH TO DATE   11                         7      4        0
  SINCE MAR 1    282                       433   -151      427
  SINCE JUL 1   2021                      2661   -640     2913

 COOLING
  TODAY            0                         5     -5        8
  MONTH TO DATE   11                        26    -15       28
  SINCE MAR 1    105                       119    -14      129
  SINCE JAN 1    111                       125    -14      129
..................................................................


WIND (MPH)
  HIGHEST WIND SPEED    12   HIGHEST WIND DIRECTION    NE (40)
  HIGHEST GUST SPEED    14   HIGHEST GUST DIRECTION    NE (50)
  AVERAGE WIND SPEED     3.2


SKY COVER
  POSSIBLE SUNSHINE  MM
  AVERAGE SKY COVER 0.0


WEATHER CONDITIONS
 THE FOLLOWING WEATHER WAS RECORDED TODAY.
  NO SIGNIFICANT WEATHER WAS OBSERVED.


RELATIVE HUMIDITY (PERCENT)
 HIGHEST    93           300 AM
 LOWEST     31           300 PM
 AVERAGE    62

..........................................................


THE EL DORADO CLIMATE NORMALS FOR TOMORROW
                         NORMAL    RECORD    YEAR
 MAXIMUM TEMPERATURE (F)   80        93      1952
 MINIMUM TEMPERATURE (F)   58        39      1992


SUNRISE AND SUNSET
MAY  6 2016...........SUNRISE   618 AM CDT   SUNSET   758 PM CDT
MAY  7 2016...........SUNRISE   617 AM CDT   SUNSET   759 PM CDT


-  INDICATES NEGATIVE NUMBERS.
R  INDICATES RECORD WAS SET OR TIED.
MM INDICATES DATA IS MISSING.
T  INDICATES TRACE AMOUNT.




$$
