000
CDUS44 KSHV 090838
CLIELD


CLIMATE REPORT
NATIONAL WEATHER SERVICE SHREVEPORT, LA
237 AM CST TUE FEB 9 2016


...................................

...THE EL DORADO CLIMATE SUMMARY FOR FEBRUARY 8 2016...

CLIMATE NORMAL PERIOD 1981 TO 2010
CLIMATE RECORD PERIOD 1907 TO 2016


WEATHER ITEM   OBSERVED TIME   RECORD YEAR NORMAL DEPARTURE LAST
                VALUE   (LST)  VALUE       VALUE  FROM      YEAR
                                                  NORMAL
..................................................................
TEMPERATURE (F)
 YESTERDAY
  MAXIMUM         53    329 PM  84    1937  57     -4       64
  MINIMUM         39   1159 PM   7    1933  35      4       45
  AVERAGE         46                        46      0       55

PRECIPITATION (IN)
  YESTERDAY        0.00          1.96 1980   0.16  -0.16     0.00
  MONTH TO DATE    0.00                      1.31  -1.31     0.35
  SINCE DEC 1     10.81                     10.79   0.02     8.57
  SINCE JAN 1      2.75                      5.61  -2.86     5.24

SNOWFALL (IN)
  YESTERDAY        0.0
  MONTH TO DATE    0.0
  SINCE DEC 1      1.5
  SINCE JUL 1      1.5
  SNOW DEPTH       0

DEGREE DAYS
 HEATING
  YESTERDAY       19                        19      0       10
  MONTH TO DATE  134                       156    -22      173
  SINCE DEC 1   1176                      1420   -244     1423
  SINCE JUL 1   1470                      1899   -429     1974

 COOLING
  YESTERDAY        0                         0      0        0
  MONTH TO DATE    0                         0      0        0
  SINCE DEC 1     19                         6     13        0
  SINCE JAN 1      4                         2      2        0
..................................................................


WIND (MPH)
  HIGHEST WIND SPEED    30   HIGHEST WIND DIRECTION    NW (300)
  HIGHEST GUST SPEED    44   HIGHEST GUST DIRECTION     W (290)
  AVERAGE WIND SPEED    13.0


SKY COVER
  POSSIBLE SUNSHINE  MM
  AVERAGE SKY COVER 0.1


WEATHER CONDITIONS
 THE FOLLOWING WEATHER WAS RECORDED YESTERDAY.
  NO SIGNIFICANT WEATHER WAS OBSERVED.


RELATIVE HUMIDITY (PERCENT)
 HIGHEST    58          1200 AM
 LOWEST     21           400 PM
 AVERAGE    40

..........................................................


THE EL DORADO CLIMATE NORMALS FOR TODAY
                         NORMAL    RECORD    YEAR
 MAXIMUM TEMPERATURE (F)   58        84      1957
 MINIMUM TEMPERATURE (F)   35        10      1933


SUNRISE AND SUNSET
FEBRUARY  9 2016......SUNRISE   701 AM CST   SUNSET   550 PM CST
FEBRUARY 10 2016......SUNRISE   700 AM CST   SUNSET   551 PM CST


-  INDICATES NEGATIVE NUMBERS.
R  INDICATES RECORD WAS SET OR TIED.
MM INDICATES DATA IS MISSING.
T  INDICATES TRACE AMOUNT.




$$
