929
CDUS44 KSHV 210852
CLIELD


CLIMATE REPORT
NATIONAL WEATHER SERVICE SHREVEPORT, LA
251 AM CST TUE FEB 21 2017


...................................

...THE EL DORADO CLIMATE SUMMARY FOR FEBRUARY 20 2017...

CLIMATE NORMAL PERIOD 1981 TO 2010
CLIMATE RECORD PERIOD 1907 TO 2017


WEATHER ITEM   OBSERVED TIME   RECORD YEAR NORMAL DEPARTURE LAST
                VALUE   (LST)  VALUE       VALUE  FROM      YEAR
                                                  NORMAL
..................................................................
TEMPERATURE (F)
 YESTERDAY
  MAXIMUM         76   1245 PM  88    1986  60     16       70
  MINIMUM         58   1159 PM  18    1978  38     20       59
  AVERAGE         67                        49     18       65

PRECIPITATION (IN)
  YESTERDAY        0.70          1.93 1961   0.17   0.53     0.00
  MONTH TO DATE    2.16                      3.39  -1.23     1.33
  SINCE DEC 1     12.64                     12.87  -0.23    12.14
  SINCE JAN 1      6.35                      7.69  -1.34     4.08

SNOWFALL (IN)
  YESTERDAY        0.0
  MONTH TO DATE    0.0
  SINCE DEC 1      T
  SINCE JUL 1      T
  SNOW DEPTH       0

DEGREE DAYS
 HEATING
  YESTERDAY        0                        16    -16        0
  MONTH TO DATE  207                       366   -159      284
  SINCE DEC 1   1125                      1630   -505     1326
  SINCE JUL 1   1398                      2109   -711     1620

 COOLING
  YESTERDAY        2                         0      2        0
  MONTH TO DATE   12                         0     12        2
  SINCE DEC 1     35                         6     29       21
  SINCE JAN 1     21                         2     19        6
..................................................................


WIND (MPH)
  HIGHEST WIND SPEED    15   HIGHEST WIND DIRECTION    SW (230)
  HIGHEST GUST SPEED    22   HIGHEST GUST DIRECTION     W (250)
  AVERAGE WIND SPEED     7.0


SKY COVER
  POSSIBLE SUNSHINE  MM
  AVERAGE SKY COVER 0.7


WEATHER CONDITIONS
 THE FOLLOWING WEATHER WAS RECORDED YESTERDAY.
  HEAVY RAIN
  RAIN
  LIGHT RAIN
  FOG


RELATIVE HUMIDITY (PERCENT)
 HIGHEST   100           600 PM
 LOWEST     67           100 AM
 AVERAGE    84

..........................................................


THE EL DORADO CLIMATE NORMALS FOR TODAY
                         NORMAL    RECORD    YEAR
 MAXIMUM TEMPERATURE (F)   61        85      1996
 MINIMUM TEMPERATURE (F)   38        20      1978


SUNRISE AND SUNSET
FEBRUARY 21 2017......SUNRISE   648 AM CST   SUNSET   602 PM CST
FEBRUARY 22 2017......SUNRISE   647 AM CST   SUNSET   603 PM CST


-  INDICATES NEGATIVE NUMBERS.
R  INDICATES RECORD WAS SET OR TIED.
MM INDICATES DATA IS MISSING.
T  INDICATES TRACE AMOUNT.




$$
