000
CDUS44 KSHV 230735
CLIELD


CLIMATE REPORT
NATIONAL WEATHER SERVICE SHREVEPORT, LA
234 AM CDT THU OCT 23 2014


...................................

...THE EL DORADO CLIMATE SUMMARY FOR OCTOBER 22 2014...

CLIMATE NORMAL PERIOD 1981 TO 2010
CLIMATE RECORD PERIOD 1907 TO 2014


WEATHER ITEM   OBSERVED TIME   RECORD YEAR NORMAL DEPARTURE LAST
                VALUE   (LST)  VALUE       VALUE  FROM      YEAR
                                                  NORMAL
..................................................................
TEMPERATURE (F)
 YESTERDAY
  MAXIMUM         76    126 PM  93    1939  74      2       69
  MINIMUM         48   1135 PM  31    1917  49     -1       48
  AVERAGE         62                        62      0       59

PRECIPITATION (IN)
  YESTERDAY        0.00          4.70 1957   0.18  -0.18      T
  MONTH TO DATE    2.91                      3.67  -0.76     2.81
  SINCE DEC 1     40.36                     46.51  -6.15    38.81
  SINCE JAN 1     33.80                     41.33  -7.53    32.75

SNOWFALL (IN)
  YESTERDAY        0.0
  MONTH TO DATE    0.0
  SINCE SEP 1      0.0
  SINCE JUL 1      0.0
  SNOW DEPTH       0

DEGREE DAYS
 HEATING
  YESTERDAY        3                         5     -2        6
  MONTH TO DATE   35                        65    -30       63
  SINCE SEP 1     38                        77    -39       63
  SINCE JUL 1     38                        77    -39       63

 COOLING
  YESTERDAY        0                         2     -2        0
  MONTH TO DATE   88                        69     19       72
  SINCE SEP 1    418                       369     49      472
  SINCE JAN 1   1866                      2096   -230     2140
..................................................................


WIND (MPH)
  HIGHEST WIND SPEED    16   HIGHEST WIND DIRECTION    NE (50)
  HIGHEST GUST SPEED    20   HIGHEST GUST DIRECTION    NE (60)
  AVERAGE WIND SPEED     3.8


SKY COVER
  POSSIBLE SUNSHINE  MM
  AVERAGE SKY COVER 0.0


WEATHER CONDITIONS
 THE FOLLOWING WEATHER WAS RECORDED YESTERDAY.
  FOG


RELATIVE HUMIDITY (PERCENT)
 HIGHEST   100           300 AM
 LOWEST     41           200 PM
 AVERAGE    71

..........................................................


THE EL DORADO CLIMATE NORMALS FOR TODAY
                         NORMAL    RECORD    YEAR
 MAXIMUM TEMPERATURE (F)   74        95      1939
 MINIMUM TEMPERATURE (F)   49        28      1952


SUNRISE AND SUNSET
OCTOBER 23 2014.......SUNRISE   722 AM CDT   SUNSET   629 PM CDT
OCTOBER 24 2014.......SUNRISE   723 AM CDT   SUNSET   628 PM CDT


-  INDICATES NEGATIVE NUMBERS.
R  INDICATES RECORD WAS SET OR TIED.
MM INDICATES DATA IS MISSING.
T  INDICATES TRACE AMOUNT.




$$
