000
CDUS44 KSHV 310819
CLIELD


CLIMATE REPORT
NATIONAL WEATHER SERVICE SHREVEPORT, LA
318 AM CDT FRI JUL 31 2015


...................................

...THE EL DORADO CLIMATE SUMMARY FOR JULY 30 2015...

CLIMATE NORMAL PERIOD 1981 TO 2010
CLIMATE RECORD PERIOD 1907 TO 2015


WEATHER ITEM   OBSERVED TIME   RECORD YEAR NORMAL DEPARTURE LAST
                VALUE   (LST)  VALUE       VALUE  FROM      YEAR
                                                  NORMAL
..................................................................
TEMPERATURE (F)
 YESTERDAY
  MAXIMUM         99    134 PM 106    1930  93      6       80
  MINIMUM         73   1159 PM  61    2005  71      2       63
  AVERAGE         86                        82      4       72

PRECIPITATION (IN)
  YESTERDAY        0.00          1.55 1938   0.10  -0.10     0.02
  MONTH TO DATE    2.01                      3.45  -1.44     2.80
  SINCE DEC 1     34.48                     36.51  -2.03    34.26
  SINCE JAN 1     31.15                     31.33  -0.18    27.70

SNOWFALL (IN)
  YESTERDAY        0.0
  MONTH TO DATE    0.0
  SINCE JUN 1      0.0
  SINCE JUL 1      0.0
  SNOW DEPTH       0

DEGREE DAYS
 HEATING
  YESTERDAY        0                         0      0        0
  MONTH TO DATE    0                         0      0        0
  SINCE JUN 1      0                         0      0        0
  SINCE JUL 1      0                         0      0        0

 COOLING
  YESTERDAY       21                        17      4        7
  MONTH TO DATE  564                       501     63      385
  SINCE JUN 1    994                       897     97      802
  SINCE JAN 1   1334                      1208    126     1054
..................................................................


WIND (MPH)
  HIGHEST WIND SPEED    17   HIGHEST WIND DIRECTION    NE (50)
  HIGHEST GUST SPEED    23   HIGHEST GUST DIRECTION    NE (60)
  AVERAGE WIND SPEED     5.6


SKY COVER
  POSSIBLE SUNSHINE  MM
  AVERAGE SKY COVER 0.1


WEATHER CONDITIONS
 THE FOLLOWING WEATHER WAS RECORDED YESTERDAY.
  HAZE


RELATIVE HUMIDITY (PERCENT)
 HIGHEST    94           300 AM
 LOWEST     48           100 PM
 AVERAGE    71

..........................................................


THE EL DORADO CLIMATE NORMALS FOR TODAY
                         NORMAL    RECORD    YEAR
 MAXIMUM TEMPERATURE (F)   93       105      1998
 MINIMUM TEMPERATURE (F)   71        56      1971


SUNRISE AND SUNSET
JULY 31 2015..........SUNRISE   623 AM CDT   SUNSET   811 PM CDT
AUGUST  1 2015........SUNRISE   624 AM CDT   SUNSET   811 PM CDT


-  INDICATES NEGATIVE NUMBERS.
R  INDICATES RECORD WAS SET OR TIED.
MM INDICATES DATA IS MISSING.
T  INDICATES TRACE AMOUNT.




$$
