000
CDUS44 KSHV 210831
CLIELD


CLIMATE REPORT
NATIONAL WEATHER SERVICE SHREVEPORT, LA
230 AM CST SUN DEC 21 2014


...................................

...THE EL DORADO CLIMATE SUMMARY FOR DECEMBER 20 2014...

CLIMATE NORMAL PERIOD 1981 TO 2010
CLIMATE RECORD PERIOD 1907 TO 2014


WEATHER ITEM   OBSERVED TIME   RECORD YEAR NORMAL DEPARTURE LAST
                VALUE   (LST)  VALUE       VALUE  FROM      YEAR
                                                  NORMAL
..................................................................
TEMPERATURE (F)
 YESTERDAY
  MAXIMUM         56    324 PM  77    2008  55      1       74
                                      1920
  MINIMUM         37   1159 PM  15    1996  34      3       63
  AVERAGE         47                        44      3       69

PRECIPITATION (IN)
  YESTERDAY        0.00          0.99 1946   0.17  -0.17     0.08
  MONTH TO DATE    1.89                      3.55  -1.66     2.60
  SINCE DEC 1      1.89                      3.55  -1.66     2.60
  SINCE JAN 1     39.59                     51.29 -11.70    43.53

SNOWFALL (IN)
  YESTERDAY        0.0
  MONTH TO DATE    0.0
  SINCE DEC 1      0.0
  SINCE JUL 1      0.0
  SNOW DEPTH       0

DEGREE DAYS
 HEATING
  YESTERDAY       18                        21     -3        0
  MONTH TO DATE  321                       375    -54      393
  SINCE DEC 1    321                       375    -54      393
  SINCE JUL 1    872                       854     18      978

 COOLING
  YESTERDAY        0                         0      0        4
  MONTH TO DATE    0                         0      0        8
  SINCE DEC 1      0                         0      0        8
  SINCE JAN 1   1884                      2126   -242     2161
..................................................................


WIND (MPH)
  HIGHEST WIND SPEED     8   HIGHEST WIND DIRECTION    NE (40)
  HIGHEST GUST SPEED    11   HIGHEST GUST DIRECTION    NE (50)
  AVERAGE WIND SPEED     2.7


SKY COVER
  POSSIBLE SUNSHINE  MM
  AVERAGE SKY COVER 0.5


WEATHER CONDITIONS
 THE FOLLOWING WEATHER WAS RECORDED YESTERDAY.
  FOG
  HAZE


RELATIVE HUMIDITY (PERCENT)
 HIGHEST   100           700 AM
 LOWEST     55           300 PM
 AVERAGE    78

..........................................................


THE EL DORADO CLIMATE NORMALS FOR TODAY
                         NORMAL    RECORD    YEAR
 MAXIMUM TEMPERATURE (F)   55        78      2010
                                             1915
 MINIMUM TEMPERATURE (F)   34        16      1980


SUNRISE AND SUNSET
DECEMBER 21 2014......SUNRISE   711 AM CST   SUNSET   508 PM CST
DECEMBER 22 2014......SUNRISE   711 AM CST   SUNSET   509 PM CST


-  INDICATES NEGATIVE NUMBERS.
R  INDICATES RECORD WAS SET OR TIED.
MM INDICATES DATA IS MISSING.
T  INDICATES TRACE AMOUNT.




$$
