000
CDUS44 KEPZ 272328
CLIELP


CLIMATE REPORT
NATIONAL WEATHER SERVICE EL PASO, TX
527 PM MDT THU AUG 27 2015


...................................

...THE EL PASO CLIMATE SUMMARY FOR AUGUST 27 2015...
VALID TODAY AS OF 0500 PM LOCAL TIME.

CLIMATE NORMAL PERIOD 1981 TO 2010
CLIMATE RECORD PERIOD 1879 TO 2015


WEATHER ITEM   OBSERVED TIME   RECORD YEAR NORMAL DEPARTURE LAST
                VALUE   (LST)  VALUE       VALUE  FROM      YEAR
                                                  NORMAL
..................................................................
TEMPERATURE (F)
 TODAY
  MAXIMUM         95    203 PM 102    2002  92      3       88
  MINIMUM         74    535 AM  59    1976  69      5       69

PRECIPITATION (IN)
  TODAY            T                         0.05  -0.05     0.02
  MONTH TO DATE    1.39                      1.81  -0.42     1.79
  SINCE JUN 1      4.45                      4.30   0.15     2.49
  SINCE JAN 1      6.99                      6.12   0.87     3.13

..................................................................


WIND (MPH)
  HIGHEST WIND SPEED    21   HIGHEST WIND DIRECTION    SW (230)
  HIGHEST GUST SPEED    24   HIGHEST GUST DIRECTION    SW (230)


SKY COVER
  AVERAGE SKY COVER 0.5


WEATHER CONDITIONS
 THE FOLLOWING WEATHER WAS RECORDED TODAY.
  LIGHT RAIN


RELATIVE HUMIDITY (PERCENT)
 HIGHEST    50           400 AM
 LOWEST     24           200 PM

..........................................................


THE EL PASO CLIMATE NORMALS FOR TOMORROW
                         NORMAL    RECORD    YEAR
 MAXIMUM TEMPERATURE (F)   92       102      1994
 MINIMUM TEMPERATURE (F)   69        60      1974
                                             1880


SUNRISE AND SUNSET
AUGUST 27 2015........SUNRISE   638 AM MDT   SUNSET   736 PM MDT
AUGUST 28 2015........SUNRISE   639 AM MDT   SUNSET   735 PM MDT


-  INDICATES NEGATIVE NUMBERS.
R  INDICATES RECORD WAS SET OR TIED.
MM INDICATES DATA IS MISSING.
T  INDICATES TRACE AMOUNT.




$$
