000
CDUS44 KEPZ 250927
CLIELP


CLIMATE REPORT
NATIONAL WEATHER SERVICE EL PASO, TX
326 AM MDT SUN JUN 25 2017


...................................

...THE EL PASO CLIMATE SUMMARY FOR JUNE 24 2017...

CLIMATE NORMAL PERIOD 1981 TO 2010
CLIMATE RECORD PERIOD 1879 TO 2017


WEATHER ITEM   OBSERVED TIME   RECORD YEAR NORMAL DEPARTURE LAST
                VALUE   (LST)  VALUE       VALUE  FROM      YEAR
                                                  NORMAL
..................................................................
TEMPERATURE (F)
 YESTERDAY
  MAXIMUM         94    508 PM 111    1978  97     -3      101
  MINIMUM         73   1157 PM  57    1973  70      3       75
  AVERAGE         84                        83      1       88

PRECIPITATION (IN)
  YESTERDAY        T             0.81 1986   0.04  -0.04      T
  MONTH TO DATE    0.27                      0.68  -0.41     0.18
  SINCE JUN 1      0.27                      0.68  -0.41     0.18
  SINCE JAN 1      1.65                      2.50  -0.85     0.82

SNOWFALL (IN)
  YESTERDAY        0.0                                       0.0
  MONTH TO DATE    0.0                                       0.0
  SINCE JUN 1      0.0                                       0.0
  SINCE JUL 1      T                                         8.1
  SNOW DEPTH       0

DEGREE DAYS
 HEATING
  YESTERDAY        0                         0      0        0
  MONTH TO DATE    0                         0      0        0
  SINCE JUN 1      0                         0      0        0
  SINCE JUL 1   1577                      2474   -897     2018

 COOLING
  YESTERDAY       19                        18      1       23
  MONTH TO DATE  497                       393    104      484
  SINCE JUN 1    497                       393    104      484
  SINCE JAN 1   1051                       770    281      880
..................................................................


WIND (MPH)
  HIGHEST WIND SPEED    33   HIGHEST WIND DIRECTION     N (10)
  HIGHEST GUST SPEED    41   HIGHEST GUST DIRECTION     N (10)
  AVERAGE WIND SPEED    14.3


SKY COVER
  POSSIBLE SUNSHINE  MM
  AVERAGE SKY COVER 0.5


WEATHER CONDITIONS
 THE FOLLOWING WEATHER WAS RECORDED YESTERDAY.
  THUNDERSTORM
  LIGHT RAIN
  HAZE
  SANDSTORM


RELATIVE HUMIDITY (PERCENT)
 HIGHEST    60          1100 PM
 LOWEST     24           200 PM
 AVERAGE    42

..........................................................


THE EL PASO CLIMATE NORMALS FOR TODAY
                         NORMAL    RECORD    YEAR
 MAXIMUM TEMPERATURE (F)   97       111      1994
 MINIMUM TEMPERATURE (F)   70        56      1983


SUNRISE AND SUNSET
JUNE 25 2017..........SUNRISE   602 AM MDT   SUNSET   815 PM MDT
JUNE 26 2017..........SUNRISE   602 AM MDT   SUNSET   815 PM MDT


-  INDICATES NEGATIVE NUMBERS.
R  INDICATES RECORD WAS SET OR TIED.
MM INDICATES DATA IS MISSING.
T  INDICATES TRACE AMOUNT.




$$
