731
CDUS44 KEPZ 052328
CLIELP


CLIMATE REPORT
NATIONAL WEATHER SERVICE EL PASO, TX
426 PM MST FRI FEB 5 2016


...................................

...THE EL PASO CLIMATE SUMMARY FOR FEBRUARY 5 2016...
VALID TODAY AS OF 400 PM LOCAL TIME.

CLIMATE NORMAL PERIOD 1981 TO 2010
CLIMATE RECORD PERIOD 1879 TO 2016


WEATHER ITEM   OBSERVED TIME   RECORD YEAR NORMAL DEPARTURE LAST
                VALUE   (LST)  VALUE       VALUE  FROM      YEAR
                                                  NORMAL
..................................................................
TEMPERATURE (F)
 TODAY
  MAXIMUM         54    313 PM  82    1890  61     -7       66
  MINIMUM         26    717 AM  15    2011  35     -9       36

PRECIPITATION (IN)
  TODAY            0.00                      0.02  -0.02     0.00
  MONTH TO DATE    0.07                      0.09  -0.02     0.00
  SINCE DEC 1      1.61                      1.27   0.34     0.97
  SINCE JAN 1      0.53                      0.49   0.04     0.85

SNOWFALL (IN)
  TODAY            0.0                                       0.0
  MONTH TO DATE    T                                         0.0
  SINCE JUL 1      8.1                                        T

..................................................................


WIND (MPH)
  HIGHEST WIND SPEED    25   HIGHEST WIND DIRECTION     N (20)
  HIGHEST GUST SPEED    30   HIGHEST GUST DIRECTION     N (10)


SKY COVER
  AVERAGE SKY COVER 0.4


WEATHER CONDITIONS
 THE FOLLOWING WEATHER WAS RECORDED TODAY.
  NO SIGNIFICANT WEATHER WAS OBSERVED.


RELATIVE HUMIDITY (PERCENT)
 HIGHEST    39           200 AM
 LOWEST     11           400 PM

..........................................................


THE EL PASO CLIMATE NORMALS FOR TOMORROW
                         NORMAL    RECORD    YEAR
 MAXIMUM TEMPERATURE (F)   61        77      2009
                                             1963
 MINIMUM TEMPERATURE (F)   35        19      1923


SUNRISE AND SUNSET
FEBRUARY  5 2016......SUNRISE   656 AM MST   SUNSET   543 PM MST
FEBRUARY  6 2016......SUNRISE   656 AM MST   SUNSET   544 PM MST


-  INDICATES NEGATIVE NUMBERS.
R  INDICATES RECORD WAS SET OR TIED.
MM INDICATES DATA IS MISSING.
T  INDICATES TRACE AMOUNT.




$$
