000
CDUS44 KEPZ 012331
CLIELP


CLIMATE REPORT
NATIONAL WEATHER SERVICE EL PASO, TX
527 PM MDT WED JUL 1 2015


...................................

...THE EL PASO CLIMATE SUMMARY FOR JULY 1 2015...
VALID TODAY AS OF 500 PM LOCAL TIME.

CLIMATE NORMAL PERIOD 1981 TO 2010
CLIMATE RECORD PERIOD 1879 TO 2015


WEATHER ITEM   OBSERVED TIME   RECORD YEAR NORMAL DEPARTURE LAST
                VALUE   (LST)  VALUE       VALUE  FROM      YEAR
                                                  NORMAL
..................................................................
TEMPERATURE (F)
 TODAY
  MAXIMUM         96    333 PM 111    1994  96      0      100
  MINIMUM         71    546 AM  59    1880  71      0       69

PRECIPITATION (IN)
  TODAY            0.00                      0.04  -0.04     0.08
  MONTH TO DATE    0.00                      0.04  -0.04     0.08
  SINCE JUN 1      0.18                      0.98  -0.80     0.09
  SINCE JAN 1      2.72                      2.80  -0.08     0.73

..................................................................


WIND (MPH)
  HIGHEST WIND SPEED    12   HIGHEST WIND DIRECTION    SE (150)
  HIGHEST GUST SPEED    21   HIGHEST GUST DIRECTION     S (160)


SKY COVER
  AVERAGE SKY COVER 0.3


WEATHER CONDITIONS
 THE FOLLOWING WEATHER WAS RECORDED TODAY.
  NO SIGNIFICANT WEATHER WAS OBSERVED.


RELATIVE HUMIDITY (PERCENT)
 HIGHEST    49           500 AM
 LOWEST     19           200 PM

..........................................................


THE EL PASO CLIMATE NORMALS FOR TOMORROW
                         NORMAL    RECORD    YEAR
 MAXIMUM TEMPERATURE (F)   96       108      1994
                                             1989
 MINIMUM TEMPERATURE (F)   71        60      1908


SUNRISE AND SUNSET
JULY  1 2015..........SUNRISE   604 AM MDT   SUNSET   815 PM MDT
JULY  2 2015..........SUNRISE   604 AM MDT   SUNSET   815 PM MDT


-  INDICATES NEGATIVE NUMBERS.
R  INDICATES RECORD WAS SET OR TIED.
MM INDICATES DATA IS MISSING.
T  INDICATES TRACE AMOUNT.




$$
