461
CDUS44 KEPZ 190927
CLIELP


CLIMATE REPORT
NATIONAL WEATHER SERVICE EL PASO, TX
326 AM MDT THU OCT 19 2017


...................................

...THE EL PASO CLIMATE SUMMARY FOR OCTOBER 18 2017...

CLIMATE NORMAL PERIOD 1981 TO 2010
CLIMATE RECORD PERIOD 1879 TO 2017


WEATHER ITEM   OBSERVED TIME   RECORD YEAR NORMAL DEPARTURE LAST
                VALUE   (LST)  VALUE       VALUE  FROM      YEAR
                                                  NORMAL
..................................................................
TEMPERATURE (F)
 YESTERDAY
  MAXIMUM         87    352 PM  92    1991  78      9       89
  MINIMUM         60    636 AM  33    1966  51      9       61
  AVERAGE         74                        64     10       75

PRECIPITATION (IN)
  YESTERDAY        0.00          1.06 1907   0.01  -0.01     0.00
  MONTH TO DATE    T                         0.37  -0.37     0.00
  SINCE SEP 1      1.16                      1.88  -0.72     2.12
  SINCE JAN 1      9.08                      8.20   0.88     8.09

SNOWFALL (IN)
  YESTERDAY        0.0                                       0.0
  MONTH TO DATE    0.0                                       0.0
  SINCE SEP 1      0.0                                       0.0
  SINCE JUL 1      0.0                                        T
  SNOW DEPTH       0

DEGREE DAYS
 HEATING
  YESTERDAY        0                         3     -3        0
  MONTH TO DATE    5                        25    -20        0
  SINCE SEP 1      5                        29    -24        5
  SINCE JUL 1      5                        29    -24        5

 COOLING
  YESTERDAY        9                         2      7       10
  MONTH TO DATE  164                        69     95      134
  SINCE SEP 1    589                       386    203      494
  SINCE JAN 1   2876                      2315    561     2718
..................................................................


WIND (MPH)
  HIGHEST WIND SPEED    31   HIGHEST WIND DIRECTION     W (250)
  HIGHEST GUST SPEED    38   HIGHEST GUST DIRECTION     W (250)
  AVERAGE WIND SPEED     4.0


SKY COVER
  POSSIBLE SUNSHINE  MM
  AVERAGE SKY COVER 0.6


WEATHER CONDITIONS
 THE FOLLOWING WEATHER WAS RECORDED YESTERDAY.
  NO SIGNIFICANT WEATHER WAS OBSERVED.


RELATIVE HUMIDITY (PERCENT)
 HIGHEST    57          1000 PM
 LOWEST     22           400 PM
 AVERAGE    40

..........................................................


THE EL PASO CLIMATE NORMALS FOR TODAY
                         NORMAL    RECORD    YEAR
 MAXIMUM TEMPERATURE (F)   77        88      2016
                                             1988
 MINIMUM TEMPERATURE (F)   51        30      1882


SUNRISE AND SUNSET
OCTOBER 19 2017.......SUNRISE   712 AM MDT   SUNSET   628 PM MDT
OCTOBER 20 2017.......SUNRISE   713 AM MDT   SUNSET   627 PM MDT


-  INDICATES NEGATIVE NUMBERS.
R  INDICATES RECORD WAS SET OR TIED.
MM INDICATES DATA IS MISSING.
T  INDICATES TRACE AMOUNT.




$$
