000
CDUS44 KEPZ 292332
CLIELP


CLIMATE REPORT
NATIONAL WEATHER SERVICE EL PASO, TX
531 PM MDT SAT APR 29 2017


...................................

...THE EL PASO CLIMATE SUMMARY FOR APRIL 29 2017...
VALID TODAY AS OF 500 PM LOCAL TIME.

CLIMATE NORMAL PERIOD 1981 TO 2010
CLIMATE RECORD PERIOD 1879 TO 2017


WEATHER ITEM   OBSERVED TIME   RECORD YEAR NORMAL DEPARTURE LAST
                VALUE   (LST)  VALUE       VALUE  FROM      YEAR
                                                  NORMAL
..................................................................
TEMPERATURE (F)
 TODAY
  MAXIMUM         65   1202 AM  95    1992  83    -18       74
                                      1943
  MINIMUM         43    843 AM  33    1991  55    -12       58

PRECIPITATION (IN)
  TODAY            0.14                      0.01   0.13     0.00
  MONTH TO DATE    0.14                      0.22  -0.08     0.04
  SINCE MAR 1      0.14                      0.48  -0.34     0.05
  SINCE JAN 1      1.35                      1.34   0.01     0.58

SNOWFALL (IN)
  TODAY            0.0                                       0.0
  MONTH TO DATE    0.0                                       0.0
  SINCE JUL 1      T                                         8.1

..................................................................


WIND (MPH)
  HIGHEST WIND SPEED    33   HIGHEST WIND DIRECTION     N (20)
  HIGHEST GUST SPEED    42   HIGHEST GUST DIRECTION    NE (30)


SKY COVER
  AVERAGE SKY COVER 0.8


WEATHER CONDITIONS
 THE FOLLOWING WEATHER WAS RECORDED TODAY.
  THUNDERSTORM
  RAIN
  LIGHT RAIN


RELATIVE HUMIDITY (PERCENT)
 HIGHEST    82           400 AM
 LOWEST     36           400 PM

..........................................................


THE EL PASO CLIMATE NORMALS FOR TOMORROW
                         NORMAL    RECORD    YEAR
 MAXIMUM TEMPERATURE (F)   83        97      1992
 MINIMUM TEMPERATURE (F)   55        33      1984


SUNRISE AND SUNSET
APRIL 29 2017.........SUNRISE   622 AM MDT   SUNSET   745 PM MDT
APRIL 30 2017.........SUNRISE   621 AM MDT   SUNSET   745 PM MDT


-  INDICATES NEGATIVE NUMBERS.
R  INDICATES RECORD WAS SET OR TIED.
MM INDICATES DATA IS MISSING.
T  INDICATES TRACE AMOUNT.




$$
