000
CDUS44 KEPZ 260929
CLIELP


CLIMATE REPORT
NATIONAL WEATHER SERVICE EL PASO, TX
328 AM MDT SUN MAR 26 2017


...................................

...THE EL PASO CLIMATE SUMMARY FOR MARCH 25 2017...

CLIMATE NORMAL PERIOD 1981 TO 2010
CLIMATE RECORD PERIOD 1879 TO 2017


WEATHER ITEM   OBSERVED TIME   RECORD YEAR NORMAL DEPARTURE LAST
                VALUE   (LST)  VALUE       VALUE  FROM      YEAR
                                                  NORMAL
..................................................................
TEMPERATURE (F)
 YESTERDAY
  MAXIMUM         82    406 PM  90    2012  73      9       76
  MINIMUM         44    553 AM  30    1969  45     -1       40
  AVERAGE         63                        59      4       58

PRECIPITATION (IN)
  YESTERDAY        0.00          0.45 1926   0.01  -0.01     0.00
  MONTH TO DATE    0.00                      0.22  -0.22     0.01
  SINCE MAR 1      0.00                      0.22  -0.22     0.01
  SINCE JAN 1      1.21                      1.08   0.13     0.54

SNOWFALL (IN)
  YESTERDAY        0.0                                       0.0
  MONTH TO DATE    0.0                                       0.0
  SINCE MAR 1      0.0                                       0.0
  SINCE JUL 1      T                                         8.1
  SNOW DEPTH       0

DEGREE DAYS
 HEATING
  YESTERDAY        2                         7     -5        7
  MONTH TO DATE   51                       234   -183       92
  SINCE MAR 1     51                       234   -183       92
  SINCE JUL 1   1520                      2337   -817     1926

 COOLING
  YESTERDAY        0                         0      0        0
  MONTH TO DATE   62                         0     62       14
  SINCE MAR 1     62                         0     62       14
  SINCE JAN 1     65                         0     65       17
..................................................................


WIND (MPH)
  HIGHEST WIND SPEED    35   HIGHEST WIND DIRECTION     W (260)
  HIGHEST GUST SPEED    42   HIGHEST GUST DIRECTION     W (260)
  AVERAGE WIND SPEED    10.2


SKY COVER
  POSSIBLE SUNSHINE  MM
  AVERAGE SKY COVER 0.2


WEATHER CONDITIONS
 THE FOLLOWING WEATHER WAS RECORDED YESTERDAY.
  NO SIGNIFICANT WEATHER WAS OBSERVED.


RELATIVE HUMIDITY (PERCENT)
 HIGHEST    37           600 AM
 LOWEST      5           400 PM
 AVERAGE    21

..........................................................


THE EL PASO CLIMATE NORMALS FOR TODAY
                         NORMAL    RECORD    YEAR
 MAXIMUM TEMPERATURE (F)   73        87      1890
 MINIMUM TEMPERATURE (F)   45        24      1955


SUNRISE AND SUNSET
MARCH 26 2017.........SUNRISE   701 AM MDT   SUNSET   721 PM MDT
MARCH 27 2017.........SUNRISE   700 AM MDT   SUNSET   722 PM MDT


-  INDICATES NEGATIVE NUMBERS.
R  INDICATES RECORD WAS SET OR TIED.
MM INDICATES DATA IS MISSING.
T  INDICATES TRACE AMOUNT.




$$
