000
CDUS44 KEPZ 300926
CLIELP


CLIMATE REPORT
NATIONAL WEATHER SERVICE EL PASO, TX
325 AM MDT SAT AUG 30 2014


...................................

...THE EL PASO CLIMATE SUMMARY FOR AUGUST 29 2014...

CLIMATE NORMAL PERIOD 1981 TO 2010
CLIMATE RECORD PERIOD 1879 TO 2014


WEATHER ITEM   OBSERVED TIME   RECORD YEAR NORMAL DEPARTURE LAST
                VALUE   (LST)  VALUE       VALUE  FROM      YEAR
                                                  NORMAL
..................................................................
TEMPERATURE (F)
 YESTERDAY
  MAXIMUM         94    351 PM 102    1962  92      2       80
  MINIMUM         70    621 AM  58    1970  68      2       66
                                      1917
  AVERAGE         82                        80      2       73

PRECIPITATION (IN)
  YESTERDAY        0.00          0.64 1988   0.05  -0.05     0.62
  MONTH TO DATE    1.79                      1.91  -0.12     1.12
  SINCE JUN 1      2.49                      4.40  -1.91     4.41
  SINCE JAN 1      3.13                      6.22  -3.09     5.30

SNOWFALL (IN)
  YESTERDAY        0.0                                       0.0
  MONTH TO DATE    0.0                                       0.0
  SINCE JUN 1      0.0                                        T
  SINCE JUL 1      0.0                                        T
  SNOW DEPTH       0

DEGREE DAYS
 HEATING
  YESTERDAY        0                         0      0        0
  MONTH TO DATE    0                         0      0        0
  SINCE JUN 1      0                         0      0        0
  SINCE JUL 1      0                         0      0        0

 COOLING
  YESTERDAY       17                        15      2        8
  MONTH TO DATE  437                       469    -32      529
  SINCE JUN 1   1752                      1523    229     1737
  SINCE JAN 1   2179                      1900    279     2245
..................................................................


WIND (MPH)
  HIGHEST WIND SPEED    20   HIGHEST WIND DIRECTION     N (350)
  HIGHEST GUST SPEED    23   HIGHEST GUST DIRECTION     N (360)
  AVERAGE WIND SPEED     6.1


SKY COVER
  POSSIBLE SUNSHINE  MM
  AVERAGE SKY COVER 0.2


WEATHER CONDITIONS
 THE FOLLOWING WEATHER WAS RECORDED YESTERDAY.
  NO SIGNIFICANT WEATHER WAS OBSERVED.


RELATIVE HUMIDITY (PERCENT)
 HIGHEST    61           400 AM
 LOWEST     17           200 PM
 AVERAGE    39

..........................................................


THE EL PASO CLIMATE NORMALS FOR TODAY
                         NORMAL    RECORD    YEAR
 MAXIMUM TEMPERATURE (F)   91       103      2011
 MINIMUM TEMPERATURE (F)   68        57      1976
                                             1915


SUNRISE AND SUNSET
AUGUST 30 2014........SUNRISE   640 AM MDT   SUNSET   732 PM MDT
AUGUST 31 2014........SUNRISE   641 AM MDT   SUNSET   731 PM MDT


-  INDICATES NEGATIVE NUMBERS.
R  INDICATES RECORD WAS SET OR TIED.
MM INDICATES DATA IS MISSING.
T  INDICATES TRACE AMOUNT.




$$
