000
CDUS45 KLKN 230928
CLIELY


CLIMATE REPORT
NATIONAL WEATHER SERVICE ELKO NV
227 AM PDT SAT JUL 23 2016


...................................

...THE ELY AIRPORT NV CLIMATE SUMMARY FOR JULY 22 2016...

CLIMATE NORMAL PERIOD 1981 TO 2010
CLIMATE RECORD PERIOD 1893 TO 2016


WEATHER ITEM   OBSERVED TIME   RECORD YEAR NORMAL DEPARTURE LAST
                VALUE   (LST)  VALUE       VALUE  FROM      YEAR
                                                  NORMAL
..................................................................
TEMPERATURE (F)
 YESTERDAY
  MAXIMUM         94    325 PM  96    2013  89      5       81
                                      1988
                                      1942
  MINIMUM         51   1159 PM  36    1987  49      2       45
                                      1897
  AVERAGE         73                        69      4       63

PRECIPITATION (IN)
  YESTERDAY        0.00          0.26 1979   0.03  -0.03     0.08
  MONTH TO DATE    0.05                      0.40  -0.35     0.66
  SINCE OCT 1     12.93                      7.79   5.14     5.62
  SINCE JAN 1      8.57                      5.50   3.07     4.45

SNOWFALL (IN)
  YESTERDAY        0.0           0.0  1893   0.0    0.0      0.0
  MONTH TO DATE    0.0                       0.0    0.0      0.0
  SINCE JUN 1      0.0                       0.1   -0.1      0.0
  SINCE JUL 1      0.0                       0.0    0.0      0.0
  SNOW DEPTH       0

DEGREE DAYS
 HEATING
  YESTERDAY        0                         0      0        2
  MONTH TO DATE   17                        20     -3       19
  SINCE JUN 1     78                       195   -117       74
  SINCE JUL 1     17                        20     -3       19

 COOLING
  YESTERDAY        8                         4      4        0
  MONTH TO DATE   70                        74     -4       64
  SINCE JUN 1    125                        97     28      171
  SINCE JAN 1    125                        98     27      174
..................................................................


WIND (MPH)
  HIGHEST WIND SPEED    25   HIGHEST WIND DIRECTION     S (200)
  HIGHEST GUST SPEED    31   HIGHEST GUST DIRECTION    SW (220)
  AVERAGE WIND SPEED     8.4



WEATHER CONDITIONS
 THE FOLLOWING WEATHER WAS RECORDED YESTERDAY.
  NO SIGNIFICANT WEATHER WAS OBSERVED.


RELATIVE HUMIDITY (PERCENT)
 HIGHEST    41           400 AM
 LOWEST      8           400 PM
 AVERAGE    25

..........................................................


THE ELY AIRPORT NV CLIMATE NORMALS FOR TODAY
                         NORMAL    RECORD    YEAR
 MAXIMUM TEMPERATURE (F)   89        96      2014
 MINIMUM TEMPERATURE (F)   49        36      1957


SUNRISE AND SUNSET
JULY 23 2016..........SUNRISE   532 AM PDT   SUNSET   759 PM PDT
JULY 24 2016..........SUNRISE   533 AM PDT   SUNSET   758 PM PDT


-  INDICATES NEGATIVE NUMBERS.
R  INDICATES RECORD WAS SET OR TIED.
MM INDICATES DATA IS MISSING.
T  INDICATES TRACE AMOUNT.




$$
