000
CDUS45 KLKN 310028
CLIELY


CLIMATE REPORT
NATIONAL WEATHER SERVICE ELKO NV
527 PM PDT SUN AUG 30 2015


...................................

...THE ELY AIRPORT NV CLIMATE SUMMARY FOR AUGUST 30 2015...
VALID TODAY AS OF 0500 PM LOCAL TIME.

CLIMATE NORMAL PERIOD 1981 TO 2010
CLIMATE RECORD PERIOD 1893 TO 2015


WEATHER ITEM   OBSERVED TIME   RECORD YEAR NORMAL DEPARTURE LAST
                VALUE   (LST)  VALUE       VALUE  FROM      YEAR
                                                  NORMAL
..................................................................
TEMPERATURE (F)
 TODAY
  MAXIMUM         87    253 PM  92    1996  82      5       86
  MINIMUM         61    424 AM  29    1942  44     17       54
  AVERAGE         74                        63     11       70

PRECIPITATION (IN)
  TODAY            0.00          0.92 2000   0.02  -0.02     0.00
  MONTH TO DATE    0.54                      0.87  -0.33     2.48
  SINCE OCT 1      6.16                      8.90  -2.74     9.94
  SINCE JAN 1      4.99                      6.61  -1.62     7.26

SNOWFALL (IN)
  TODAY            0.0           0.0  1893   0.0    0.0      0.0
  MONTH TO DATE    0.0                       0.0    0.0      0.0
  SINCE JUN 1      0.0                       0.1   -0.1       T
  SINCE JUL 1      0.0                       0.0    0.0      0.0
  SNOW DEPTH       0

DEGREE DAYS
 HEATING
  TODAY            0                         3     -3        0
  MONTH TO DATE   12                        38    -26       47
  SINCE JUN 1     86                       236   -150      187
  SINCE JUL 1     31                        61    -30       47

 COOLING
  TODAY            9                         1      8        5
  MONTH TO DATE  119                        76     43       41
  SINCE JUN 1    305                       210     95      266
  SINCE JAN 1    308                       211     97      268
..................................................................


WIND (MPH)
  HIGHEST WIND SPEED    25   HIGHEST WIND DIRECTION    SW (220)
  HIGHEST GUST SPEED    33   HIGHEST GUST DIRECTION    SW (210)



WEATHER CONDITIONS
 THE FOLLOWING WEATHER WAS RECORDED TODAY.
  NO SIGNIFICANT WEATHER WAS OBSERVED.


RELATIVE HUMIDITY (PERCENT)
 HIGHEST    36           600 AM
 LOWEST     11           200 PM
 AVERAGE    24

..........................................................


THE ELY AIRPORT NV CLIMATE NORMALS FOR TOMORROW
                         NORMAL    RECORD    YEAR
 MAXIMUM TEMPERATURE (F)   82        92      1996
                                             1950
 MINIMUM TEMPERATURE (F)   44        29      1962


SUNRISE AND SUNSET
AUGUST 30 2015........SUNRISE   606 AM PDT   SUNSET   713 PM PDT
AUGUST 31 2015........SUNRISE   607 AM PDT   SUNSET   712 PM PDT


-  INDICATES NEGATIVE NUMBERS.
R  INDICATES RECORD WAS SET OR TIED.
MM INDICATES DATA IS MISSING.
T  INDICATES TRACE AMOUNT.




$$
