000
CDUS45 KLKN 190930
CLIELY


CLIMATE REPORT
NATIONAL WEATHER SERVICE ELKO NV
227 AM PDT SAT APR 19 2014


...................................

...THE ELY AIRPORT NV CLIMATE SUMMARY FOR APRIL 18 2014...

CLIMATE NORMAL PERIOD 1981 TO 2010
CLIMATE RECORD PERIOD 1893 TO 2014


WEATHER ITEM   OBSERVED TIME   RECORD YEAR NORMAL DEPARTURE LAST
                VALUE   (LST)  VALUE       VALUE  FROM      YEAR
                                                  NORMAL
..................................................................
TEMPERATURE (F)
 YESTERDAY
  MAXIMUM         68    149 PM  81    1989  58     10       49
  MINIMUM         44    946 PM  12    2002  27     17       14
  AVERAGE         56                        43     13       32

PRECIPITATION (IN)
  YESTERDAY        0.00          0.47 1981   0.03  -0.03     0.00
  MONTH TO DATE    0.17                      0.56  -0.39     0.86
  SINCE OCT 1      5.00                      5.23  -0.23     5.66
  SINCE JAN 1      2.32                      2.94  -0.62     2.56

SNOWFALL (IN)
  YESTERDAY        0.0           3.3  1971   0.2   -0.2      0.0
  MONTH TO DATE    2.9                       3.6   -0.7      6.5
  SINCE MAR 1      7.3                      11.9   -4.6      9.6
  SINCE JUL 1     46.4                      46.8   -0.4     65.0
  SNOW DEPTH       0

DEGREE DAYS
 HEATING
  YESTERDAY        9                        22    -13       33
  MONTH TO DATE  379                       433    -54      428
  SINCE MAR 1   1212                      1323   -111     1189
  SINCE JUL 1   6231                      6660   -429     6408

 COOLING
  YESTERDAY        0                         0      0        0
  MONTH TO DATE    0                         0      0        0
  SINCE MAR 1      0                         0      0        0
  SINCE JAN 1      0                         0      0        0
..................................................................


WIND (MPH)
  HIGHEST WIND SPEED    25   HIGHEST WIND DIRECTION     N (10)
  HIGHEST GUST SPEED    31   HIGHEST GUST DIRECTION     N (10)
  AVERAGE WIND SPEED    10.5



WEATHER CONDITIONS
 THE FOLLOWING WEATHER WAS RECORDED YESTERDAY.
  NO SIGNIFICANT WEATHER WAS OBSERVED.


RELATIVE HUMIDITY (PERCENT)
 HIGHEST    54           900 PM
 LOWEST     18           200 PM
 AVERAGE    36

..........................................................


THE ELY AIRPORT NV CLIMATE NORMALS FOR TODAY
                         NORMAL    RECORD    YEAR
 MAXIMUM TEMPERATURE (F)   59        79      1994
 MINIMUM TEMPERATURE (F)   28         8      2007


SUNRISE AND SUNSET
APRIL 19 2014.........SUNRISE   557 AM PDT   SUNSET   721 PM PDT
APRIL 20 2014.........SUNRISE   555 AM PDT   SUNSET   722 PM PDT


-  INDICATES NEGATIVE NUMBERS.
R  INDICATES RECORD WAS SET OR TIED.
MM INDICATES DATA IS MISSING.
T  INDICATES TRACE AMOUNT.




$$
