460
CDUS45 KLKN 210929
CLIELY


CLIMATE REPORT
NATIONAL WEATHER SERVICE ELKO NV
226 AM PDT MON AUG 21 2017


...................................

...THE ELY AIRPORT NV CLIMATE SUMMARY FOR AUGUST 20 2017...

CLIMATE NORMAL PERIOD 1981 TO 2010
CLIMATE RECORD PERIOD 1893 TO 2017


WEATHER ITEM   OBSERVED TIME   RECORD YEAR NORMAL DEPARTURE LAST
                VALUE   (LST)  VALUE       VALUE  FROM      YEAR
                                                  NORMAL
..................................................................
TEMPERATURE (F)
 YESTERDAY
  MAXIMUM         88    218 PM  93    1992  85      3       89
                                      1911
  MINIMUM         47    516 AM  29    1964  47      0       42
  AVERAGE         68                        66      2       66

PRECIPITATION (IN)
  YESTERDAY        0.00          1.78 1906   0.03  -0.03     0.00
  MONTH TO DATE    0.09                      0.61  -0.52     0.18
  SINCE OCT 1      8.92                      8.64   0.28    13.23
  SINCE JAN 1      7.14                      6.35   0.79     8.87

SNOWFALL (IN)
  YESTERDAY        0.0           0.0  1893   0.0    0.0      0.0
  MONTH TO DATE    0.0                       0.0    0.0      0.0
  SINCE JUN 1      T                         0.1   -0.1      0.0
  SINCE JUL 1      0.0                       0.0    0.0      0.0
  SNOW DEPTH       0

DEGREE DAYS
 HEATING
  YESTERDAY        0                         2     -2        0
  MONTH TO DATE    4                        15    -11        6
  SINCE JUN 1     76                       213   -137       84
  SINCE JUL 1      4                        38    -34       23

 COOLING
  YESTERDAY        3                         2      1        1
  MONTH TO DATE   86                        61     25       60
  SINCE JUN 1    366                       195    171      244
  SINCE JAN 1    366                       196    170      244
..................................................................


WIND (MPH)
  HIGHEST WIND SPEED    17   HIGHEST WIND DIRECTION     S (200)
  HIGHEST GUST SPEED    22   HIGHEST GUST DIRECTION    SW (210)
  AVERAGE WIND SPEED     9.0



WEATHER CONDITIONS
 THE FOLLOWING WEATHER WAS RECORDED YESTERDAY.
  NO SIGNIFICANT WEATHER WAS OBSERVED.


RELATIVE HUMIDITY (PERCENT)
 HIGHEST    53           500 AM
 LOWEST      9           300 PM
 AVERAGE    31

..........................................................


THE ELY AIRPORT NV CLIMATE NORMALS FOR TODAY
                         NORMAL    RECORD    YEAR
 MAXIMUM TEMPERATURE (F)   84        93      2009
                                             2007
 MINIMUM TEMPERATURE (F)   46        29      1974


SUNRISE AND SUNSET
AUGUST 21 2017........SUNRISE   558 AM PDT   SUNSET   726 PM PDT
AUGUST 22 2017........SUNRISE   559 AM PDT   SUNSET   725 PM PDT


-  INDICATES NEGATIVE NUMBERS.
R  INDICATES RECORD WAS SET OR TIED.
MM INDICATES DATA IS MISSING.
T  INDICATES TRACE AMOUNT.




$$
