000
CDUS45 KLKN 160929
CLIELY


CLIMATE REPORT
NATIONAL WEATHER SERVICE ELKO NV
129 AM PST SAT DEC 16 2017


...................................

...THE ELY AIRPORT NV CLIMATE SUMMARY FOR DECEMBER 15 2017...

CLIMATE NORMAL PERIOD 1981 TO 2010
CLIMATE RECORD PERIOD 1893 TO 2017


WEATHER ITEM   OBSERVED TIME   RECORD YEAR NORMAL DEPARTURE LAST
                VALUE   (LST)  VALUE       VALUE  FROM      YEAR
                                                  NORMAL
..................................................................
TEMPERATURE (F)
 YESTERDAY
  MAXIMUM         60R   106 PM  60    1979  39     21       52
  MINIMUM         10    706 AM  -9    1972  11     -1       40
  AVERAGE         35                        25     10       46

PRECIPITATION (IN)
  YESTERDAY        0.00          0.14 1977   0.01  -0.01     0.04
  MONTH TO DATE    T                         0.25  -0.25     0.19
  SINCE OCT 1      0.40                      1.95  -1.55     0.80
  SINCE JAN 1      9.50                      9.42   0.08    10.52

SNOWFALL (IN)
  YESTERDAY        0.0           1.0  1949   0.2   -0.2      0.0
  MONTH TO DATE    0.2                       3.3   -3.1      0.1
  SINCE DEC 1      0.2                       3.3   -3.1      0.1
  SINCE JUL 1      5.2                      12.8   -7.6      6.0
  SNOW DEPTH       0

DEGREE DAYS
 HEATING
  YESTERDAY       30                        40    -10       19
  MONTH TO DATE  539                       586    -47      523
  SINCE DEC 1    539                       586    -47      523
  SINCE JUL 1   2183                      2454   -271     2076

 COOLING
  YESTERDAY        0                         0      0        0
  MONTH TO DATE    0                         0      0        0
  SINCE DEC 1      0                         0      0        0
  SINCE JAN 1    433                       218    215      267
..................................................................


WIND (MPH)
  HIGHEST WIND SPEED    21   HIGHEST WIND DIRECTION     S (170)
  HIGHEST GUST SPEED    25   HIGHEST GUST DIRECTION     S (170)
  AVERAGE WIND SPEED     9.0



WEATHER CONDITIONS
 THE FOLLOWING WEATHER WAS RECORDED YESTERDAY.
  NO SIGNIFICANT WEATHER WAS OBSERVED.


RELATIVE HUMIDITY (PERCENT)
 HIGHEST    73           100 AM
 LOWEST      7           300 PM
 AVERAGE    40

..........................................................


THE ELY AIRPORT NV CLIMATE NORMALS FOR TODAY
                         NORMAL    RECORD    YEAR
 MAXIMUM TEMPERATURE (F)   39        61      1958
 MINIMUM TEMPERATURE (F)   11       -11      1965


SUNRISE AND SUNSET
DECEMBER 16 2017......SUNRISE   653 AM PST   SUNSET   418 PM PST
DECEMBER 17 2017......SUNRISE   653 AM PST   SUNSET   418 PM PST


-  INDICATES NEGATIVE NUMBERS.
R  INDICATES RECORD WAS SET OR TIED.
MM INDICATES DATA IS MISSING.
T  INDICATES TRACE AMOUNT.




$$
