000
CDUS45 KLKN 260933
CLIELY


CLIMATE REPORT
NATIONAL WEATHER SERVICE ELKO NV
229 AM PDT MON JUN 26 2017


...................................

...THE ELY AIRPORT NV CLIMATE SUMMARY FOR JUNE 25 2017...

CLIMATE NORMAL PERIOD 1981 TO 2010
CLIMATE RECORD PERIOD 1893 TO 2017


WEATHER ITEM   OBSERVED TIME   RECORD YEAR NORMAL DEPARTURE LAST
                VALUE   (LST)  VALUE       VALUE  FROM      YEAR
                                                  NORMAL
..................................................................
TEMPERATURE (F)
 YESTERDAY
  MAXIMUM         92    152 PM  95    2015  83      9       84
                                      1994
                                      1981
  MINIMUM         44    452 AM  25    1950  44      0       43
  AVERAGE         68                        63      5       64

PRECIPITATION (IN)
  YESTERDAY        0.00          0.23 1965   0.02  -0.02     0.00
  MONTH TO DATE    0.02                      0.61  -0.59     1.54
  SINCE OCT 1      7.97                      7.33   0.64    12.86
  SINCE JAN 1      6.19                      5.04   1.15     8.50

SNOWFALL (IN)
  YESTERDAY        0.0           0.0  1893   0.0    0.0      0.0
  MONTH TO DATE    T                         0.1   -0.1      0.0
  SINCE JUN 1      T                         0.1   -0.1      0.0
  SINCE JUL 1     68.0                      50.8   17.2    100.4
  SNOW DEPTH       0

DEGREE DAYS
 HEATING
  YESTERDAY        0                         3     -3        1
  MONTH TO DATE   68                       163    -95       60
  SINCE JUN 1     68                       163    -95       60
  SINCE JUL 1   6857                      7510   -653     7321

 COOLING
  YESTERDAY        3                         1      2        0
  MONTH TO DATE   54                        13     41       34
  SINCE JUN 1     54                        13     41       34
  SINCE JAN 1     54                        14     40       34
..................................................................


WIND (MPH)
  HIGHEST WIND SPEED    23   HIGHEST WIND DIRECTION     W (280)
  HIGHEST GUST SPEED    31   HIGHEST GUST DIRECTION     W (280)
  AVERAGE WIND SPEED     8.0



WEATHER CONDITIONS
 THE FOLLOWING WEATHER WAS RECORDED YESTERDAY.
  NO SIGNIFICANT WEATHER WAS OBSERVED.


RELATIVE HUMIDITY (PERCENT)
 HIGHEST    41           500 AM
 LOWEST     13          1100 AM
 AVERAGE    27

..........................................................


THE ELY AIRPORT NV CLIMATE NORMALS FOR TODAY
                         NORMAL    RECORD    YEAR
 MAXIMUM TEMPERATURE (F)   83        96      1910
 MINIMUM TEMPERATURE (F)   44        26      1975


SUNRISE AND SUNSET
JUNE 26 2017..........SUNRISE   515 AM PDT   SUNSET   810 PM PDT
JUNE 27 2017..........SUNRISE   515 AM PDT   SUNSET   810 PM PDT


-  INDICATES NEGATIVE NUMBERS.
R  INDICATES RECORD WAS SET OR TIED.
MM INDICATES DATA IS MISSING.
T  INDICATES TRACE AMOUNT.




$$
