000
CDUS45 KLKN 300030
CLIELY


CLIMATE REPORT
NATIONAL WEATHER SERVICE ELKO NV
526 PM PDT SUN MAY 29 2016


...................................

...THE ELY AIRPORT NV CLIMATE SUMMARY FOR MAY 29 2016...
VALID TODAY AS OF 500 PM LOCAL TIME.

CLIMATE NORMAL PERIOD 1981 TO 2010
CLIMATE RECORD PERIOD 1893 TO 2016


WEATHER ITEM   OBSERVED TIME   RECORD YEAR NORMAL DEPARTURE LAST
                VALUE   (LST)  VALUE       VALUE  FROM      YEAR
                                                  NORMAL
..................................................................
TEMPERATURE (F)
 TODAY
  MAXIMUM         70    136 PM  91    2003  72     -2       75
                                      1910
  MINIMUM         37    443 AM  22    2006  36      1       42
  AVERAGE         54                        54      0       59

PRECIPITATION (IN)
  TODAY            0.02          0.91 2011   0.03  -0.01      T
  MONTH TO DATE    0.57                      1.03  -0.46     1.78
  SINCE OCT 1     11.36                      6.65   4.71     4.50
  SINCE JAN 1      7.00                      4.36   2.64     3.33

SNOWFALL (IN)
  TODAY            0.0           7.5  2011   0.0    0.0      0.0
  MONTH TO DATE    T                         2.3   -2.3       T
  SINCE MAR 1     21.1                      15.8    5.3      8.7
  SINCE JUL 1    100.4                      50.7   49.7     19.7
  SNOW DEPTH       0

DEGREE DAYS
 HEATING
  TODAY           11                        11      0        6
  MONTH TO DATE  451                       422     29      439
  SINCE MAR 1   1867                      1988   -121     1794
  SINCE JUL 1   7241                      7325    -84     6038

 COOLING
  TODAY            0                         0      0        0
  MONTH TO DATE    0                         0      0        0
  SINCE MAR 1      0                         0      0        0
  SINCE JAN 1      0                         0      0        0
..................................................................


WIND (MPH)
  HIGHEST WIND SPEED    24   HIGHEST WIND DIRECTION     S (180)
  HIGHEST GUST SPEED    30   HIGHEST GUST DIRECTION     S (170)



WEATHER CONDITIONS
 THE FOLLOWING WEATHER WAS RECORDED TODAY.
  LIGHT RAIN


RELATIVE HUMIDITY (PERCENT)
 HIGHEST    92           500 AM
 LOWEST     24           200 PM
 AVERAGE    58

..........................................................


THE ELY AIRPORT NV CLIMATE NORMALS FOR TOMORROW
                         NORMAL    RECORD    YEAR
 MAXIMUM TEMPERATURE (F)   73        90      2002
 MINIMUM TEMPERATURE (F)   36        22      1985


SUNRISE AND SUNSET
MAY 29 2016...........SUNRISE   516 AM PDT   SUNSET   758 PM PDT
MAY 30 2016...........SUNRISE   515 AM PDT   SUNSET   759 PM PDT


-  INDICATES NEGATIVE NUMBERS.
R  INDICATES RECORD WAS SET OR TIED.
MM INDICATES DATA IS MISSING.
T  INDICATES TRACE AMOUNT.




$$
