000
CDUS43 KTOP 230633
CLIEMP


CLIMATE REPORT
NATIONAL WEATHER SERVICE TOPEKA KS
1232 AM CST SUN NOV 23 2014


...................................

...THE EMPORIA KS CLIMATE SUMMARY FOR NOVEMBER 22 2014...

CLIMATE NORMAL PERIOD 1981 TO 2010
CLIMATE RECORD PERIOD 9999 TO 9999


WEATHER ITEM   OBSERVED NORMAL DEPARTURE LAST
                VALUE   VALUE  FROM      YEAR
                               NORMAL
...............................................
TEMPERATURE (F)
 YESTERDAY
  MAXIMUM         61     53      8       27
  MINIMUM         46     30     16       22
  AVERAGE         54     42     12       25

PRECIPITATION (IN)
  YESTERDAY        0.01   0.06  -0.05     0.00
  MONTH TO DATE    0.13   1.76  -1.63     0.66
  SINCE SEP 1      7.29   8.03  -0.74     8.84
  SINCE JAN 1     26.05  34.64  -8.59    32.93

DEGREE DAYS
 HEATING
  YESTERDAY       11     24    -13       40
  MONTH TO DATE  594    410    184      423
  SINCE SEP 1    851    736    115      750
  SINCE JUL 1    853    737    116      752

 COOLING
  YESTERDAY        0      0      0        0
  MONTH TO DATE    0      0      0        0
  SINCE SEP 1    177    194    -17      246
  SINCE JAN 1   1380   1402    -22     1375
...............................................


WIND (MPH)
  HIGHEST WIND SPEED    24   HIGHEST WIND DIRECTION     S (180)
  HIGHEST GUST SPEED    32   HIGHEST GUST DIRECTION     S (180)
  AVERAGE WIND SPEED    12.7


SKY COVER
  AVERAGE SKY COVER 1.0


WEATHER CONDITIONS
 THE FOLLOWING WEATHER WAS RECORDED YESTERDAY.
  FOG
  FOG W/VISIBILITY <= 1/4 MILE


RELATIVE HUMIDITY (PERCENT)
 HIGHEST   100
 LOWEST     78
 AVERAGE    89

..........................................................


THE EMPORIA KS CLIMATE NORMALS FOR TODAY
                         NORMAL
 MAXIMUM TEMPERATURE (F)   52
 MINIMUM TEMPERATURE (F)   30


SUNRISE AND SUNSET
NOVEMBER 23 2014......SUNRISE   715 AM CST   SUNSET   507 PM CST
NOVEMBER 24 2014......SUNRISE   716 AM CST   SUNSET   507 PM CST


-  INDICATES NEGATIVE NUMBERS.
R  INDICATES RECORD WAS SET OR TIED.
MM INDICATES DATA IS MISSING.
T  INDICATES TRACE AMOUNT.




$$
