000
CDUS43 KTOP 280633
CLIEMP


CLIMATE REPORT
NATIONAL WEATHER SERVICE TOPEKA KS
132 AM CDT SAT MAY 28 2016


...................................

...THE EMPORIA KS CLIMATE SUMMARY FOR MAY 27 2016...

CLIMATE NORMAL PERIOD 1981 TO 2010
CLIMATE RECORD PERIOD 9999 TO 9999


WEATHER ITEM   OBSERVED NORMAL DEPARTURE LAST
                VALUE   VALUE  FROM      YEAR
                               NORMAL
...............................................
TEMPERATURE (F)
 YESTERDAY
  MAXIMUM         73     79     -6       81
  MINIMUM         57     58     -1       56
  AVERAGE         65     68     -3       69

PRECIPITATION (IN)
  YESTERDAY        0.56   0.17   0.39     0.00
  MONTH TO DATE    6.40   4.18   2.22     7.08
  SINCE MAR 1     14.55  10.09   4.46    11.97
  SINCE JAN 1     15.72  11.95   3.77    13.37

DEGREE DAYS
 HEATING
  YESTERDAY        0      1     -1        0
  MONTH TO DATE  124     78     46      101
  SINCE MAR 1    789    985   -196      861
  SINCE JUL 1   3902   4807   -905     4862

 COOLING
  YESTERDAY        0      5     -5        4
  MONTH TO DATE   35     75    -40       54
  SINCE MAR 1     55     98    -43       60
  SINCE JAN 1     55     98    -43       60
...............................................


WIND (MPH)
  HIGHEST WIND SPEED    29   HIGHEST WIND DIRECTION    NE (40)
  HIGHEST GUST SPEED    36   HIGHEST GUST DIRECTION    NE (50)
  AVERAGE WIND SPEED    11.3


SKY COVER
  AVERAGE SKY COVER 0.7


WEATHER CONDITIONS
 THE FOLLOWING WEATHER WAS RECORDED YESTERDAY.
  THUNDERSTORM
  HEAVY RAIN
  RAIN
  LIGHT RAIN
  FOG


RELATIVE HUMIDITY (PERCENT)
 HIGHEST   100
 LOWEST     73
 AVERAGE    87

..........................................................


THE EMPORIA KS CLIMATE NORMALS FOR TODAY
                         NORMAL
 MAXIMUM TEMPERATURE (F)   79
 MINIMUM TEMPERATURE (F)   58


SUNRISE AND SUNSET
MAY 28 2016...........SUNRISE   604 AM CDT   SUNSET   840 PM CDT
MAY 29 2016...........SUNRISE   604 AM CDT   SUNSET   841 PM CDT


-  INDICATES NEGATIVE NUMBERS.
R  INDICATES RECORD WAS SET OR TIED.
MM INDICATES DATA IS MISSING.
T  INDICATES TRACE AMOUNT.




$$
