000
CDUS43 KTOP 020643
CLIEMP


CLIMATE REPORT
NATIONAL WEATHER SERVICE TOPEKA KS
143 AM CDT TUE SEP 2 2014


...................................

...THE EMPORIA KS CLIMATE SUMMARY FOR SEPTEMBER 1 2014...

CLIMATE NORMAL PERIOD 1981 TO 2010
CLIMATE RECORD PERIOD 9999 TO 9999


WEATHER ITEM   OBSERVED NORMAL DEPARTURE LAST
                VALUE   VALUE  FROM      YEAR
                               NORMAL
...............................................
TEMPERATURE (F)
 YESTERDAY
  MAXIMUM         78     87     -9       89
  MINIMUM         62     62      0       65
  AVERAGE         70     74     -4       77

PRECIPITATION (IN)
  YESTERDAY        1.31   0.17   1.14      T
  MONTH TO DATE    1.31   0.17   1.14      T
  SINCE SEP 1      1.31   0.17   1.14      T
  SINCE JAN 1     20.07  26.78  -6.71    24.09

DEGREE DAYS
 HEATING
  YESTERDAY        0      0      0        0
  MONTH TO DATE    0      0      0        0
  SINCE SEP 1      0      0      0        0
  SINCE JUL 1      2      1      1        2

 COOLING
  YESTERDAY        5      9     -4       12
  MONTH TO DATE    5      9     -4       12
  SINCE SEP 1      5      9     -4       12
  SINCE JAN 1   1208   1217     -9     1141
...............................................


WIND (MPH)
  HIGHEST WIND SPEED    44   HIGHEST WIND DIRECTION     W (290)
  HIGHEST GUST SPEED    59   HIGHEST GUST DIRECTION     W (290)
  AVERAGE WIND SPEED     9.4


SKY COVER
  AVERAGE SKY COVER 0.6


WEATHER CONDITIONS
 THE FOLLOWING WEATHER WAS RECORDED YESTERDAY.
  THUNDERSTORM
  HEAVY RAIN
  RAIN
  LIGHT RAIN
  FOG


RELATIVE HUMIDITY (PERCENT)
 HIGHEST   100
 LOWEST     64
 AVERAGE    82

..........................................................


THE EMPORIA KS CLIMATE NORMALS FOR TODAY
                         NORMAL
 MAXIMUM TEMPERATURE (F)   86
 MINIMUM TEMPERATURE (F)   62


SUNRISE AND SUNSET
SEPTEMBER  2 2014.....SUNRISE   655 AM CDT   SUNSET   753 PM CDT
SEPTEMBER  3 2014.....SUNRISE   656 AM CDT   SUNSET   751 PM CDT


-  INDICATES NEGATIVE NUMBERS.
R  INDICATES RECORD WAS SET OR TIED.
MM INDICATES DATA IS MISSING.
T  INDICATES TRACE AMOUNT.




$$
