000
CDUS43 KTOP 020637
CLIEMP


CLIMATE REPORT
NATIONAL WEATHER SERVICE TOPEKA KS
136 AM CDT THU OCT 2 2014


...................................

...THE EMPORIA KS CLIMATE SUMMARY FOR OCTOBER 1 2014...

CLIMATE NORMAL PERIOD 1981 TO 2010
CLIMATE RECORD PERIOD 9999 TO 9999


WEATHER ITEM   OBSERVED NORMAL DEPARTURE LAST
                VALUE   VALUE  FROM      YEAR
                               NORMAL
...............................................
TEMPERATURE (F)
 YESTERDAY
  MAXIMUM         83     75      8       81
  MINIMUM         66     51     15       56
  AVERAGE         75     62     13       69

PRECIPITATION (IN)
  YESTERDAY        0.01   0.08  -0.07     0.00
  MONTH TO DATE    0.01   0.08  -0.07     0.00
  SINCE SEP 1      3.81   3.47   0.34     2.95
  SINCE JAN 1     22.57  30.08  -7.51    27.04

DEGREE DAYS
 HEATING
  YESTERDAY        0      5     -5        0
  MONTH TO DATE    0      5     -5        0
  SINCE SEP 1     46     54     -8       16
  SINCE JUL 1     48     55     -7       18

 COOLING
  YESTERDAY       10      2      8        4
  MONTH TO DATE   10      2      8        4
  SINCE SEP 1    156    167    -11      220
  SINCE JAN 1   1359   1375    -16     1349
...............................................


WIND (MPH)
  HIGHEST WIND SPEED    21   HIGHEST WIND DIRECTION     S (170)
  HIGHEST GUST SPEED    26   HIGHEST GUST DIRECTION     S (170)
  AVERAGE WIND SPEED    10.3


SKY COVER
  AVERAGE SKY COVER 0.3


WEATHER CONDITIONS
 THE FOLLOWING WEATHER WAS RECORDED YESTERDAY.
  THUNDERSTORM
  LIGHT RAIN


RELATIVE HUMIDITY (PERCENT)
 HIGHEST   100
 LOWEST     63
 AVERAGE    82

..........................................................


THE EMPORIA KS CLIMATE NORMALS FOR TODAY
                         NORMAL
 MAXIMUM TEMPERATURE (F)   74
 MINIMUM TEMPERATURE (F)   50


SUNRISE AND SUNSET
OCTOBER  2 2014.......SUNRISE   721 AM CDT   SUNSET   706 PM CDT
OCTOBER  3 2014.......SUNRISE   722 AM CDT   SUNSET   705 PM CDT


-  INDICATES NEGATIVE NUMBERS.
R  INDICATES RECORD WAS SET OR TIED.
MM INDICATES DATA IS MISSING.
T  INDICATES TRACE AMOUNT.




$$
