588
CDUS43 KTOP 180638
CLIEMP


CLIMATE REPORT
NATIONAL WEATHER SERVICE TOPEKA KS
1236 AM CST MON DEC 18 2017


...................................

...THE EMPORIA KS CLIMATE SUMMARY FOR DECEMBER 17 2017...

CLIMATE NORMAL PERIOD 1981 TO 2010
CLIMATE RECORD PERIOD 9999 TO 9999


WEATHER ITEM   OBSERVED NORMAL DEPARTURE LAST
                VALUE   VALUE  FROM      YEAR
                               NORMAL
...............................................
TEMPERATURE (F)
 YESTERDAY
  MAXIMUM         53     42     11       32
  MINIMUM         40     22     18        2
  AVERAGE         47     32     15       17

PRECIPITATION (IN)
  YESTERDAY        0.22   0.04   0.18     0.03
  MONTH TO DATE    0.22   0.87  -0.65     0.55
  SINCE DEC 1      0.22   0.87  -0.65     0.55
  SINCE JAN 1     33.14  35.91  -2.77    38.37

DEGREE DAYS
 HEATING
  YESTERDAY       18     33    -15       48
  MONTH TO DATE  413    520   -107      605
  SINCE DEC 1    413    520   -107      605
  SINCE JUL 1   1232   1460   -228     1155

 COOLING
  YESTERDAY        0      0      0        0
  MONTH TO DATE    0      0      0        0
  SINCE DEC 1      0      0      0        0
  SINCE JAN 1   1355   1403    -48     1629
...............................................


WIND (MPH)
  HIGHEST WIND SPEED    18   HIGHEST WIND DIRECTION     S (190)
  HIGHEST GUST SPEED    22   HIGHEST GUST DIRECTION     S (180)
  AVERAGE WIND SPEED     7.8


SKY COVER
  AVERAGE SKY COVER 0.8


WEATHER CONDITIONS
 THE FOLLOWING WEATHER WAS RECORDED YESTERDAY.
  RAIN
  LIGHT RAIN
  FOG


RELATIVE HUMIDITY (PERCENT)
 HIGHEST    96
 LOWEST     63
 AVERAGE    80

..........................................................


THE EMPORIA KS CLIMATE NORMALS FOR TODAY
                         NORMAL
 MAXIMUM TEMPERATURE (F)   42
 MINIMUM TEMPERATURE (F)   22


SUNRISE AND SUNSET
DECEMBER 18 2017......SUNRISE   737 AM CST   SUNSET   507 PM CST
DECEMBER 19 2017......SUNRISE   737 AM CST   SUNSET   507 PM CST


-  INDICATES NEGATIVE NUMBERS.
R  INDICATES RECORD WAS SET OR TIED.
MM INDICATES DATA IS MISSING.
T  INDICATES TRACE AMOUNT.




$$
