000
CDUS43 KTOP 250636
CLIEMP


CLIMATE REPORT
NATIONAL WEATHER SERVICE TOPEKA KS
136 AM CDT MON MAY 25 2015


...................................

...THE EMPORIA KS CLIMATE SUMMARY FOR MAY 24 2015...

CLIMATE NORMAL PERIOD 1981 TO 2010
CLIMATE RECORD PERIOD 9999 TO 9999


WEATHER ITEM   OBSERVED NORMAL DEPARTURE LAST
                VALUE   VALUE  FROM      YEAR
                               NORMAL
...............................................
TEMPERATURE (F)
 YESTERDAY
  MAXIMUM         68     78    -10       76
  MINIMUM         59     57      2       62
  AVERAGE         64     68     -4       69

PRECIPITATION (IN)
  YESTERDAY        0.09   0.16  -0.07     0.77
  MONTH TO DATE    6.84   3.66   3.18     2.85
  SINCE MAR 1     11.73   9.57   2.16     4.91
  SINCE JAN 1     13.13  11.43   1.70     5.40

DEGREE DAYS
 HEATING
  YESTERDAY        1      2     -1        0
  MONTH TO DATE  101     75     26      113
  SINCE MAR 1    861    982   -121     1169
  SINCE JUL 1   4862   4804     58     5494

 COOLING
  YESTERDAY        0      4     -4        4
  MONTH TO DATE   42     61    -19      104
  SINCE MAR 1     48     84    -36      122
  SINCE JAN 1     48     84    -36      122
...............................................


WIND (MPH)
  HIGHEST WIND SPEED    18   HIGHEST WIND DIRECTION     S (180)
  HIGHEST GUST SPEED    24   HIGHEST GUST DIRECTION     S (180)
  AVERAGE WIND SPEED     7.6


SKY COVER
  AVERAGE SKY COVER 0.8


WEATHER CONDITIONS
 THE FOLLOWING WEATHER WAS RECORDED YESTERDAY.
  LIGHT RAIN


RELATIVE HUMIDITY (PERCENT)
 HIGHEST   100
 LOWEST     81
 AVERAGE    91

..........................................................


THE EMPORIA KS CLIMATE NORMALS FOR TODAY
                         NORMAL
 MAXIMUM TEMPERATURE (F)   78
 MINIMUM TEMPERATURE (F)   58


SUNRISE AND SUNSET
MAY 25 2015...........SUNRISE   607 AM CDT   SUNSET   837 PM CDT
MAY 26 2015...........SUNRISE   606 AM CDT   SUNSET   838 PM CDT


-  INDICATES NEGATIVE NUMBERS.
R  INDICATES RECORD WAS SET OR TIED.
MM INDICATES DATA IS MISSING.
T  INDICATES TRACE AMOUNT.




$$
