000
CDUS46 KOTX 300827
CLIEPH


CLIMATE REPORT
NATIONAL WEATHER SERVICE SPOKANE, WA
127 AM PDT FRI SEP 30 2016


...................................

...THE EPHRATA WA AIRPORT CLIMATE SUMMARY FOR SEPTEMBER 29 2016...

CLIMATE NORMAL PERIOD 1981 TO 2010
CLIMATE RECORD PERIOD 9999 TO 9999


WEATHER ITEM   OBSERVED TIME   RECORD YEAR NORMAL DEPARTURE LAST
                VALUE   (LST)  VALUE       VALUE  FROM      YEAR
                                                  NORMAL
..................................................................
TEMPERATURE (F)
 YESTERDAY
  MAXIMUM         79    254 PM  88    1989  72      7       78
  MINIMUM         57   1104 PM  30    1972  45     12       45
  AVERAGE         68                        59      9       62

PRECIPITATION (IN)
  YESTERDAY        T             0.17 1951   0.02  -0.02      T
  MONTH TO DATE    0.07                      0.35  -0.28     0.16
  SINCE OCT 1      9.08                      7.84   1.24     7.15
  SINCE JAN 1      6.36                      5.01   1.35     4.36

SNOWFALL (IN)
  YESTERDAY       MM

DEGREE DAYS
 HEATING
  YESTERDAY        0                         7     -7        3
  MONTH TO DATE   85                       101    -16      100
  SINCE SEP 1     85                       101    -16      100
  SINCE JUL 1     87                       118    -31      100

 COOLING
  YESTERDAY        3                         1      2        0
  MONTH TO DATE   19                        74    -55       40
  SINCE SEP 1     19                        74    -55       40
  SINCE JAN 1    751                       768    -17     1274
..................................................................


WIND (MPH)
  HIGHEST WIND SPEED    16   HIGHEST WIND DIRECTION    NW (330)
  HIGHEST GUST SPEED    19   HIGHEST GUST DIRECTION    NW (330)
  AVERAGE WIND SPEED     7.3


SKY COVER
  POSSIBLE SUNSHINE  MM
  AVERAGE SKY COVER 0.0


WEATHER CONDITIONS
 THE FOLLOWING WEATHER WAS RECORDED YESTERDAY.
  NO SIGNIFICANT WEATHER WAS OBSERVED.


RELATIVE HUMIDITY (PERCENT)
 HIGHEST    62          1000 PM
 LOWEST     25           100 PM
 AVERAGE    44

..........................................................


THE EPHRATA WA AIRPORT CLIMATE NORMALS FOR TODAY
                         NORMAL    RECORD    YEAR
 MAXIMUM TEMPERATURE (F)   72        86      2008
 MINIMUM TEMPERATURE (F)   45        36      1985


SUNRISE AND SUNSET
SEPTEMBER 30 2016.....SUNRISE   656 AM PDT   SUNSET   638 PM PDT
OCTOBER  1 2016.......SUNRISE   658 AM PDT   SUNSET   636 PM PDT


-  INDICATES NEGATIVE NUMBERS.
R  INDICATES RECORD WAS SET OR TIED.
MM INDICATES DATA IS MISSING.
T  INDICATES TRACE AMOUNT.




$$
