000
CDUS46 KOTX 230823
CLIEPH


CLIMATE REPORT
NATIONAL WEATHER SERVICE SPOKANE, WA
1223 AM PST SUN NOV 23 2014


...................................

...THE EPHRATA WA AIRPORT CLIMATE SUMMARY FOR NOVEMBER 22 2014...

CLIMATE NORMAL PERIOD 1981 TO 2010
CLIMATE RECORD PERIOD 9999 TO 9999


WEATHER ITEM   OBSERVED TIME   RECORD YEAR NORMAL DEPARTURE LAST
                VALUE   (LST)  VALUE       VALUE  FROM      YEAR
                                                  NORMAL
..................................................................
TEMPERATURE (F)
 YESTERDAY
  MAXIMUM         46    849 PM  62    1990  42      4       38
  MINIMUM         30    117 AM   6    1985  27      3       16
  AVERAGE         38                        34      4       27

PRECIPITATION (IN)
  YESTERDAY        0.00          0.20 1985   0.04  -0.04     0.00
  MONTH TO DATE    0.66                      0.75  -0.09     0.59
  SINCE OCT 1      1.80                      1.28   0.52     0.73
  SINCE JAN 1      5.98                      6.30  -0.32     5.70

SNOWFALL (IN)
  YESTERDAY       MM

DEGREE DAYS
 HEATING
  YESTERDAY       27                        31     -4       38
  MONTH TO DATE  605                       579     26      520
  SINCE SEP 1    921                      1143   -222     1088
  SINCE JUL 1    922                      1160   -238     1088

 COOLING
  YESTERDAY        0                         0      0        0
  MONTH TO DATE    0                         0      0        0
  SINCE SEP 1    104                        78     26      160
  SINCE JAN 1   1137                       772    365     1084
..................................................................


WIND (MPH)
  HIGHEST WIND SPEED    18   HIGHEST WIND DIRECTION     S (190)
  HIGHEST GUST SPEED    26   HIGHEST GUST DIRECTION     S (200)
  AVERAGE WIND SPEED     7.4


SKY COVER
  POSSIBLE SUNSHINE  MM
  AVERAGE SKY COVER 0.1


WEATHER CONDITIONS
 THE FOLLOWING WEATHER WAS RECORDED YESTERDAY.
  FOG


RELATIVE HUMIDITY (PERCENT)
 HIGHEST    92          1200 AM
 LOWEST     62           300 AM
 AVERAGE    77

..........................................................


THE EPHRATA WA AIRPORT CLIMATE NORMALS FOR TODAY
                         NORMAL    RECORD    YEAR
 MAXIMUM TEMPERATURE (F)   41        64      1986
 MINIMUM TEMPERATURE (F)   27       -15      1985


SUNRISE AND SUNSET
NOVEMBER 23 2014......SUNRISE   714 AM PST   SUNSET   415 PM PST
NOVEMBER 24 2014......SUNRISE   715 AM PST   SUNSET   414 PM PST


-  INDICATES NEGATIVE NUMBERS.
R  INDICATES RECORD WAS SET OR TIED.
MM INDICATES DATA IS MISSING.
T  INDICATES TRACE AMOUNT.




$$
