000
CDUS46 KOTX 310826
CLIEPH


CLIMATE REPORT
NATIONAL WEATHER SERVICE SPOKANE, WA
125 AM PDT TUE MAY 31 2016


...................................

...THE EPHRATA WA AIRPORT CLIMATE SUMMARY FOR MAY 30 2016...

CLIMATE NORMAL PERIOD 1981 TO 2010
CLIMATE RECORD PERIOD 9999 TO 9999


WEATHER ITEM   OBSERVED TIME   RECORD YEAR NORMAL DEPARTURE LAST
                VALUE   (LST)  VALUE       VALUE  FROM      YEAR
                                                  NORMAL
..................................................................
TEMPERATURE (F)
 YESTERDAY
  MAXIMUM         75    437 PM 100    1986  76     -1       89
  MINIMUM         48    419 AM  38    1982  50     -2       62
  AVERAGE         62                        63     -1       76

PRECIPITATION (IN)
  YESTERDAY        0.00          0.22 1987   0.03  -0.03     0.00
  MONTH TO DATE    0.53                      0.62  -0.09     1.18
  SINCE OCT 1      7.42                      6.26   1.16     6.85
  SINCE JAN 1      4.70                      3.43   1.27     4.06

SNOWFALL (IN)
  YESTERDAY       MM

DEGREE DAYS
 HEATING
  YESTERDAY        3                         4     -1        0
  MONTH TO DATE   87                       208   -121       75
  SINCE MAR 1    908                      1332   -424      984
  SINCE JUL 1   4861                      5905  -1044     4678

 COOLING
  YESTERDAY        0                         2     -2       11
  MONTH TO DATE   27                        34     -7       75
  SINCE MAR 1     32                        36     -4       75
  SINCE JAN 1     32                        36     -4       75
..................................................................


WIND (MPH)
  HIGHEST WIND SPEED    16   HIGHEST WIND DIRECTION     N (340)
  HIGHEST GUST SPEED    18   HIGHEST GUST DIRECTION     N (340)
  AVERAGE WIND SPEED     6.4


SKY COVER
  POSSIBLE SUNSHINE  MM
  AVERAGE SKY COVER 0.0


WEATHER CONDITIONS
 THE FOLLOWING WEATHER WAS RECORDED YESTERDAY.
  NO SIGNIFICANT WEATHER WAS OBSERVED.


RELATIVE HUMIDITY (PERCENT)
 HIGHEST    56           500 AM
 LOWEST     20           200 PM
 AVERAGE    38

..........................................................


THE EPHRATA WA AIRPORT CLIMATE NORMALS FOR TODAY
                         NORMAL    RECORD    YEAR
 MAXIMUM TEMPERATURE (F)   76       101      1986
 MINIMUM TEMPERATURE (F)   51        35      1984


SUNRISE AND SUNSET
MAY 31 2016...........SUNRISE   506 AM PDT   SUNSET   846 PM PDT
JUNE  1 2016..........SUNRISE   505 AM PDT   SUNSET   847 PM PDT


-  INDICATES NEGATIVE NUMBERS.
R  INDICATES RECORD WAS SET OR TIED.
MM INDICATES DATA IS MISSING.
T  INDICATES TRACE AMOUNT.




$$
