000
CDUS46 KOTX 240847
CLIEPH


CLIMATE REPORT
NATIONAL WEATHER SERVICE SPOKANE, WA
147 AM PDT SUN SEP 24 2017


...................................

...THE EPHRATA WA AIRPORT CLIMATE SUMMARY FOR SEPTEMBER 23 2017...

CLIMATE NORMAL PERIOD 1981 TO 2010
CLIMATE RECORD PERIOD 9999 TO 9999


WEATHER ITEM   OBSERVED TIME   RECORD YEAR NORMAL DEPARTURE LAST
                VALUE   (LST)  VALUE       VALUE  FROM      YEAR
                                                  NORMAL
..................................................................
TEMPERATURE (F)
 YESTERDAY
  MAXIMUM         69    340 PM  92    1987  75     -6       65
  MINIMUM         45    602 AM  32    2008  47     -2       44
  AVERAGE         57                        61     -4       55

PRECIPITATION (IN)
  YESTERDAY        0.00          0.47 1986   0.02  -0.02     0.01
  MONTH TO DATE    0.09                      0.26  -0.17     0.07
  SINCE OCT 1      9.50                      7.75   1.75     9.08
  SINCE JAN 1      5.90                      4.92   0.98     6.36

SNOWFALL (IN)
  YESTERDAY       MM

DEGREE DAYS
 HEATING
  YESTERDAY        8                         5      3       10
  MONTH TO DATE   85                        63     22       74
  SINCE SEP 1     85                        63     22       74
  SINCE JUL 1     85                        80      5       76

 COOLING
  YESTERDAY        0                         1     -1        0
  MONTH TO DATE   99                        68     31        7
  SINCE SEP 1     99                        68     31        7
  SINCE JAN 1   1070                       762    308      739
..................................................................


WIND (MPH)
  HIGHEST WIND SPEED    12   HIGHEST WIND DIRECTION     S (180)
  HIGHEST GUST SPEED    17   HIGHEST GUST DIRECTION     S (190)
  AVERAGE WIND SPEED     4.5


SKY COVER
  POSSIBLE SUNSHINE  MM
  AVERAGE SKY COVER 0.3


WEATHER CONDITIONS
 THE FOLLOWING WEATHER WAS RECORDED YESTERDAY.
  NO SIGNIFICANT WEATHER WAS OBSERVED.


RELATIVE HUMIDITY (PERCENT)
 HIGHEST    76           600 AM
 LOWEST     29           500 PM
 AVERAGE    53

..........................................................


THE EPHRATA WA AIRPORT CLIMATE NORMALS FOR TODAY
                         NORMAL    RECORD    YEAR
 MAXIMUM TEMPERATURE (F)   75        91      2011
                                             1994
 MINIMUM TEMPERATURE (F)   47        33      1958


SUNRISE AND SUNSET
SEPTEMBER 24 2017.....SUNRISE   648 AM PDT   SUNSET   651 PM PDT
SEPTEMBER 25 2017.....SUNRISE   649 AM PDT   SUNSET   649 PM PDT


-  INDICATES NEGATIVE NUMBERS.
R  INDICATES RECORD WAS SET OR TIED.
MM INDICATES DATA IS MISSING.
T  INDICATES TRACE AMOUNT.




$$
