000
CDUS46 KOTX 250829
CLIEPH


CLIMATE REPORT
NATIONAL WEATHER SERVICE SPOKANE, WA
1228 AM PST SUN FEB 25 2018


...................................

...THE EPHRATA WA AIRPORT CLIMATE SUMMARY FOR FEBRUARY 24 2018...

CLIMATE NORMAL PERIOD 1981 TO 2010
CLIMATE RECORD PERIOD 9999 TO 9999


WEATHER ITEM   OBSERVED TIME   RECORD YEAR NORMAL DEPARTURE LAST
                VALUE   (LST)  VALUE       VALUE  FROM      YEAR
                                                  NORMAL
..................................................................
TEMPERATURE (F)
 YESTERDAY
  MAXIMUM         42    333 PM  58    1968  46     -4       37
  MINIMUM         19    304 AM   6    2011  27     -8       16
  AVERAGE         31                        36     -5       27

PRECIPITATION (IN)
  YESTERDAY        0.00          0.31 2007   0.03  -0.03     0.00
  MONTH TO DATE    0.32                      0.63  -0.31     1.25
  SINCE OCT 1      4.31                      4.37  -0.06     5.81
  SINCE JAN 1      1.73                      1.54   0.19     2.21

SNOWFALL (IN)
  YESTERDAY       MM

DEGREE DAYS
 HEATING
  YESTERDAY       34                        29      5       38
  MONTH TO DATE  723                       753    -30      886
  SINCE DEC 1   2741                      3042   -301     3517
  SINCE JUL 1   4121                      4461   -340     4640

 COOLING
  YESTERDAY        0                         0      0        0
  MONTH TO DATE    0                         0      0        0
  SINCE DEC 1      0                         0      0        0
  SINCE JAN 1      0                         0      0        0
..................................................................


WIND (MPH)
  HIGHEST WIND SPEED    23   HIGHEST WIND DIRECTION    NW (330)
  HIGHEST GUST SPEED    26   HIGHEST GUST DIRECTION    NW (330)
  AVERAGE WIND SPEED     9.2


SKY COVER
  POSSIBLE SUNSHINE  MM
  AVERAGE SKY COVER 0.4


WEATHER CONDITIONS
 THE FOLLOWING WEATHER WAS RECORDED YESTERDAY.
  NO SIGNIFICANT WEATHER WAS OBSERVED.


RELATIVE HUMIDITY (PERCENT)
 HIGHEST    92          1200 AM
 LOWEST     40           800 PM
 AVERAGE    66

..........................................................


THE EPHRATA WA AIRPORT CLIMATE NORMALS FOR TODAY
                         NORMAL    RECORD    YEAR
 MAXIMUM TEMPERATURE (F)   46        62      1995
 MINIMUM TEMPERATURE (F)   27        -1      1993


SUNRISE AND SUNSET
FEBRUARY 25 2018......SUNRISE   645 AM PST   SUNSET   537 PM PST
FEBRUARY 26 2018......SUNRISE   644 AM PST   SUNSET   539 PM PST


-  INDICATES NEGATIVE NUMBERS.
R  INDICATES RECORD WAS SET OR TIED.
MM INDICATES DATA IS MISSING.
T  INDICATES TRACE AMOUNT.




$$
