000
CDUS46 KOTX 260821
CLIEPH


CLIMATE REPORT
NATIONAL WEATHER SERVICE SPOKANE, WA
121 AM PDT WED JUL 26 2017


...................................

...THE EPHRATA WA AIRPORT CLIMATE SUMMARY FOR JULY 25 2017...

CLIMATE NORMAL PERIOD 1981 TO 2010
CLIMATE RECORD PERIOD 9999 TO 9999


WEATHER ITEM   OBSERVED TIME   RECORD YEAR NORMAL DEPARTURE LAST
                VALUE   (LST)  VALUE       VALUE  FROM      YEAR
                                                  NORMAL
..................................................................
TEMPERATURE (F)
 YESTERDAY
  MAXIMUM         94    318 PM 105    1984  90      4       97
  MINIMUM         65   1109 PM  50    2014  62      3       60
                                      1966
  AVERAGE         80                        76      4       79

PRECIPITATION (IN)
  YESTERDAY        0.00          0.47 1990   0.02  -0.02     0.00
  MONTH TO DATE    0.00                      0.33  -0.33     0.28
  SINCE OCT 1      9.35                      7.23   2.12     8.97
  SINCE JAN 1      5.75                      4.40   1.35     6.25

SNOWFALL (IN)
  YESTERDAY       MM

DEGREE DAYS
 HEATING
  YESTERDAY        0                         0      0        0
  MONTH TO DATE    0                         4     -4        0
  SINCE JUN 1     43                        64    -21       70
  SINCE JUL 1      0                         4     -4        0

 COOLING
  YESTERDAY       15                        11      4       14
  MONTH TO DATE  295                       228     67      150
  SINCE JUN 1    450                       338    112      325
  SINCE JAN 1    508                       375    133      357
..................................................................


WIND (MPH)
  HIGHEST WIND SPEED    16   HIGHEST WIND DIRECTION     N (340)
  HIGHEST GUST SPEED    19   HIGHEST GUST DIRECTION    NW (330)
  AVERAGE WIND SPEED     7.1


SKY COVER
  POSSIBLE SUNSHINE  MM
  AVERAGE SKY COVER 0.0


WEATHER CONDITIONS
 THE FOLLOWING WEATHER WAS RECORDED YESTERDAY.
  NO SIGNIFICANT WEATHER WAS OBSERVED.


RELATIVE HUMIDITY (PERCENT)
 HIGHEST    34           500 AM
 LOWEST     13           400 PM
 AVERAGE    24

..........................................................


THE EPHRATA WA AIRPORT CLIMATE NORMALS FOR TODAY
                         NORMAL    RECORD    YEAR
 MAXIMUM TEMPERATURE (F)   90       106      1998
 MINIMUM TEMPERATURE (F)   62        52      2015
                                             2011


SUNRISE AND SUNSET
JULY 26 2017..........SUNRISE   530 AM PDT   SUNSET   839 PM PDT
JULY 27 2017..........SUNRISE   531 AM PDT   SUNSET   838 PM PDT


-  INDICATES NEGATIVE NUMBERS.
R  INDICATES RECORD WAS SET OR TIED.
MM INDICATES DATA IS MISSING.
T  INDICATES TRACE AMOUNT.




$$
