529
CDUS46 KOTX 300837
CLIEPH


CLIMATE REPORT
NATIONAL WEATHER SERVICE SPOKANE, WA
137 AM PDT SAT APR 30 2016


...................................

...THE EPHRATA WA AIRPORT CLIMATE SUMMARY FOR APRIL 29 2016...

CLIMATE NORMAL PERIOD 1981 TO 2010
CLIMATE RECORD PERIOD 9999 TO 9999


WEATHER ITEM   OBSERVED TIME   RECORD YEAR NORMAL DEPARTURE LAST
                VALUE   (LST)  VALUE       VALUE  FROM      YEAR
                                                  NORMAL
..................................................................
TEMPERATURE (F)
 YESTERDAY
  MAXIMUM         62   1253 PM  89    1957  67     -5       68
  MINIMUM         50    131 PM  26    1952  41      9       43
  AVERAGE         56                        54      2       56

PRECIPITATION (IN)
  YESTERDAY        0.28          0.49 1961   0.01   0.27     0.00
  MONTH TO DATE    0.55                      0.47   0.08     0.57
  SINCE OCT 1      6.89                      5.63   1.26     5.67
  SINCE JAN 1      4.17                      2.80   1.37     2.88

SNOWFALL (IN)
  YESTERDAY       MM

DEGREE DAYS
 HEATING
  YESTERDAY        9                        11     -2        9
  MONTH TO DATE  217                       428   -211      394
  SINCE MAR 1    818                      1112   -294      898
  SINCE JUL 1   4771                      5685   -914     4592

 COOLING
  YESTERDAY        0                         0      0        0
  MONTH TO DATE    5                         0      5        0
  SINCE MAR 1      5                         0      5        0
  SINCE JAN 1      5                         0      5        0
..................................................................


WIND (MPH)
  HIGHEST WIND SPEED    21   HIGHEST WIND DIRECTION    NW (310)
  HIGHEST GUST SPEED    26   HIGHEST GUST DIRECTION    NW (310)
  AVERAGE WIND SPEED     7.3


SKY COVER
  POSSIBLE SUNSHINE  MM
  AVERAGE SKY COVER 0.7


WEATHER CONDITIONS
 THE FOLLOWING WEATHER WAS RECORDED YESTERDAY.
  THUNDERSTORM
  HEAVY RAIN
  LIGHT RAIN
  FOG
  HAZE


RELATIVE HUMIDITY (PERCENT)
 HIGHEST    86           500 AM
 LOWEST     52           100 PM
 AVERAGE    69

..........................................................


THE EPHRATA WA AIRPORT CLIMATE NORMALS FOR TODAY
                         NORMAL    RECORD    YEAR
 MAXIMUM TEMPERATURE (F)   67        90      1998
 MINIMUM TEMPERATURE (F)   41        30      1986


SUNRISE AND SUNSET
APRIL 30 2016.........SUNRISE   542 AM PDT   SUNSET   809 PM PDT
MAY  1 2016...........SUNRISE   541 AM PDT   SUNSET   810 PM PDT


-  INDICATES NEGATIVE NUMBERS.
R  INDICATES RECORD WAS SET OR TIED.
MM INDICATES DATA IS MISSING.
T  INDICATES TRACE AMOUNT.




$$
