000
CDUS41 KCLE 300527
CLIERI


CLIMATE REPORT
NATIONAL WEATHER SERVICE CLEVELAND OH
126 AM EDT SAT JUL 30 2016


...................................

...THE ERIE PA CLIMATE SUMMARY FOR JULY 29 2016...

CLIMATE NORMAL PERIOD 1981 TO 2010
CLIMATE RECORD PERIOD 1873 TO 2016


WEATHER ITEM   OBSERVED TIME   RECORD YEAR NORMAL DEPARTURE LAST
                VALUE   (LST)  VALUE       VALUE  FROM      YEAR
                                                  NORMAL
..................................................................
TEMPERATURE (F)
 YESTERDAY
  MAXIMUM         84    237 PM  92    1940  80      4       89
  MINIMUM         67    524 AM  50    1972  64      3       69
  AVERAGE         76                        72      4       79

PRECIPITATION (IN)
  YESTERDAY        0.00                      0.12  -0.12     0.00
  MONTH TO DATE    3.95                      3.30   0.65     2.21
  SINCE JUN 1      5.79                      7.06  -1.27     7.49
  SINCE JAN 1     18.56                     22.12  -3.56    21.68

SNOWFALL (IN)
  YESTERDAY        0.0                       0.0    0.0      0.0
  MONTH TO DATE    0.0                       0.0    0.0      0.0
  SINCE JUN 1      0.0                       0.0    0.0      0.0
  SINCE JUL 1      0.0                       0.0    0.0      0.0
  SNOW DEPTH       0

DEGREE DAYS
 HEATING
  YESTERDAY        0                         0      0        0
  MONTH TO DATE    0                         2     -2       12
  SINCE JUN 1     40                        63    -23       49
  SINCE JUL 1      0                         2     -2       12

 COOLING
  YESTERDAY       11                         7      4       14
  MONTH TO DATE  268                       201     67      179
  SINCE JUN 1    419                       324     95      279
  SINCE JAN 1    494                       363    131      391
..................................................................


WIND (MPH)
  HIGHEST WIND SPEED    17   HIGHEST WIND DIRECTION    NE (40)
  HIGHEST GUST SPEED    21   HIGHEST GUST DIRECTION    NE (30)
  AVERAGE WIND SPEED     7.2


SKY COVER
  POSSIBLE SUNSHINE  MM
  AVERAGE SKY COVER 0.2


WEATHER CONDITIONS
 THE FOLLOWING WEATHER WAS RECORDED YESTERDAY.
  FOG
  HAZE


RELATIVE HUMIDITY (PERCENT)
 HIGHEST    90           100 AM
 LOWEST     58           300 PM
 AVERAGE    74

..........................................................


THE ERIE PA CLIMATE NORMALS FOR TODAY
                         NORMAL    RECORD    YEAR
 MAXIMUM TEMPERATURE (F)   80        90      1955
                                             1948
                                             1917
 MINIMUM TEMPERATURE (F)   64        52      1997
                                             1968


SUNRISE AND SUNSET
JULY 30 2016..........SUNRISE   612 AM EDT   SUNSET   841 PM EDT
JULY 31 2016..........SUNRISE   613 AM EDT   SUNSET   840 PM EDT


-  INDICATES NEGATIVE NUMBERS.
R  INDICATES RECORD WAS SET OR TIED.
MM INDICATES DATA IS MISSING.
T  INDICATES TRACE AMOUNT.




$$
