000
CDUS46 KPQR 240225
CLIEUG


CLIMATE REPORT
NATIONAL WEATHER SERVICE PORTLAND OREGON
725 PM PDT WED APR 23 2014


...................................

...THE EUGENE OR CLIMATE SUMMARY FOR APRIL 23 2014...
VALID TODAY AS OF 0700 PM LOCAL TIME.

CLIMATE NORMAL PERIOD 1981 TO 2010
CLIMATE RECORD PERIOD 1892 TO 2014


WEATHER ITEM   OBSERVED TIME   RECORD YEAR NORMAL DEPARTURE LAST
                VALUE   (LST)  VALUE       VALUE  FROM      YEAR
                                                  NORMAL
..................................................................
TEMPERATURE (F)
 TODAY
  MAXIMUM         57    108 PM  80    2012  62     -5       68
  MINIMUM         45    555 AM  30    1960  40      5       33
  AVERAGE         51                        51      0       51

PRECIPITATION (IN)
  TODAY            0.24          1.08 2003   0.11   0.13     0.00
  MONTH TO DATE    1.01                      2.71  -1.70     1.45
  SINCE OCT 1     22.28                     38.80 -16.52    25.88
  SINCE JAN 1     18.09                     20.00  -1.91     6.54

SNOWFALL (IN)
  TODAY           MM
  MONTH TO DATE    0.0
  SINCE MAR 1      0.0
  SINCE JUL 1     15.7

DEGREE DAYS
 HEATING
  TODAY           14                        14      0       14
  MONTH TO DATE  289                       353    -64      325
  SINCE MAR 1    774                       922   -148      856
  SINCE JUL 1   4341                      4249     92     3948

 COOLING
  TODAY            0                         0      0        0
  MONTH TO DATE    0                         0      0        0
  SINCE MAR 1      0                         0      0        0
  SINCE JAN 1      0                         0      0        0
..................................................................


WIND (MPH)
  HIGHEST WIND SPEED    22   HIGHEST WIND DIRECTION    SW (210)
  HIGHEST GUST SPEED    28   HIGHEST GUST DIRECTION     S (180)
  AVERAGE WIND SPEED    14.6


SKY COVER
  POSSIBLE SUNSHINE  MM
  AVERAGE SKY COVER 0.8


WEATHER CONDITIONS
 THE FOLLOWING WEATHER WAS RECORDED TODAY.
  RAIN
  LIGHT RAIN
  FOG


RELATIVE HUMIDITY (PERCENT)
 HIGHEST    92           300 AM
 LOWEST     66          1100 AM
 AVERAGE    79

..........................................................


THE EUGENE OR CLIMATE NORMALS FOR TOMORROW
                         NORMAL    RECORD    YEAR
 MAXIMUM TEMPERATURE (F)   62        79      1927
                                             1926
 MINIMUM TEMPERATURE (F)   40        29      1924


SUNRISE AND SUNSET
APRIL 23 2014.........SUNRISE   616 AM PDT   SUNSET   807 PM PDT
APRIL 24 2014.........SUNRISE   615 AM PDT   SUNSET   808 PM PDT


-  INDICATES NEGATIVE NUMBERS.
R  INDICATES RECORD WAS SET OR TIED.
MM INDICATES DATA IS MISSING.
T  INDICATES TRACE AMOUNT.




$$
