000
CDUS46 KPQR 240231
CLIEUG


CLIMATE REPORT
NATIONAL WEATHER SERVICE PORTLAND OREGON
731 PM PDT WED AUG 23 2017


...................................

...THE EUGENE OR CLIMATE SUMMARY FOR AUGUST 23 2017...
VALID TODAY AS OF 0700 PM LOCAL TIME.

CLIMATE NORMAL PERIOD 1981 TO 2010
CLIMATE RECORD PERIOD 1892 TO 2017


WEATHER ITEM   OBSERVED TIME   RECORD YEAR NORMAL DEPARTURE LAST
                VALUE   (LST)  VALUE       VALUE  FROM      YEAR
                                                  NORMAL
..................................................................
TEMPERATURE (F)
 TODAY
  MAXIMUM         81    453 PM  96    1988  82     -1       84
  MINIMUM         52    518 AM  42    1938  51      1       49
  AVERAGE         67                        66      1       67

PRECIPITATION (IN)
  TODAY            0.00          0.86 1968   0.03  -0.03     0.00
  MONTH TO DATE    0.14                      0.38  -0.24      T
  SINCE OCT 1     45.20                     44.58   0.62    39.80
  SINCE JAN 1     25.61                     25.78  -0.17    20.96

SNOWFALL (IN)
  TODAY            0.0
  MONTH TO DATE    0.0
  SINCE JUN 1      0.0
  SINCE JUL 1      0.0

DEGREE DAYS
 HEATING
  TODAY            0                         1     -1        0
  MONTH TO DATE   10                        23    -13       11
  SINCE JUN 1    140                       216    -76      121
  SINCE JUL 1     15                        59    -44       21

 COOLING
  TODAY            2                         2      0        2
  MONTH TO DATE  143                        76     67      121
  SINCE JUN 1    259                       188     71      271
  SINCE JAN 1    272                       193     79      274
..................................................................


WIND (MPH)
  HIGHEST WIND SPEED     9   HIGHEST WIND DIRECTION     N (350)
  HIGHEST GUST SPEED    14   HIGHEST GUST DIRECTION    NW (330)
  AVERAGE WIND SPEED     2.6


SKY COVER
  POSSIBLE SUNSHINE  MM
  AVERAGE SKY COVER 0.5


WEATHER CONDITIONS
 THE FOLLOWING WEATHER WAS RECORDED TODAY.
  HAZE


RELATIVE HUMIDITY (PERCENT)
 HIGHEST   100           500 AM
 LOWEST     49           400 PM
 AVERAGE    75

..........................................................


THE EUGENE OR CLIMATE NORMALS FOR TOMORROW
                         NORMAL    RECORD    YEAR
 MAXIMUM TEMPERATURE (F)   82        96      2010
                                             1982
                                             1958
 MINIMUM TEMPERATURE (F)   51        41      2009


SUNRISE AND SUNSET
AUGUST 23 2017........SUNRISE   626 AM PDT   SUNSET   804 PM PDT
AUGUST 24 2017........SUNRISE   627 AM PDT   SUNSET   802 PM PDT


-  INDICATES NEGATIVE NUMBERS.
R  INDICATES RECORD WAS SET OR TIED.
MM INDICATES DATA IS MISSING.
T  INDICATES TRACE AMOUNT.




$$
