000
CDUS46 KPQR 301149
CLIEUG


CLIMATE REPORT
NATIONAL WEATHER SERVICE PORTLAND OREGON
448 AM PDT TUE JUN 30 2015


...................................

...THE EUGENE OR CLIMATE SUMMARY FOR JUNE 29 2015...

CLIMATE NORMAL PERIOD 1981 TO 2010
CLIMATE RECORD PERIOD 1892 TO 2015


WEATHER ITEM   OBSERVED TIME   RECORD YEAR NORMAL DEPARTURE LAST
                VALUE   (LST)  VALUE       VALUE  FROM      YEAR
                                                  NORMAL
..................................................................
TEMPERATURE (F)
 YESTERDAY
  MAXIMUM         91    520 PM 100    1951  77     14       76
  MINIMUM         58    529 AM  39    1971  50      8       53
  AVERAGE         75                        64     11       65

PRECIPITATION (IN)
  YESTERDAY        0.00          1.10 1952   0.03  -0.03     0.00
  MONTH TO DATE    0.23                      1.48  -1.25     1.29
  SINCE OCT 1     29.41                     43.64 -14.23    26.63
  SINCE JAN 1     12.36                     24.84 -12.48    22.44

SNOWFALL (IN)
  YESTERDAY        0.0
  MONTH TO DATE    0.0
  SINCE JUN 1      0.0
  SINCE JUL 1      0.0

DEGREE DAYS
 HEATING
  YESTERDAY        0                         3     -3        0
  MONTH TO DATE   41                       154   -113      107
  SINCE JUN 1     41                       154   -113      107
  SINCE JUL 1   3696                      4803  -1107     4742

 COOLING
  YESTERDAY       10                         1      9        0
  MONTH TO DATE  102                        14     88        4
  SINCE JUN 1    102                        14     88        4
  SINCE JAN 1    107                        19     88        7
..................................................................


WIND (MPH)
  HIGHEST WIND SPEED    14   HIGHEST WIND DIRECTION    NW (330)
  HIGHEST GUST SPEED    18   HIGHEST GUST DIRECTION     N (360)
  AVERAGE WIND SPEED     8.1


SKY COVER
  POSSIBLE SUNSHINE  MM
  AVERAGE SKY COVER 0.1


WEATHER CONDITIONS
 THE FOLLOWING WEATHER WAS RECORDED YESTERDAY.
  NO SIGNIFICANT WEATHER WAS OBSERVED.


RELATIVE HUMIDITY (PERCENT)
 HIGHEST    80           400 AM
 LOWEST     34           300 PM
 AVERAGE    57

..........................................................


THE EUGENE OR CLIMATE NORMALS FOR TODAY
                         NORMAL    RECORD    YEAR
 MAXIMUM TEMPERATURE (F)   78        96      2013
                                             1951
 MINIMUM TEMPERATURE (F)   50        40      2007
                                             1949


SUNRISE AND SUNSET
JUNE 30 2015..........SUNRISE   533 AM PDT   SUNSET   900 PM PDT
JULY  1 2015..........SUNRISE   533 AM PDT   SUNSET   900 PM PDT


-  INDICATES NEGATIVE NUMBERS.
R  INDICATES RECORD WAS SET OR TIED.
MM INDICATES DATA IS MISSING.
T  INDICATES TRACE AMOUNT.




$$
