000
CDUS46 KPQR 261152
CLIEUG


CLIMATE REPORT
NATIONAL WEATHER SERVICE PORTLAND OREGON
351 AM PST MON JAN 26 2015


...................................

...THE EUGENE OR CLIMATE SUMMARY FOR JANUARY 25 2015...

CLIMATE NORMAL PERIOD 1981 TO 2010
CLIMATE RECORD PERIOD 1892 TO 2015


WEATHER ITEM   OBSERVED TIME   RECORD YEAR NORMAL DEPARTURE LAST
                VALUE   (LST)  VALUE       VALUE  FROM      YEAR
                                                  NORMAL
..................................................................
TEMPERATURE (F)
 YESTERDAY
  MAXIMUM         48    500 PM  64    1993  48      0       50
                                      1935
  MINIMUM         40    443 AM  11    1949  35      5       26
  AVERAGE         44                        41      3       38

PRECIPITATION (IN)
  YESTERDAY        0.00          1.68 1970   0.21  -0.21     0.00
  MONTH TO DATE    2.38                      5.70  -3.32     1.74
  SINCE OCT 1     19.43                     24.50  -5.07     5.93
  SINCE JAN 1      2.38                      5.70  -3.32     1.74

SNOWFALL (IN)
  YESTERDAY        0.0
  MONTH TO DATE    0.0
  SINCE DEC 1      0.0
  SINCE JUL 1      0.0

DEGREE DAYS
 HEATING
  YESTERDAY       21                        24     -3       27
  MONTH TO DATE  540                       613    -73      635
  SINCE DEC 1   1173                      1397   -224     1605
  SINCE JUL 1   1985                      2570   -585     2781

 COOLING
  YESTERDAY        0                         0      0        0
  MONTH TO DATE    0                         0      0        0
  SINCE DEC 1      0                         0      0        0
  SINCE JAN 1      0                         0      0        0
..................................................................


WIND (MPH)
  HIGHEST WIND SPEED     7   HIGHEST WIND DIRECTION    SW (220)
  HIGHEST GUST SPEED     9   HIGHEST GUST DIRECTION    NW (330)
  AVERAGE WIND SPEED     2.0


SKY COVER
  POSSIBLE SUNSHINE  MM
  AVERAGE SKY COVER 1.0


WEATHER CONDITIONS
 THE FOLLOWING WEATHER WAS RECORDED YESTERDAY.
  FOG
  FOG W/VISIBILITY <= 1/4 MILE


RELATIVE HUMIDITY (PERCENT)
 HIGHEST   100          1200 AM
 LOWEST     92           100 AM
 AVERAGE    96

..........................................................


THE EUGENE OR CLIMATE NORMALS FOR TODAY
                         NORMAL    RECORD    YEAR
 MAXIMUM TEMPERATURE (F)   49        64      1935
                                             1924
 MINIMUM TEMPERATURE (F)   35         6      1957


SUNRISE AND SUNSET
JANUARY 26 2015.......SUNRISE   737 AM PST   SUNSET   515 PM PST
JANUARY 27 2015.......SUNRISE   736 AM PST   SUNSET   516 PM PST


-  INDICATES NEGATIVE NUMBERS.
R  INDICATES RECORD WAS SET OR TIED.
MM INDICATES DATA IS MISSING.
T  INDICATES TRACE AMOUNT.




$$
