000
CDUS46 KPQR 281157
CLIEUG


CLIMATE REPORT
NATIONAL WEATHER SERVICE PORTLAND OREGON
457 AM PDT THU JUL 28 2016


...................................

...THE EUGENE OR CLIMATE SUMMARY FOR JULY 27 2016...

CLIMATE NORMAL PERIOD 1981 TO 2010
CLIMATE RECORD PERIOD 1892 TO 2016


WEATHER ITEM   OBSERVED TIME   RECORD YEAR NORMAL DEPARTURE LAST
                VALUE   (LST)  VALUE       VALUE  FROM      YEAR
                                                  NORMAL
..................................................................
TEMPERATURE (F)
 YESTERDAY
  MAXIMUM         92    342 PM 105    1998  84      8       80
  MINIMUM         54    512 AM  41    1919  52      2       53
  AVERAGE         73                        68      5       67

PRECIPITATION (IN)
  YESTERDAY        0.00          1.36 1947   0.01  -0.01     0.00
  MONTH TO DATE    0.25                      0.49  -0.24     0.05
  SINCE OCT 1     39.80                     44.15  -4.35    29.46
  SINCE JAN 1     20.96                     25.35  -4.39    12.41

SNOWFALL (IN)
  YESTERDAY        0.0
  MONTH TO DATE    0.0
  SINCE JUN 1      0.0
  SINCE JUL 1      0.0

DEGREE DAYS
 HEATING
  YESTERDAY        0                         1     -1        0
  MONTH TO DATE   10                        36    -26        5
  SINCE JUN 1    110                       193    -83       46
  SINCE JUL 1     10                        36    -26        5

 COOLING
  YESTERDAY        8                         4      4        2
  MONTH TO DATE   59                        81    -22      164
  SINCE JUN 1    124                       100     24      277
  SINCE JAN 1    127                       105     22      282
..................................................................


WIND (MPH)
  HIGHEST WIND SPEED    21   HIGHEST WIND DIRECTION     N (20)
  HIGHEST GUST SPEED    28   HIGHEST GUST DIRECTION     N (20)
  AVERAGE WIND SPEED    10.2


SKY COVER
  POSSIBLE SUNSHINE  MM
  AVERAGE SKY COVER 0.1


WEATHER CONDITIONS
 THE FOLLOWING WEATHER WAS RECORDED YESTERDAY.
  NO SIGNIFICANT WEATHER WAS OBSERVED.


RELATIVE HUMIDITY (PERCENT)
 HIGHEST    86           500 AM
 LOWEST     26           400 PM
 AVERAGE    56

..........................................................


THE EUGENE OR CLIMATE NORMALS FOR TODAY
                         NORMAL    RECORD    YEAR
 MAXIMUM TEMPERATURE (F)   84       106      2009
 MINIMUM TEMPERATURE (F)   52        43      2013


SUNRISE AND SUNSET
JULY 28 2016..........SUNRISE   557 AM PDT   SUNSET   841 PM PDT
JULY 29 2016..........SUNRISE   558 AM PDT   SUNSET   840 PM PDT


-  INDICATES NEGATIVE NUMBERS.
R  INDICATES RECORD WAS SET OR TIED.
MM INDICATES DATA IS MISSING.
T  INDICATES TRACE AMOUNT.




$$
