000
CDUS46 KPQR 121145
CLIEUG


CLIMATE REPORT
NATIONAL WEATHER SERVICE PORTLAND OREGON
344 AM PST FRI FEB 12 2016


...................................

...THE EUGENE OR CLIMATE SUMMARY FOR FEBRUARY 11 2016...

CLIMATE NORMAL PERIOD 1981 TO 2010
CLIMATE RECORD PERIOD 1892 TO 2016


WEATHER ITEM   OBSERVED TIME   RECORD YEAR NORMAL DEPARTURE LAST
                VALUE   (LST)  VALUE       VALUE  FROM      YEAR
                                                  NORMAL
..................................................................
TEMPERATURE (F)
 YESTERDAY
  MAXIMUM         59    352 PM  63    1983  51      8       55
                                      1943
  MINIMUM         47   1152 PM  16    1929  35     12       41
  AVERAGE         53                        42     11       48

PRECIPITATION (IN)
  YESTERDAY        0.08          1.86 1986   0.20  -0.12     0.00
  MONTH TO DATE    0.54                      2.16  -1.62     3.83
  SINCE OCT 1     26.70                     27.83  -1.13    23.26
  SINCE JAN 1      7.86                      9.03  -1.17     6.21

SNOWFALL (IN)
  YESTERDAY       MM
  MONTH TO DATE    0.0
  SINCE DEC 1      0.0
  SINCE JUL 1      0.0

DEGREE DAYS
 HEATING
  YESTERDAY       12                        22    -10       17
  MONTH TO DATE  201                       252    -51      156
  SINCE DEC 1   1522                      1789   -267     1444
  SINCE JUL 1   2503                      2962   -459     2256

 COOLING
  YESTERDAY        0                         0      0        0
  MONTH TO DATE    0                         0      0        0
  SINCE DEC 1      0                         0      0        0
  SINCE JAN 1      0                         0      0        0
..................................................................


WIND (MPH)
  HIGHEST WIND SPEED    14   HIGHEST WIND DIRECTION    SE (140)
  HIGHEST GUST SPEED    18   HIGHEST GUST DIRECTION    SE (140)
  AVERAGE WIND SPEED     3.5


SKY COVER
  POSSIBLE SUNSHINE  MM
  AVERAGE SKY COVER 0.9


WEATHER CONDITIONS
 THE FOLLOWING WEATHER WAS RECORDED YESTERDAY.
  LIGHT RAIN
  FOG
  FOG W/VISIBILITY <= 1/4 MILE


RELATIVE HUMIDITY (PERCENT)
 HIGHEST   100           900 PM
 LOWEST     80           300 PM
 AVERAGE    90

..........................................................


THE EUGENE OR CLIMATE NORMALS FOR TODAY
                         NORMAL    RECORD    YEAR
 MAXIMUM TEMPERATURE (F)   51        66      1981
                                             1971
 MINIMUM TEMPERATURE (F)   35        18      1929


SUNRISE AND SUNSET
FEBRUARY 12 2016......SUNRISE   717 AM PST   SUNSET   538 PM PST
FEBRUARY 13 2016......SUNRISE   716 AM PST   SUNSET   539 PM PST


-  INDICATES NEGATIVE NUMBERS.
R  INDICATES RECORD WAS SET OR TIED.
MM INDICATES DATA IS MISSING.
T  INDICATES TRACE AMOUNT.




$$
