000
CDUS43 KPAH 140630
CLIEVV


CLIMATE REPORT
NATIONAL WEATHER SERVICE PADUCAH KY
1227 AM CST THU DEC 14 2017


...................................

...THE EVANSVILLE IN CLIMATE SUMMARY FOR DECEMBER 13 2017...

CLIMATE NORMAL PERIOD 1981 TO 2010
CLIMATE RECORD PERIOD 1896 TO 2017


WEATHER ITEM   OBSERVED TIME   RECORD YEAR NORMAL DEPARTURE LAST
                VALUE   (LST)  VALUE       VALUE  FROM      YEAR
                                                  NORMAL
..................................................................
TEMPERATURE (F)
 YESTERDAY
  MAXIMUM         50    320 PM  71    2015  44      6       44
  MINIMUM         20    206 AM  -6    1962  27     -7       23
  AVERAGE         35                        36     -1       34

PRECIPITATION (IN)
  YESTERDAY        0.00          2.70 1927   0.12  -0.12      T
  MONTH TO DATE    0.75                      1.70  -0.95     1.26
  SINCE DEC 1      0.75                      1.70  -0.95     1.26
  SINCE JAN 1     41.81                     43.25  -1.44    46.92

SNOWFALL (IN)
  YESTERDAY        0.0           2.8  2003   0.1   -0.1       T
  MONTH TO DATE    T                         0.9   -0.9       T
  SINCE DEC 1      T                         0.9   -0.9       T
  SINCE JUL 1      T                         1.2   -1.2       T
  SNOW DEPTH       0

DEGREE DAYS
 HEATING
  YESTERDAY       30                        29      1       31
  MONTH TO DATE  343                       355    -12      375
  SINCE DEC 1    343                       355    -12      375
  SINCE JUL 1   1123                      1216    -93      905

 COOLING
  YESTERDAY        0                         0      0        0
  MONTH TO DATE    0                         0      0        0
  SINCE DEC 1      0                         0      0        0
  SINCE JAN 1   1567                      1397    170     1775
..................................................................


WIND (MPH)
  HIGHEST WIND SPEED    30   HIGHEST WIND DIRECTION    SW (220)
  HIGHEST GUST SPEED    40   HIGHEST GUST DIRECTION    SW (230)
  AVERAGE WIND SPEED    12.5


SKY COVER
  AVERAGE SKY COVER 0.2


WEATHER CONDITIONS
 THE FOLLOWING WEATHER WAS RECORDED YESTERDAY.
  NO SIGNIFICANT WEATHER WAS OBSERVED.


RELATIVE HUMIDITY (PERCENT)
 HIGHEST    71
 LOWEST     36
 AVERAGE    54

..........................................................


THE EVANSVILLE IN CLIMATE NORMALS FOR TODAY
                         NORMAL    RECORD    YEAR
 MAXIMUM TEMPERATURE (F)   44        72      1995
 MINIMUM TEMPERATURE (F)   27         0      1901


SUNRISE AND SUNSET
DECEMBER 14 2017......SUNRISE   659 AM CST   SUNSET   431 PM CST
DECEMBER 15 2017......SUNRISE   659 AM CST   SUNSET   432 PM CST


-  INDICATES NEGATIVE NUMBERS.
R  INDICATES RECORD WAS SET OR TIED.
MM INDICATES DATA IS MISSING.
T  INDICATES TRACE AMOUNT.




$$
