000
CDUS43 KPAH 190631
CLIEVV


CLIMATE REPORT
NATIONAL WEATHER SERVICE PADUCAH KY
128 AM CDT THU OCT 19 2017


...................................

...THE EVANSVILLE IN CLIMATE SUMMARY FOR OCTOBER 18 2017...

CLIMATE NORMAL PERIOD 1981 TO 2010
CLIMATE RECORD PERIOD 1896 TO 2017


WEATHER ITEM   OBSERVED TIME   RECORD YEAR NORMAL DEPARTURE LAST
                VALUE   (LST)  VALUE       VALUE  FROM      YEAR
                                                  NORMAL
..................................................................
TEMPERATURE (F)
 YESTERDAY
  MAXIMUM         71    324 PM  87    2016  69      2       87
  MINIMUM         40    553 AM  26    1948  45     -5       70
  AVERAGE         56                        57     -1       79

PRECIPITATION (IN)
  YESTERDAY        0.00          2.11 2004   0.11  -0.11     0.00
  MONTH TO DATE    1.55                      1.83  -0.28     0.34
  SINCE SEP 1      4.79                      4.88  -0.09     4.35
  SINCE JAN 1     37.20                     35.80   1.40    42.81

SNOWFALL (IN)
  YESTERDAY        0.0           0.0  2002   0.0    0.0      0.0
                                      2001
  MONTH TO DATE    0.0                       0.0    0.0      0.0
  SINCE SEP 1      0.0                       0.0    0.0      0.0
  SINCE JUL 1      0.0                       0.0    0.0      0.0
  SNOW DEPTH       0

DEGREE DAYS
 HEATING
  YESTERDAY        9                         9      0        0
  MONTH TO DATE   47                       120    -73       33
  SINCE SEP 1     62                       166   -104       42
  SINCE JUL 1     62                       167   -105       42

 COOLING
  YESTERDAY        0                         1     -1       14
  MONTH TO DATE   73                        25     48       75
  SINCE SEP 1    271                       192     79      356
  SINCE JAN 1   1561                      1391    170     1742
..................................................................


WIND (MPH)
  HIGHEST WIND SPEED    15   HIGHEST WIND DIRECTION    SW (240)
  HIGHEST GUST SPEED    MM   HIGHEST GUST DIRECTION    MM
  AVERAGE WIND SPEED     4.6


SKY COVER
  AVERAGE SKY COVER 0.0


WEATHER CONDITIONS
 THE FOLLOWING WEATHER WAS RECORDED YESTERDAY.
  FOG
  HAZE


RELATIVE HUMIDITY (PERCENT)
 HIGHEST   100
 LOWEST     38
 AVERAGE    69

..........................................................


THE EVANSVILLE IN CLIMATE NORMALS FOR TODAY
                         NORMAL    RECORD    YEAR
 MAXIMUM TEMPERATURE (F)   69        88      2005
 MINIMUM TEMPERATURE (F)   45        26      1972


SUNRISE AND SUNSET
OCTOBER 19 2017.......SUNRISE   703 AM CDT   SUNSET   607 PM CDT
OCTOBER 20 2017.......SUNRISE   704 AM CDT   SUNSET   605 PM CDT


-  INDICATES NEGATIVE NUMBERS.
R  INDICATES RECORD WAS SET OR TIED.
MM INDICATES DATA IS MISSING.
T  INDICATES TRACE AMOUNT.




$$
