000
CDUS43 KPAH 300632
CLIEVV


CLIMATE REPORT
NATIONAL WEATHER SERVICE PADUCAH KY
130 AM CDT FRI SEP 30 2016

...................................

...THE EVANSVILLE IN CLIMATE SUMMARY FOR SEPTEMBER 29 2016...

CLIMATE NORMAL PERIOD 1981 TO 2010
CLIMATE RECORD PERIOD 1896 TO 2016

WEATHER ITEM   OBSERVED TIME   RECORD YEAR NORMAL DEPARTURE LAST
                VALUE   (LST)  VALUE       VALUE  FROM      YEAR
                                                  NORMAL
..................................................................
TEMPERATURE (F)
 YESTERDAY
  MAXIMUM         69    350 PM  99    1953  76     -7       76
  MINIMUM         52    355 AM  31    1942  51      1       67
  AVERAGE         61                        64     -3       72

PRECIPITATION (IN)
  YESTERDAY        0.01          1.64 1927   0.10  -0.09     0.90
  MONTH TO DATE    3.29                      2.94   0.35     1.05
  SINCE SEP 1      3.29                      2.94   0.35     1.05
  SINCE JAN 1     41.75                     33.86   7.89    38.61

SNOWFALL (IN)
  YESTERDAY        0.0           0.0  2002   0.0    0.0      0.0
                                      2001
  MONTH TO DATE    0.0                       0.0    0.0      0.0
  SINCE SEP 1      0.0                       0.0    0.0      0.0
  SINCE JUL 1      0.0                       0.0    0.0      0.0
  SNOW DEPTH       0

DEGREE DAYS
 HEATING
  YESTERDAY        4                         4      0        0
  MONTH TO DATE    8                        41    -33        6
  SINCE SEP 1      8                        41    -33        6
  SINCE JUL 1      8                        42    -34        6

 COOLING
  YESTERDAY        0                         3     -3        7
  MONTH TO DATE  281                       165    116      234
  SINCE SEP 1    281                       165    116      234
  SINCE JAN 1   1667                      1364    303     1533
..................................................................

WIND (MPH)
  HIGHEST WIND SPEED     8   HIGHEST WIND DIRECTION     N (360)
  HIGHEST GUST SPEED    13   HIGHEST GUST DIRECTION    NW (320)
  AVERAGE WIND SPEED     4.3

SKY COVER
  AVERAGE SKY COVER 0.7

WEATHER CONDITIONS
 THE FOLLOWING WEATHER WAS RECORDED YESTERDAY.
  LIGHT RAIN
  FOG
  HAZE

RELATIVE HUMIDITY (PERCENT)
 HIGHEST    93
 LOWEST     58
 AVERAGE    76
..........................................................

THE EVANSVILLE IN CLIMATE NORMALS FOR TODAY
                         NORMAL    RECORD    YEAR
 MAXIMUM TEMPERATURE (F)   76        99      1919
 MINIMUM TEMPERATURE (F)   51        33      1949
                                             1899

SUNRISE AND SUNSET
SEPTEMBER 30 2016.....SUNRISE   645 AM CDT   SUNSET   634 PM CDT
OCTOBER  1 2016.......SUNRISE   646 AM CDT   SUNSET   632 PM CDT

-  INDICATES NEGATIVE NUMBERS.
R  INDICATES RECORD WAS SET OR TIED.
MM INDICATES DATA IS MISSING.
T  INDICATES TRACE AMOUNT.

$$
