000
CDUS45 KSLC 051227
CLIEVW


CLIMATE REPORT
NATIONAL WEATHER SERVICE SALT LAKE CITY UT
526 AM MST MON DEC 5 2016


...................................

...THE EVANSTON WY CLIMATE SUMMARY FOR DECEMBER 4 2016...

CLIMATE NORMAL PERIOD 1981 TO 2010
CLIMATE RECORD PERIOD 9999 TO 9999


WEATHER ITEM   OBSERVED TIME   RECORD YEAR NORMAL DEPARTURE LAST
                VALUE   (LST)  VALUE       VALUE  FROM      YEAR
                                                  NORMAL
..................................................................
TEMPERATURE (F)
 YESTERDAY
  MAXIMUM         36    259 PM  MM      MM  30      6       40
  MINIMUM         17    239 AM  MM      MM  14      3       22
  AVERAGE         27                        22      5       31

PRECIPITATION (IN)
  YESTERDAY        T            MM      MM   0.02  -0.02     0.00
  MONTH TO DATE    T                         0.09  -0.09     0.00
  SINCE OCT 1      1.36                      2.30  -0.94     0.58
  SINCE JAN 1      7.08                     11.64  -4.56    10.37

DEGREE DAYS
 HEATING
  YESTERDAY       38                        43     -5       34
  MONTH TO DATE  175                       170      5      164
  SINCE DEC 1    175                       170      5      164
  SINCE JUL 1   1826                      2279   -453     1853

 COOLING
  YESTERDAY        0                         0      0        0
  MONTH TO DATE    0                         0      0        0
  SINCE DEC 1      0                         0      0        0
  SINCE JAN 1    293                       162    131      235
..................................................................


WIND (MPH)
  RESULTANT WIND SPEED  16   RESULTANT WIND DIRECTION  SW (230)
  HIGHEST WIND SPEED    32   HIGHEST WIND DIRECTION    SW (240)
  HIGHEST GUST SPEED    38   HIGHEST GUST DIRECTION    SW (230)
  AVERAGE WIND SPEED    16.9


SKY COVER
  POSSIBLE SUNSHINE  MM
  AVERAGE SKY COVER 0.4


WEATHER CONDITIONS
 THE FOLLOWING WEATHER WAS RECORDED YESTERDAY.
  SNOW
  LIGHT SNOW
  FOG


RELATIVE HUMIDITY (PERCENT)
 HIGHEST    85           700 PM
 LOWEST     41           100 PM
 AVERAGE    63

..........................................................


THE EVANSTON WY CLIMATE NORMALS FOR TODAY
                         NORMAL    RECORD    YEAR
 MAXIMUM TEMPERATURE (F)   30        MM        MM
 MINIMUM TEMPERATURE (F)   14        MM        MM


SUNRISE AND SUNSET
DECEMBER  5 2016......SUNRISE   735 AM MST   SUNSET   455 PM MST
DECEMBER  6 2016......SUNRISE   736 AM MST   SUNSET   455 PM MST


-  INDICATES NEGATIVE NUMBERS.
R  INDICATES RECORD WAS SET OR TIED.
MM INDICATES DATA IS MISSING.
T  INDICATES TRACE AMOUNT.




$$
