000
CDUS45 KSLC 311216
CLIEVW


CLIMATE REPORT
NATIONAL WEATHER SERVICE SALT LAKE CITY UT
615 AM MDT FRI JUL 31 2015


...................................

...THE EVANSTON WY CLIMATE SUMMARY FOR JULY 30 2015...

CLIMATE NORMAL PERIOD 1981 TO 2010
CLIMATE RECORD PERIOD 9999 TO 9999


WEATHER ITEM   OBSERVED TIME   RECORD YEAR NORMAL DEPARTURE LAST
                VALUE   (LST)  VALUE       VALUE  FROM      YEAR
                                                  NORMAL
..................................................................
TEMPERATURE (F)
 YESTERDAY
  MAXIMUM         84    419 PM  MM      MM  82      2       62
  MINIMUM         46    453 AM  MM      MM  54     -8       54
  AVERAGE         65                        68     -3       58

PRECIPITATION (IN)
  YESTERDAY        0.00         MM      MM   0.03  -0.03     0.08
  MONTH TO DATE    0.88                      0.87   0.01     0.99
  SINCE OCT 1      8.91                      9.83  -0.92     4.56
  SINCE JAN 1      8.03                      7.04   0.99     3.36

DEGREE DAYS
 HEATING
  YESTERDAY        0                         1     -1        7
  MONTH TO DATE   59                        42     17       17
  SINCE JUN 1    133                       272   -139      240
  SINCE JUL 1     59                        42     17       17

 COOLING
  YESTERDAY        0                         3     -3        0
  MONTH TO DATE   52                        78    -26      161
  SINCE JUN 1    122                        91     31      162
  SINCE JAN 1    122                        92     30      167
..................................................................


WIND (MPH)
  RESULTANT WIND SPEED   2   RESULTANT WIND DIRECTION  NW (320)
  HIGHEST WIND SPEED    18   HIGHEST WIND DIRECTION    NW (310)
  HIGHEST GUST SPEED    24   HIGHEST GUST DIRECTION    NW (320)
  AVERAGE WIND SPEED     6.0


SKY COVER
  POSSIBLE SUNSHINE  MM
  AVERAGE SKY COVER 0.0


WEATHER CONDITIONS
 THE FOLLOWING WEATHER WAS RECORDED YESTERDAY.
  NO SIGNIFICANT WEATHER WAS OBSERVED.


RELATIVE HUMIDITY (PERCENT)
 HIGHEST    42           500 AM
 LOWEST      6           100 PM
 AVERAGE    24

..........................................................


THE EVANSTON WY CLIMATE NORMALS FOR TODAY
                         NORMAL    RECORD    YEAR
 MAXIMUM TEMPERATURE (F)   82        MM        MM
 MINIMUM TEMPERATURE (F)   54        MM        MM


SUNRISE AND SUNSET
JULY 31 2015..........SUNRISE   618 AM MDT   SUNSET   842 PM MDT
AUGUST  1 2015........SUNRISE   619 AM MDT   SUNSET   841 PM MDT


-  INDICATES NEGATIVE NUMBERS.
R  INDICATES RECORD WAS SET OR TIED.
MM INDICATES DATA IS MISSING.
T  INDICATES TRACE AMOUNT.




$$
