000
CDUS45 KSLC 191228
CLIEVW


CLIMATE REPORT
NATIONAL WEATHER SERVICE SALT LAKE CITY UT
628 AM MDT TUE SEP 19 2017


...................................

...THE EVANSTON WY CLIMATE SUMMARY FOR SEPTEMBER 18 2017...

CLIMATE NORMAL PERIOD 1981 TO 2010
CLIMATE RECORD PERIOD 9999 TO 9999


WEATHER ITEM   OBSERVED TIME   RECORD YEAR NORMAL DEPARTURE LAST
                VALUE   (LST)  VALUE       VALUE  FROM      YEAR
                                                  NORMAL
..................................................................
TEMPERATURE (F)
 YESTERDAY
  MAXIMUM         72    205 PM  MM      MM  68      4       MM
  MINIMUM         46    655 AM  MM      MM  41      5       MM
  AVERAGE         59                        54      5       MM

PRECIPITATION (IN)
  YESTERDAY        T            MM      MM   0.05  -0.05     0.00
  MONTH TO DATE    T                         0.74  -0.74     0.61
  SINCE OCT 1      6.94                     11.56  -4.62     5.47
  SINCE JAN 1      5.36                      8.77  -3.41     4.48

DEGREE DAYS
 HEATING
  YESTERDAY        6                        11     -5       MM
  MONTH TO DATE   71                       140    -69      134
  SINCE SEP 1     71                       140    -69      134
  SINCE JUL 1     95                       243   -148      193

 COOLING
  YESTERDAY        0                         0      0       MM
  MONTH TO DATE   37                         0     37        6
  SINCE SEP 1     37                         0     37        6
  SINCE JAN 1    333                       157    176      292
..................................................................


WIND (MPH)
  RESULTANT WIND SPEED  15   RESULTANT WIND DIRECTION  SW (220)
  HIGHEST WIND SPEED    38   HIGHEST WIND DIRECTION     W (260)
  HIGHEST GUST SPEED    52   HIGHEST GUST DIRECTION     W (260)
  AVERAGE WIND SPEED    17.2


SKY COVER
  POSSIBLE SUNSHINE  MM
  AVERAGE SKY COVER 0.3


WEATHER CONDITIONS
 THE FOLLOWING WEATHER WAS RECORDED YESTERDAY.
  RAIN
  LIGHT RAIN
  FOG


RELATIVE HUMIDITY (PERCENT)
 HIGHEST    86          1100 PM
 LOWEST     20           200 PM
 AVERAGE    53

..........................................................


THE EVANSTON WY CLIMATE NORMALS FOR TODAY
                         NORMAL    RECORD    YEAR
 MAXIMUM TEMPERATURE (F)   67        MM        MM
 MINIMUM TEMPERATURE (F)   41        MM        MM


SUNRISE AND SUNSET
SEPTEMBER 19 2017.....SUNRISE   709 AM MDT   SUNSET   726 PM MDT
SEPTEMBER 20 2017.....SUNRISE   710 AM MDT   SUNSET   724 PM MDT


-  INDICATES NEGATIVE NUMBERS.
R  INDICATES RECORD WAS SET OR TIED.
MM INDICATES DATA IS MISSING.
T  INDICATES TRACE AMOUNT.




$$
