000
CDUS45 KSLC 310035
CLIEVW


CLIMATE REPORT
NATIONAL WEATHER SERVICE SALT LAKE CITY UT
634 PM MDT SAT AUG 30 2014


...................................

...THE EVANSTON WY CLIMATE SUMMARY FOR AUGUST 30 2014...
VALID TODAY AS OF 0500 PM LOCAL TIME.

CLIMATE NORMAL PERIOD 1981 TO 2010
CLIMATE RECORD PERIOD 9999 TO 9999


WEATHER ITEM   OBSERVED TIME   RECORD YEAR NORMAL DEPARTURE LAST
                VALUE   (LST)  VALUE       VALUE  FROM      YEAR
                                                  NORMAL
..................................................................
TEMPERATURE (F)
 TODAY
  MAXIMUM         71        MM  MM      MM  75     -4       87
  MINIMUM         52    500 AM  MM      MM  47      5       54
  AVERAGE         62                        61      1       71

PRECIPITATION (IN)
  TODAY            T            MM      MM   0.03  -0.03     0.00
  MONTH TO DATE    2.17                      0.93   1.24     0.35
  SINCE OCT 1      6.73                     10.79  -4.06     4.79
  SINCE JAN 1      5.53                      8.00  -2.47     2.56

DEGREE DAYS
 HEATING
  TODAY            3                         5     -2        0
  MONTH TO DATE   91                        64     27       10
  SINCE JUN 1    333                       330      3      147
  SINCE JUL 1    110                       100     10       14

 COOLING
  TODAY            0                         1     -1        6
  MONTH TO DATE   39                        60    -21       98
  SINCE JUN 1    201                       155     46      318
  SINCE JAN 1    206                       156     50      318
..................................................................


WIND (MPH)
  RESULTANT WIND SPEED  13   RESULTANT WIND DIRECTION  SW (220)
  HIGHEST WIND SPEED    29   HIGHEST WIND DIRECTION     W (250)
  HIGHEST GUST SPEED    40   HIGHEST GUST DIRECTION     W (250)
  AVERAGE WIND SPEED    14.5


SKY COVER
  POSSIBLE SUNSHINE  MM
  AVERAGE SKY COVER 0.2


WEATHER CONDITIONS
 THE FOLLOWING WEATHER WAS RECORDED TODAY.
  NO SIGNIFICANT WEATHER WAS OBSERVED.


RELATIVE HUMIDITY (PERCENT)
 HIGHEST    63           500 AM
 LOWEST     31          1100 AM
 AVERAGE    47

..........................................................


THE EVANSTON WY CLIMATE NORMALS FOR TOMORROW
                         NORMAL    RECORD    YEAR
 MAXIMUM TEMPERATURE (F)   75        MM        MM
 MINIMUM TEMPERATURE (F)   47        MM        MM


SUNRISE AND SUNSET
AUGUST 30 2014........SUNRISE   649 AM MDT   SUNSET   800 PM MDT
AUGUST 31 2014........SUNRISE   650 AM MDT   SUNSET   758 PM MDT


-  INDICATES NEGATIVE NUMBERS.
R  INDICATES RECORD WAS SET OR TIED.
MM INDICATES DATA IS MISSING.
T  INDICATES TRACE AMOUNT.




$$
