000
CDUS45 KSLC 061225
CLIEVW


CLIMATE REPORT
NATIONAL WEATHER SERVICE SALT LAKE CITY UT
625 AM MDT MON JUL 6 2015


...................................

...THE EVANSTON WY CLIMATE SUMMARY FOR JULY 5 2015...

CLIMATE NORMAL PERIOD 1981 TO 2010
CLIMATE RECORD PERIOD 9999 TO 9999


WEATHER ITEM   OBSERVED TIME   RECORD YEAR NORMAL DEPARTURE LAST
                VALUE   (LST)  VALUE       VALUE  FROM      YEAR
                                                  NORMAL
..................................................................
TEMPERATURE (F)
 YESTERDAY
  MAXIMUM         72    348 PM  MM      MM  78     -6       88
  MINIMUM         56    926 PM  MM      MM  50      6       62
  AVERAGE         64                        64      0       75

PRECIPITATION (IN)
  YESTERDAY        0.35         MM      MM   0.04   0.31     0.00
  MONTH TO DATE    0.35                      0.22   0.13     0.00
  SINCE OCT 1      8.38                      9.18  -0.80     3.57
  SINCE JAN 1      7.50                      6.39   1.11     2.37

DEGREE DAYS
 HEATING
  YESTERDAY        1                         2     -1        0
  MONTH TO DATE    1                        13    -12        4
  SINCE JUN 1     75                       243   -168      227
  SINCE JUL 1      1                        13    -12        4

 COOLING
  YESTERDAY        0                         1     -1       10
  MONTH TO DATE   35                         5     30       24
  SINCE JUN 1    105                        18     87       25
  SINCE JAN 1    105                        19     86       30
..................................................................


WIND (MPH)
  RESULTANT WIND SPEED   4   RESULTANT WIND DIRECTION   W (270)
  HIGHEST WIND SPEED    21   HIGHEST WIND DIRECTION    NW (330)
  HIGHEST GUST SPEED    26   HIGHEST GUST DIRECTION    NW (330)
  AVERAGE WIND SPEED     8.7


SKY COVER
  POSSIBLE SUNSHINE  MM
  AVERAGE SKY COVER 0.6


WEATHER CONDITIONS
 THE FOLLOWING WEATHER WAS RECORDED YESTERDAY.
  THUNDERSTORM
  HEAVY RAIN
  RAIN
  LIGHT RAIN
  FOG


RELATIVE HUMIDITY (PERCENT)
 HIGHEST    87          1200 PM
 LOWEST     48          1200 AM
 AVERAGE    68

..........................................................


THE EVANSTON WY CLIMATE NORMALS FOR TODAY
                         NORMAL    RECORD    YEAR
 MAXIMUM TEMPERATURE (F)   79        MM        MM
 MINIMUM TEMPERATURE (F)   51        MM        MM


SUNRISE AND SUNSET
JULY  6 2015..........SUNRISE   558 AM MDT   SUNSET   900 PM MDT
JULY  7 2015..........SUNRISE   558 AM MDT   SUNSET   900 PM MDT


-  INDICATES NEGATIVE NUMBERS.
R  INDICATES RECORD WAS SET OR TIED.
MM INDICATES DATA IS MISSING.
T  INDICATES TRACE AMOUNT.




$$
