000
CDUS45 KSLC 010048
CLIEVW


CLIMATE REPORT
NATIONAL WEATHER SERVICE SALT LAKE CITY UT
648 PM MDT SUN AUG 31 2014


...................................

...THE EVANSTON WY CLIMATE SUMMARY FOR AUGUST 31 2014...
VALID TODAY AS OF 0500 PM LOCAL TIME.

CLIMATE NORMAL PERIOD 1981 TO 2010
CLIMATE RECORD PERIOD 9999 TO 9999


WEATHER ITEM   OBSERVED TIME   RECORD YEAR NORMAL DEPARTURE LAST
                VALUE   (LST)  VALUE       VALUE  FROM      YEAR
                                                  NORMAL
..................................................................
TEMPERATURE (F)
 TODAY
  MAXIMUM         65        MM  MM      MM  75    -10       85
  MINIMUM         47        MM  MM      MM  47      0       53
  AVERAGE         56                        61     -5       69

PRECIPITATION (IN)
  TODAY            0.08         MM      MM   0.03   0.05     0.02
  MONTH TO DATE    2.25                      0.96   1.29     0.37
  SINCE OCT 1      6.81                     10.82  -4.01     4.81
  SINCE JAN 1      5.61                      8.03  -2.42     2.58

DEGREE DAYS
 HEATING
  TODAY            9                         5      4        0
  MONTH TO DATE  101                        69     32       10
  SINCE JUN 1    343                       333     10      147
  SINCE JUL 1    120                       103     17       14

 COOLING
  TODAY            0                         1     -1        4
  MONTH TO DATE   39                        61    -22      102
  SINCE JUN 1    201                       156     45      322
  SINCE JAN 1    206                       157     49      322
..................................................................


WIND (MPH)
  RESULTANT WIND SPEED  10   RESULTANT WIND DIRECTION   W (270)
  HIGHEST WIND SPEED    23   HIGHEST WIND DIRECTION     W (260)
  HIGHEST GUST SPEED    35   HIGHEST GUST DIRECTION     W (270)
  AVERAGE WIND SPEED    14.4


SKY COVER
  POSSIBLE SUNSHINE  MM
  AVERAGE SKY COVER 0.5


WEATHER CONDITIONS
 THE FOLLOWING WEATHER WAS RECORDED TODAY.
  THUNDERSTORM
  LIGHT RAIN
  FOG


RELATIVE HUMIDITY (PERCENT)
 HIGHEST   100           700 AM
 LOWEST     26           400 PM
 AVERAGE    63

..........................................................


THE EVANSTON WY CLIMATE NORMALS FOR TOMORROW
                         NORMAL    RECORD    YEAR
 MAXIMUM TEMPERATURE (F)   74        MM        MM
 MINIMUM TEMPERATURE (F)   47        MM        MM


SUNRISE AND SUNSET
AUGUST 31 2014........SUNRISE   650 AM MDT   SUNSET   758 PM MDT
SEPTEMBER  1 2014.....SUNRISE   651 AM MDT   SUNSET   757 PM MDT


-  INDICATES NEGATIVE NUMBERS.
R  INDICATES RECORD WAS SET OR TIED.
MM INDICATES DATA IS MISSING.
T  INDICATES TRACE AMOUNT.




$$
