000
CDUS45 KSLC 200041
CLIEVW


CLIMATE REPORT
NATIONAL WEATHER SERVICE SALT LAKE CITY UT
540 PM MST FRI JAN 19 2018


...................................

...THE EVANSTON WY CLIMATE SUMMARY FOR JANUARY 19 2018...
VALID TODAY AS OF 0500 PM LOCAL TIME.

CLIMATE NORMAL PERIOD 1981 TO 2010
CLIMATE RECORD PERIOD 9999 TO 9999


WEATHER ITEM   OBSERVED TIME   RECORD YEAR NORMAL DEPARTURE LAST
                VALUE   (LST)  VALUE       VALUE  FROM      YEAR
                                                  NORMAL
..................................................................
TEMPERATURE (F)
 TODAY
  MAXIMUM         45   1200 PM  MM      MM  29     16       29
  MINIMUM         36   1200 AM  MM      MM  14     22       17
  AVERAGE         41                        22     19       23

PRECIPITATION (IN)
  TODAY            0.00         MM      MM   0.01  -0.01     0.02
  MONTH TO DATE    0.03                      0.34  -0.31     0.67
  SINCE OCT 1      1.57                      3.13  -1.56     2.25
  SINCE JAN 1      0.03                      0.34  -0.31     0.67

DEGREE DAYS
 HEATING
  TODAY           24                        43    -19       42
  MONTH TO DATE  642                       827   -185      913
  SINCE DEC 1   1723                      2197   -474     2281
  SINCE JUL 1   3570                      4306   -736     3932

 COOLING
  TODAY            0                         0      0        0
  MONTH TO DATE    0                         0      0        0
  SINCE DEC 1      0                         0      0        0
  SINCE JAN 1      0                         0      0        0
..................................................................


WIND (MPH)
  RESULTANT WIND SPEED  21   RESULTANT WIND DIRECTION  SW (230)
  HIGHEST WIND SPEED    29   HIGHEST WIND DIRECTION    SW (220)
  HIGHEST GUST SPEED    43   HIGHEST GUST DIRECTION    SW (230)
  AVERAGE WIND SPEED    20.9


SKY COVER
  POSSIBLE SUNSHINE  MM
  AVERAGE SKY COVER 0.6


WEATHER CONDITIONS
 THE FOLLOWING WEATHER WAS RECORDED TODAY.
  NO SIGNIFICANT WEATHER WAS OBSERVED.


RELATIVE HUMIDITY (PERCENT)
 HIGHEST    82           400 PM
 LOWEST     53           600 AM
 AVERAGE    68

..........................................................


THE EVANSTON WY CLIMATE NORMALS FOR TOMORROW
                         NORMAL    RECORD    YEAR
 MAXIMUM TEMPERATURE (F)   29        MM        MM
 MINIMUM TEMPERATURE (F)   14        MM        MM


SUNRISE AND SUNSET
JANUARY 19 2018.......SUNRISE   745 AM MST   SUNSET   525 PM MST
JANUARY 20 2018.......SUNRISE   745 AM MST   SUNSET   526 PM MST


-  INDICATES NEGATIVE NUMBERS.
R  INDICATES RECORD WAS SET OR TIED.
MM INDICATES DATA IS MISSING.
T  INDICATES TRACE AMOUNT.




$$
