000
CDUS42 KMHX 270627
CLIEWN


CLIMATE REPORT
NATIONAL WEATHER SERVICE NEWPORT/MOREHEAD CITY NC
125 AM EST MON FEB 27 2017


...................................

...THE NEW BERN NC CLIMATE SUMMARY FOR FEBRUARY 26 2017...

CLIMATE NORMAL PERIOD 1981 TO 2010
CLIMATE RECORD PERIOD 1948 TO 2017


WEATHER ITEM   OBSERVED TIME   RECORD YEAR NORMAL DEPARTURE LAST
                VALUE   (LST)  VALUE       VALUE  FROM      YEAR
                                                  NORMAL
..................................................................
TEMPERATURE (F)
 YESTERDAY
  MAXIMUM         60    343 PM  80    1977  60      0       53
  MINIMUM         35   1145 PM  18    1967  38     -3       37
  AVERAGE         48                        49     -1       45

PRECIPITATION (IN)
  YESTERDAY        0.00          2.26 1958   0.14  -0.14     0.00
  MONTH TO DATE    1.97                      3.39  -1.42     7.31
  SINCE DEC 1      9.72                     10.81  -1.09    17.44
  SINCE JAN 1      6.22                      7.41  -1.19    11.02

SNOWFALL (IN)
  YESTERDAY        0.0
  MONTH TO DATE    0.0
  SINCE NOV 1      T
  SINCE JUL 1      T
  SNOW DEPTH       0

DEGREE DAYS
 HEATING
  YESTERDAY       17                        16      1       20
  MONTH TO DATE  301                       475   -174      469
  SINCE DEC 1   1329                      1688   -359     1363
  SINCE JUL 1   1724                      2115   -391     1646

 COOLING
  YESTERDAY        0                         0      0        0
  MONTH TO DATE    6                         0      6        0
  SINCE DEC 1      6                         4      2       49
  SINCE JAN 1      6                         1      5        0
..................................................................


WIND (MPH)
  HIGHEST WIND SPEED    16   HIGHEST WIND DIRECTION    NW (330)
  HIGHEST GUST SPEED    22   HIGHEST GUST DIRECTION    NW (320)
  AVERAGE WIND SPEED     6.5


SKY COVER
  POSSIBLE SUNSHINE  MM
  AVERAGE SKY COVER 0.0


WEATHER CONDITIONS
 THE FOLLOWING WEATHER WAS RECORDED YESTERDAY.
  NO SIGNIFICANT WEATHER WAS OBSERVED.


RELATIVE HUMIDITY (PERCENT)
 HIGHEST    76          1000 PM
 LOWEST     21           300 PM
 AVERAGE    49

..........................................................


THE NEW BERN NC CLIMATE NORMALS FOR TODAY
                         NORMAL    RECORD    YEAR
 MAXIMUM TEMPERATURE (F)   60        85      1962
 MINIMUM TEMPERATURE (F)   38        16      1963


SUNRISE AND SUNSET
FEBRUARY 27 2017......SUNRISE   640 AM EST   SUNSET   602 PM EST
FEBRUARY 28 2017......SUNRISE   639 AM EST   SUNSET   603 PM EST


-  INDICATES NEGATIVE NUMBERS.
R  INDICATES RECORD WAS SET OR TIED.
MM INDICATES DATA IS MISSING.
T  INDICATES TRACE AMOUNT.




$$
