000
CDUS42 KMHX 300625
CLIEWN


CLIMATE REPORT
NATIONAL WEATHER SERVICE NEWPORT/MOREHEAD CITY NC
125 AM EST FRI JAN 30 2015


...................................

...THE NEW BERN NC CLIMATE SUMMARY FOR JANUARY 29 2015...

CLIMATE NORMAL PERIOD 1981 TO 2010
CLIMATE RECORD PERIOD 1948 TO 2015


WEATHER ITEM   OBSERVED TIME   RECORD YEAR NORMAL DEPARTURE LAST
                VALUE   (LST)  VALUE       VALUE  FROM      YEAR
                                                  NORMAL
..................................................................
TEMPERATURE (F)
 YESTERDAY
  MAXIMUM         51    426 PM  79    1957  55     -4       26
  MINIMUM         23    732 AM  19    2014  35    -12       19
                                      2000
  AVERAGE         37                        45     -8       23

PRECIPITATION (IN)
  YESTERDAY        0.01          0.59 1966   0.12  -0.11     0.26
  MONTH TO DATE    4.47                      3.74   0.73     3.94
  SINCE DEC 1      8.62                      7.14   1.48     6.33
  SINCE JAN 1      4.47                      3.74   0.73     3.94

SNOWFALL (IN)
  YESTERDAY        0.0
  MONTH TO DATE    0.0
  SINCE NOV 1      0.0
  SINCE JUL 1      0.0
  SNOW DEPTH       0

DEGREE DAYS
 HEATING
  YESTERDAY       28                        20      8       42
  MONTH TO DATE  555                       604    -49      669
  SINCE DEC 1   1027                      1171   -144     1099
  SINCE JUL 1   1472                      1598   -126     1522

 COOLING
  YESTERDAY        0                         0      0        0
  MONTH TO DATE    7                         0      7        1
  SINCE DEC 1      7                         3      4       28
  SINCE JAN 1      7                         0      7        1
..................................................................


WIND (MPH)
  HIGHEST WIND SPEED    12   HIGHEST WIND DIRECTION     S (200)
  HIGHEST GUST SPEED    17   HIGHEST GUST DIRECTION    SW (210)
  AVERAGE WIND SPEED     3.0


SKY COVER
  POSSIBLE SUNSHINE  MM
  AVERAGE SKY COVER 0.2


WEATHER CONDITIONS
 THE FOLLOWING WEATHER WAS RECORDED YESTERDAY.
  LIGHT RAIN


RELATIVE HUMIDITY (PERCENT)
 HIGHEST    81           200 AM
 LOWEST     23           500 PM
 AVERAGE    52

..........................................................


THE NEW BERN NC CLIMATE NORMALS FOR TODAY
                         NORMAL    RECORD    YEAR
 MAXIMUM TEMPERATURE (F)   56        80      2002
 MINIMUM TEMPERATURE (F)   35        15      1966


SUNRISE AND SUNSET
JANUARY 30 2015.......SUNRISE   709 AM EST   SUNSET   535 PM EST
JANUARY 31 2015.......SUNRISE   708 AM EST   SUNSET   536 PM EST


-  INDICATES NEGATIVE NUMBERS.
R  INDICATES RECORD WAS SET OR TIED.
MM INDICATES DATA IS MISSING.
T  INDICATES TRACE AMOUNT.




$$
