000
CDUS42 KMHX 190526
CLIEWN


CLIMATE REPORT
NATIONAL WEATHER SERVICE NEWPORT/MOREHEAD CITY NC
126 AM EDT THU OCT 19 2017


...................................

...THE NEW BERN NC CLIMATE SUMMARY FOR OCTOBER 18 2017...

CLIMATE NORMAL PERIOD 1981 TO 2010
CLIMATE RECORD PERIOD 1948 TO 2017


WEATHER ITEM   OBSERVED TIME   RECORD YEAR NORMAL DEPARTURE LAST
                VALUE   (LST)  VALUE       VALUE  FROM      YEAR
                                                  NORMAL
..................................................................
TEMPERATURE (F)
 YESTERDAY
  MAXIMUM         73    307 PM  85    2007  74     -1       84
  MINIMUM         50    653 AM  34    1982  53     -3       60
  AVERAGE         62                        63     -1       72

PRECIPITATION (IN)
  YESTERDAY        0.00          2.84 1975   0.09  -0.09     0.00
  MONTH TO DATE    1.23                      2.04  -0.81     6.40
  SINCE SEP 1      4.48                      7.93  -3.45    17.50
  SINCE JAN 1     43.12                     44.73  -1.61    60.87

SNOWFALL (IN)
  YESTERDAY        0.0
  MONTH TO DATE    0.0
  SINCE NOV 1      T
  SINCE JUL 1      0.0
  SNOW DEPTH       0

DEGREE DAYS
 HEATING
  YESTERDAY        3                         4     -1        0
  MONTH TO DATE   12                        41    -29       13
  SINCE SEP 1     12                        48    -36       13
  SINCE JUL 1     12                        48    -36       13

 COOLING
  YESTERDAY        0                         2     -2        7
  MONTH TO DATE  135                        62     73       94
  SINCE SEP 1    445                       336    109      464
  SINCE JAN 1   2128                      1865    263     2219
..................................................................


WIND (MPH)
  HIGHEST WIND SPEED    13   HIGHEST WIND DIRECTION     N (20)
  HIGHEST GUST SPEED    15   HIGHEST GUST DIRECTION    NE (40)
  AVERAGE WIND SPEED     7.0


SKY COVER
  POSSIBLE SUNSHINE  MM
  AVERAGE SKY COVER 0.0


WEATHER CONDITIONS
 THE FOLLOWING WEATHER WAS RECORDED YESTERDAY.
  FOG


RELATIVE HUMIDITY (PERCENT)
 HIGHEST    93           600 AM
 LOWEST     47           100 PM
 AVERAGE    70

..........................................................


THE NEW BERN NC CLIMATE NORMALS FOR TODAY
                         NORMAL    RECORD    YEAR
 MAXIMUM TEMPERATURE (F)   74        87      2007
 MINIMUM TEMPERATURE (F)   52        33      1948


SUNRISE AND SUNSET
OCTOBER 19 2017.......SUNRISE   718 AM EDT   SUNSET   628 PM EDT
OCTOBER 20 2017.......SUNRISE   719 AM EDT   SUNSET   627 PM EDT


-  INDICATES NEGATIVE NUMBERS.
R  INDICATES RECORD WAS SET OR TIED.
MM INDICATES DATA IS MISSING.
T  INDICATES TRACE AMOUNT.




$$
