000
CDUS42 KMHX 050532
CLIEWN


CLIMATE REPORT
NATIONAL WEATHER SERVICE NEWPORT/MOREHEAD CITY NC
132 AM EDT THU MAY 5 2016


...................................

...THE NEW BERN NC CLIMATE SUMMARY FOR MAY 4 2016...

CLIMATE NORMAL PERIOD 1981 TO 2010
CLIMATE RECORD PERIOD 1948 TO 2016


WEATHER ITEM   OBSERVED TIME   RECORD YEAR NORMAL DEPARTURE LAST
                VALUE   (LST)  VALUE       VALUE  FROM      YEAR
                                                  NORMAL
..................................................................
TEMPERATURE (F)
 YESTERDAY
  MAXIMUM         78    323 PM  92    2012  78      0       84
  MINIMUM         62    526 AM  44    1986  55      7       50
  AVERAGE         70                        66      4       67

PRECIPITATION (IN)
  YESTERDAY        0.72          1.17 1994   0.12   0.60     0.00
  MONTH TO DATE    1.74                      0.45   1.29     0.32
  SINCE MAR 1      6.75                      8.01  -1.26     5.94
  SINCE JAN 1     17.77                     15.69   2.08    14.31

SNOWFALL (IN)
  YESTERDAY        0.0
  MONTH TO DATE    0.0
  SINCE NOV 1      T
  SINCE JUL 1      T
  SNOW DEPTH       0

DEGREE DAYS
 HEATING
  YESTERDAY        0                         2     -2        0
  MONTH TO DATE    0                         9     -9       15
  SINCE MAR 1    390                       530   -140      472
  SINCE JUL 1   2078                      2676   -598     2715

 COOLING
  YESTERDAY        5                         4      1        2
  MONTH TO DATE   27                        13     14        2
  SINCE MAR 1    128                        80     48       90
  SINCE JAN 1    128                        83     45       97
..................................................................


WIND (MPH)
  HIGHEST WIND SPEED    13   HIGHEST WIND DIRECTION     W (290)
  HIGHEST GUST SPEED    16   HIGHEST GUST DIRECTION    NW (310)
  AVERAGE WIND SPEED     4.3


SKY COVER
  POSSIBLE SUNSHINE  MM
  AVERAGE SKY COVER 0.6


WEATHER CONDITIONS
 THE FOLLOWING WEATHER WAS RECORDED YESTERDAY.
  THUNDERSTORM
  HEAVY RAIN
  RAIN
  LIGHT RAIN
  FOG


RELATIVE HUMIDITY (PERCENT)
 HIGHEST    93          1200 AM
 LOWEST     54           300 PM
 AVERAGE    74

..........................................................


THE NEW BERN NC CLIMATE NORMALS FOR TODAY
                         NORMAL    RECORD    YEAR
 MAXIMUM TEMPERATURE (F)   78        91      2012
                                             1952
 MINIMUM TEMPERATURE (F)   55        39      1966


SUNRISE AND SUNSET
MAY  5 2016...........SUNRISE   613 AM EDT   SUNSET   757 PM EDT
MAY  6 2016...........SUNRISE   612 AM EDT   SUNSET   758 PM EDT


-  INDICATES NEGATIVE NUMBERS.
R  INDICATES RECORD WAS SET OR TIED.
MM INDICATES DATA IS MISSING.
T  INDICATES TRACE AMOUNT.




$$
