000
CDUS42 KMHX 220530
CLIEWN


CLIMATE REPORT
NATIONAL WEATHER SERVICE NEWPORT/MOREHEAD CITY NC
130 AM EDT MON MAY 22 2017


...................................

...THE NEW BERN NC CLIMATE SUMMARY FOR MAY 21 2017...

CLIMATE NORMAL PERIOD 1981 TO 2010
CLIMATE RECORD PERIOD 1948 TO 2017


WEATHER ITEM   OBSERVED TIME   RECORD YEAR NORMAL DEPARTURE LAST
                VALUE   (LST)  VALUE       VALUE  FROM      YEAR
                                                  NORMAL
..................................................................
TEMPERATURE (F)
 YESTERDAY
  MAXIMUM         78    155 PM  96    1962  81     -3       79
  MINIMUM         63    700 AM  43    1968  60      3       63
  AVERAGE         71                        71      0       71

PRECIPITATION (IN)
  YESTERDAY        0.00          1.73 1971   0.14  -0.14     0.02
  MONTH TO DATE    1.91                      2.70  -0.79     4.41
  SINCE MAR 1     10.31                     10.26   0.05     9.42
  SINCE JAN 1     16.53                     17.94  -1.41    20.44

SNOWFALL (IN)
  YESTERDAY        0.0
  MONTH TO DATE    0.0
  SINCE NOV 1      T
  SINCE JUL 1      T
  SNOW DEPTH       0

DEGREE DAYS
 HEATING
  YESTERDAY        0                         1     -1        0
  MONTH TO DATE   28                        30     -2       27
  SINCE MAR 1    494                       551    -57      417
  SINCE JUL 1   2234                      2697   -463     2105

 COOLING
  YESTERDAY        6                         6      0        6
  MONTH TO DATE  112                        96     16       97
  SINCE MAR 1    254                       163     91      198
  SINCE JAN 1    260                       166     94      198
..................................................................


WIND (MPH)
  HIGHEST WIND SPEED    14   HIGHEST WIND DIRECTION     E (70)
  HIGHEST GUST SPEED    18   HIGHEST GUST DIRECTION     E (70)
  AVERAGE WIND SPEED     6.8


SKY COVER
  POSSIBLE SUNSHINE  MM
  AVERAGE SKY COVER 0.8


WEATHER CONDITIONS
 THE FOLLOWING WEATHER WAS RECORDED YESTERDAY.
  FOG
  HAZE


RELATIVE HUMIDITY (PERCENT)
 HIGHEST   100          1200 AM
 LOWEST     71           200 PM
 AVERAGE    86

..........................................................


THE NEW BERN NC CLIMATE NORMALS FOR TODAY
                         NORMAL    RECORD    YEAR
 MAXIMUM TEMPERATURE (F)   82        95      1975
 MINIMUM TEMPERATURE (F)   61        45      1992


SUNRISE AND SUNSET
MAY 22 2017...........SUNRISE   600 AM EDT   SUNSET   811 PM EDT
MAY 23 2017...........SUNRISE   559 AM EDT   SUNSET   811 PM EDT


-  INDICATES NEGATIVE NUMBERS.
R  INDICATES RECORD WAS SET OR TIED.
MM INDICATES DATA IS MISSING.
T  INDICATES TRACE AMOUNT.




$$
