000
CDUS42 KMHX 212229
CLIEWN


CLIMATE REPORT
NATIONAL WEATHER SERVICE NEWPORT/MOREHEAD CITY NC
528 PM EST FRI NOV 21 2014


...................................

...THE NEW BERN NC CLIMATE SUMMARY FOR NOVEMBER 21 2014...
VALID TODAY AS OF 0500 PM LOCAL TIME.

CLIMATE NORMAL PERIOD 1981 TO 2010
CLIMATE RECORD PERIOD 1948 TO 2014


WEATHER ITEM   OBSERVED TIME   RECORD YEAR NORMAL DEPARTURE LAST
                VALUE   (LST)  VALUE       VALUE  FROM      YEAR
                                                  NORMAL
..................................................................
TEMPERATURE (F)
 TODAY
  MAXIMUM         53    217 PM  79    1975  65    -12       66
  MINIMUM         40    720 AM  20    1951  42     -2       51
  AVERAGE         47                        54     -7       59

PRECIPITATION (IN)
  TODAY            0.00          1.95 2005   0.12  -0.12     0.27
  MONTH TO DATE    0.69                      2.35  -1.66     1.65
  SINCE SEP 1     10.60                     11.50  -0.90     8.11
  SINCE JAN 1     47.61                     48.30  -0.69    37.48

SNOWFALL (IN)
  TODAY            0.0
  MONTH TO DATE    0.0
  SINCE NOV 1      0.0
  SINCE JUL 1      0.0
  SNOW DEPTH       0

DEGREE DAYS
 HEATING
  TODAY           18                        12      6        6
  MONTH TO DATE  267                       192     75      193
  SINCE SEP 1    322                       309     13      269
  SINCE JUL 1    322                       309     13      269

 COOLING
  TODAY            0                         0      0        0
  MONTH TO DATE    6                        14     -8       16
  SINCE SEP 1    474                       370    104      389
  SINCE JAN 1   2185                      1899    286     2006
..................................................................


WIND (MPH)
  HIGHEST WIND SPEED    17   HIGHEST WIND DIRECTION     N (10)
  HIGHEST GUST SPEED    22   HIGHEST GUST DIRECTION     N (340)
  AVERAGE WIND SPEED     9.3


SKY COVER
  POSSIBLE SUNSHINE  MM
  AVERAGE SKY COVER 0.0


WEATHER CONDITIONS
 THE FOLLOWING WEATHER WAS RECORDED TODAY.
  NO SIGNIFICANT WEATHER WAS OBSERVED.


RELATIVE HUMIDITY (PERCENT)
 HIGHEST    73           500 AM
 LOWEST     22           200 PM
 AVERAGE    48

..........................................................


THE NEW BERN NC CLIMATE NORMALS FOR TOMORROW
                         NORMAL    RECORD    YEAR
 MAXIMUM TEMPERATURE (F)   65        78      1992
 MINIMUM TEMPERATURE (F)   42        22      1951


SUNRISE AND SUNSET
NOVEMBER 21 2014......SUNRISE   649 AM EST   SUNSET   459 PM EST
NOVEMBER 22 2014......SUNRISE   650 AM EST   SUNSET   459 PM EST


-  INDICATES NEGATIVE NUMBERS.
R  INDICATES RECORD WAS SET OR TIED.
MM INDICATES DATA IS MISSING.
T  INDICATES TRACE AMOUNT.




$$
