000
CDUS42 KMHX 020630
CLIEWN


CLIMATE REPORT
NATIONAL WEATHER SERVICE NEWPORT/MOREHEAD CITY NC
230 AM EDT THU JUL 2 2015


...................................

...THE NEW BERN NC CLIMATE SUMMARY FOR JULY 1 2015...

CLIMATE NORMAL PERIOD 1981 TO 2010
CLIMATE RECORD PERIOD 1948 TO 2015


WEATHER ITEM   OBSERVED TIME   RECORD YEAR NORMAL DEPARTURE LAST
                VALUE   (LST)  VALUE       VALUE  FROM      YEAR
                                                  NORMAL
..................................................................
TEMPERATURE (F)
 YESTERDAY
  MAXIMUM         88    224 PM  99    2012  89     -1       92
                                      1999
                                      1977
  MINIMUM         72    531 AM  58    1988  71      1       68
  AVERAGE         80                        80      0       80

PRECIPITATION (IN)
  YESTERDAY        0.00          2.98 1977   0.17  -0.17     0.00
  MONTH TO DATE    0.00                      0.17  -0.17     0.00
  SINCE JUN 1      7.77                      4.76   3.01     3.49
  SINCE JAN 1     24.59                     24.15   0.44    21.37

SNOWFALL (IN)
  YESTERDAY        0.0
  MONTH TO DATE    0.0
  SINCE NOV 1      3.0
  SINCE JUL 1      0.0
  SNOW DEPTH       0

DEGREE DAYS
 HEATING
  YESTERDAY        0                         0      0        0
  MONTH TO DATE    0                         0      0        0
  SINCE JUN 1      0                         1     -1        0
  SINCE JUL 1      0                         0      0        0

 COOLING
  YESTERDAY       15                        15      0       15
  MONTH TO DATE   15                        15      0       15
  SINCE JUN 1    491                       380    111      436
  SINCE JAN 1    789                       623    166      797
..................................................................


WIND (MPH)
  HIGHEST WIND SPEED    13   HIGHEST WIND DIRECTION    SW (220)
  HIGHEST GUST SPEED    16   HIGHEST GUST DIRECTION    SW (220)
  AVERAGE WIND SPEED     6.5


SKY COVER
  POSSIBLE SUNSHINE  MM
  AVERAGE SKY COVER 0.1


WEATHER CONDITIONS
 THE FOLLOWING WEATHER WAS RECORDED YESTERDAY.
  NO SIGNIFICANT WEATHER WAS OBSERVED.


RELATIVE HUMIDITY (PERCENT)
 HIGHEST    87          1000 PM
 LOWEST     59           200 PM
 AVERAGE    73

..........................................................


THE NEW BERN NC CLIMATE NORMALS FOR TODAY
                         NORMAL    RECORD    YEAR
 MAXIMUM TEMPERATURE (F)   89        96      1953
 MINIMUM TEMPERATURE (F)   71        55      1975


SUNRISE AND SUNSET
JULY  2 2015..........SUNRISE   558 AM EDT   SUNSET   826 PM EDT
JULY  3 2015..........SUNRISE   558 AM EDT   SUNSET   826 PM EDT


-  INDICATES NEGATIVE NUMBERS.
R  INDICATES RECORD WAS SET OR TIED.
MM INDICATES DATA IS MISSING.
T  INDICATES TRACE AMOUNT.




$$
