502
CDUS42 KMHX 250528
CLIEWN


CLIMATE REPORT
NATIONAL WEATHER SERVICE NEWPORT/MOREHEAD CITY NC
127 AM EDT THU AUG 25 2016


...................................

...THE NEW BERN NC CLIMATE SUMMARY FOR AUGUST 24 2016...

CLIMATE NORMAL PERIOD 1981 TO 2010
CLIMATE RECORD PERIOD 1948 TO 2016


WEATHER ITEM   OBSERVED TIME   RECORD YEAR NORMAL DEPARTURE LAST
                VALUE   (LST)  VALUE       VALUE  FROM      YEAR
                                                  NORMAL
..................................................................
TEMPERATURE (F)
 YESTERDAY
  MAXIMUM         86    230 PM 100    2002  87     -1       89
  MINIMUM         65    459 AM  56    1953  70     -5       67
  AVERAGE         76                        78     -2       78

PRECIPITATION (IN)
  YESTERDAY        0.00          1.91 1988   0.21  -0.21     0.00
  MONTH TO DATE    3.83                      5.25  -1.42     4.38
  SINCE JUN 1     19.35                     16.01   3.34    20.01
  SINCE JAN 1     42.06                     35.40   6.66    36.83

SNOWFALL (IN)
  YESTERDAY        0.0
  MONTH TO DATE    0.0
  SINCE NOV 1      T
  SINCE JUL 1      0.0
  SNOW DEPTH       0

DEGREE DAYS
 HEATING
  YESTERDAY        0                         0      0        0
  MONTH TO DATE    0                         0      0        0
  SINCE JUN 1      0                         1     -1        0
  SINCE JUL 1      0                         0      0        0

 COOLING
  YESTERDAY       11                        13     -2       13
  MONTH TO DATE  420                       348     72      349
  SINCE JUN 1   1378                      1195    183     1340
  SINCE JAN 1   1648                      1438    210     1638
..................................................................


WIND (MPH)
  HIGHEST WIND SPEED    13   HIGHEST WIND DIRECTION    NE (30)
  HIGHEST GUST SPEED    17   HIGHEST GUST DIRECTION    NE (40)
  AVERAGE WIND SPEED     4.6


SKY COVER
  POSSIBLE SUNSHINE  MM
  AVERAGE SKY COVER 0.2


WEATHER CONDITIONS
 THE FOLLOWING WEATHER WAS RECORDED YESTERDAY.
  NO SIGNIFICANT WEATHER WAS OBSERVED.


RELATIVE HUMIDITY (PERCENT)
 HIGHEST    87           300 AM
 LOWEST     44           100 PM
 AVERAGE    66

..........................................................


THE NEW BERN NC CLIMATE NORMALS FOR TODAY
                         NORMAL    RECORD    YEAR
 MAXIMUM TEMPERATURE (F)   87        96      1968
 MINIMUM TEMPERATURE (F)   70        57      1969


SUNRISE AND SUNSET
AUGUST 25 2016........SUNRISE   636 AM EDT   SUNSET   744 PM EDT
AUGUST 26 2016........SUNRISE   637 AM EDT   SUNSET   742 PM EDT


-  INDICATES NEGATIVE NUMBERS.
R  INDICATES RECORD WAS SET OR TIED.
MM INDICATES DATA IS MISSING.
T  INDICATES TRACE AMOUNT.




$$
