000
CDUS42 KMHX 230525
CLIEWN


CLIMATE REPORT
NATIONAL WEATHER SERVICE NEWPORT/MOREHEAD CITY NC
125 AM EDT WED AUG 23 2017


...................................

...THE NEW BERN NC CLIMATE SUMMARY FOR AUGUST 22 2017...

CLIMATE NORMAL PERIOD 1981 TO 2010
CLIMATE RECORD PERIOD 1948 TO 2017


WEATHER ITEM   OBSERVED TIME   RECORD YEAR NORMAL DEPARTURE LAST
                VALUE   (LST)  VALUE       VALUE  FROM      YEAR
                                                  NORMAL
..................................................................
TEMPERATURE (F)
 YESTERDAY
  MAXIMUM         87    412 PM 100    1983  87      0       87
  MINIMUM         72    430 AM  60    1969  70      2       70
  AVERAGE         80                        79      1       79

PRECIPITATION (IN)
  YESTERDAY        0.19          3.81 2006   0.21  -0.02     0.00
  MONTH TO DATE    5.81                      4.82   0.99     3.83
  SINCE JUN 1     16.71                     15.58   1.13    19.35
  SINCE JAN 1     36.22                     34.97   1.25    42.06

SNOWFALL (IN)
  YESTERDAY        0.0
  MONTH TO DATE    0.0
  SINCE NOV 1      T
  SINCE JUL 1      0.0
  SNOW DEPTH       0

DEGREE DAYS
 HEATING
  YESTERDAY        0                         0      0        0
  MONTH TO DATE    0                         0      0        0
  SINCE JUN 1      2                         1      1        0
  SINCE JUL 1      0                         0      0        0

 COOLING
  YESTERDAY       15                        14      1       14
  MONTH TO DATE  325                       321      4      395
  SINCE JUN 1   1204                      1168     36     1353
  SINCE JAN 1   1576                      1411    165     1623
..................................................................


WIND (MPH)
  HIGHEST WIND SPEED    14   HIGHEST WIND DIRECTION     S (180)
  HIGHEST GUST SPEED    19   HIGHEST GUST DIRECTION    SW (210)
  AVERAGE WIND SPEED     4.5


SKY COVER
  POSSIBLE SUNSHINE  MM
  AVERAGE SKY COVER 0.2


WEATHER CONDITIONS
 THE FOLLOWING WEATHER WAS RECORDED YESTERDAY.
  THUNDERSTORM
  HEAVY RAIN
  RAIN
  LIGHT RAIN
  FOG


RELATIVE HUMIDITY (PERCENT)
 HIGHEST   100          1200 AM
 LOWEST     68          1000 AM
 AVERAGE    84

..........................................................


THE NEW BERN NC CLIMATE NORMALS FOR TODAY
                         NORMAL    RECORD    YEAR
 MAXIMUM TEMPERATURE (F)   87        98      2002
 MINIMUM TEMPERATURE (F)   70        57      1969


SUNRISE AND SUNSET
AUGUST 23 2017........SUNRISE   634 AM EDT   SUNSET   747 PM EDT
AUGUST 24 2017........SUNRISE   635 AM EDT   SUNSET   745 PM EDT


-  INDICATES NEGATIVE NUMBERS.
R  INDICATES RECORD WAS SET OR TIED.
MM INDICATES DATA IS MISSING.
T  INDICATES TRACE AMOUNT.




$$
