000
CDUS42 KMHX 270525
CLIEWN


CLIMATE REPORT
NATIONAL WEATHER SERVICE NEWPORT/MOREHEAD CITY NC
125 AM EDT FRI MAY 27 2016


...................................

...THE NEW BERN NC CLIMATE SUMMARY FOR MAY 26 2016...

CLIMATE NORMAL PERIOD 1981 TO 2010
CLIMATE RECORD PERIOD 1948 TO 2016


WEATHER ITEM   OBSERVED TIME   RECORD YEAR NORMAL DEPARTURE LAST
                VALUE   (LST)  VALUE       VALUE  FROM      YEAR
                                                  NORMAL
..................................................................
TEMPERATURE (F)
 YESTERDAY
  MAXIMUM         87    102 PM 100    1953  83      4       86
  MINIMUM         65   1127 PM  48    2013  62      3       60
  AVERAGE         76                        72      4       73

PRECIPITATION (IN)
  YESTERDAY        0.00          1.36 1968   0.15  -0.15     0.00
  MONTH TO DATE    4.59                      3.41   1.18     2.83
  SINCE MAR 1      9.60                     10.97  -1.37     8.45
  SINCE JAN 1     20.62                     18.65   1.97    16.82

SNOWFALL (IN)
  YESTERDAY        0.0
  MONTH TO DATE    0.0
  SINCE NOV 1      T
  SINCE JUL 1      T
  SNOW DEPTH       0

DEGREE DAYS
 HEATING
  YESTERDAY        0                         0      0        0
  MONTH TO DATE   34                        32      2       19
  SINCE MAR 1    424                       553   -129      476
  SINCE JUL 1   2112                      2699   -587     2719

 COOLING
  YESTERDAY       11                         8      3        8
  MONTH TO DATE  119                       132    -13      153
  SINCE MAR 1    220                       199     21      241
  SINCE JAN 1    220                       202     18      248
..................................................................


WIND (MPH)
  HIGHEST WIND SPEED    16   HIGHEST WIND DIRECTION     S (170)
  HIGHEST GUST SPEED    22   HIGHEST GUST DIRECTION     S (170)
  AVERAGE WIND SPEED     7.0


SKY COVER
  POSSIBLE SUNSHINE  MM
  AVERAGE SKY COVER 0.3


WEATHER CONDITIONS
 THE FOLLOWING WEATHER WAS RECORDED YESTERDAY.
  NO SIGNIFICANT WEATHER WAS OBSERVED.


RELATIVE HUMIDITY (PERCENT)
 HIGHEST    93           100 AM
 LOWEST     45           100 PM
 AVERAGE    69

..........................................................


THE NEW BERN NC CLIMATE NORMALS FOR TODAY
                         NORMAL    RECORD    YEAR
 MAXIMUM TEMPERATURE (F)   83        96      1989
 MINIMUM TEMPERATURE (F)   62        46      1961


SUNRISE AND SUNSET
MAY 27 2016...........SUNRISE   557 AM EDT   SUNSET   814 PM EDT
MAY 28 2016...........SUNRISE   557 AM EDT   SUNSET   815 PM EDT


-  INDICATES NEGATIVE NUMBERS.
R  INDICATES RECORD WAS SET OR TIED.
MM INDICATES DATA IS MISSING.
T  INDICATES TRACE AMOUNT.




$$
