000
CDUS42 KMHX 242226
CLIEWN


CLIMATE REPORT
NATIONAL WEATHER SERVICE NEWPORT/MOREHEAD CITY NC
525 PM EST TUE JAN 24 2017


...................................

...THE NEW BERN NC CLIMATE SUMMARY FOR JANUARY 24 2017...
VALID TODAY AS OF 0500 PM LOCAL TIME.

CLIMATE NORMAL PERIOD 1981 TO 2010
CLIMATE RECORD PERIOD 1948 TO 2017


WEATHER ITEM   OBSERVED TIME   RECORD YEAR NORMAL DEPARTURE LAST
                VALUE   (LST)  VALUE       VALUE  FROM      YEAR
                                                  NORMAL
..................................................................
TEMPERATURE (F)
 TODAY
  MAXIMUM         58    443 PM  76    2002  55      3       47
                                      1950
  MINIMUM         42    713 AM  12    2014  34      8       26
  AVERAGE         50                        44      6       37

PRECIPITATION (IN)
  TODAY            0.00          1.60 1953   0.13  -0.13     0.00
  MONTH TO DATE    4.14                      3.12   1.02     3.59
  SINCE DEC 1      7.64                      6.52   1.12    10.01
  SINCE JAN 1      4.14                      3.12   1.02     3.59

SNOWFALL (IN)
  TODAY            0.0
  MONTH TO DATE    T
  SINCE NOV 1      T
  SINCE JUL 1      T
  SNOW DEPTH       0

DEGREE DAYS
 HEATING
  TODAY           15                        21     -6       28
  MONTH TO DATE  364                       504   -140      564
  SINCE DEC 1    902                      1071   -169      768
  SINCE JUL 1   1297                      1498   -201     1051

 COOLING
  TODAY            0                         0      0        0
  MONTH TO DATE    0                         0      0        0
  SINCE DEC 1      0                         3     -3       49
  SINCE JAN 1      0                         0      0        0
..................................................................


WIND (MPH)
  HIGHEST WIND SPEED    21   HIGHEST WIND DIRECTION    NW (310)
  HIGHEST GUST SPEED    27   HIGHEST GUST DIRECTION    NW (320)
  AVERAGE WIND SPEED    12.2


SKY COVER
  POSSIBLE SUNSHINE  MM
  AVERAGE SKY COVER 0.6


WEATHER CONDITIONS
 THE FOLLOWING WEATHER WAS RECORDED TODAY.
  NO SIGNIFICANT WEATHER WAS OBSERVED.


RELATIVE HUMIDITY (PERCENT)
 HIGHEST    86          1200 AM
 LOWEST     51           100 PM
 AVERAGE    69

..........................................................


THE NEW BERN NC CLIMATE NORMALS FOR TOMORROW
                         NORMAL    RECORD    YEAR
 MAXIMUM TEMPERATURE (F)   55        80      1950
 MINIMUM TEMPERATURE (F)   34        11      2003


SUNRISE AND SUNSET
JANUARY 24 2017.......SUNRISE   712 AM EST   SUNSET   529 PM EST
JANUARY 25 2017.......SUNRISE   712 AM EST   SUNSET   530 PM EST


-  INDICATES NEGATIVE NUMBERS.
R  INDICATES RECORD WAS SET OR TIED.
MM INDICATES DATA IS MISSING.
T  INDICATES TRACE AMOUNT.




$$
