000
CDUS41 KOKX 300616
CLIEWR


CLIMATE REPORT
NATIONAL WEATHER SERVICE NEW YORK NY
216 AM EDT THU MAR 30 2017


...................................

...THE NEWARK NJ CLIMATE SUMMARY FOR MARCH 29 2017...

CLIMATE NORMAL PERIOD 1981 TO 2010
CLIMATE RECORD PERIOD 1929 TO 2017


WEATHER ITEM   OBSERVED TIME   RECORD YEAR NORMAL DEPARTURE LAST
                VALUE   (LST)  VALUE       VALUE  FROM      YEAR
                                                  NORMAL
..................................................................
TEMPERATURE (F)
 YESTERDAY
  MAXIMUM         61    222 PM  89    1945  55      6       56
  MINIMUM         41   1159 PM  23    1959  38      3       40
  AVERAGE         51                        46      5       48

PRECIPITATION (IN)
  YESTERDAY        0.00          2.29 2014   0.14  -0.14     0.00
  MONTH TO DATE    2.99                      3.89  -0.90     1.38
  SINCE MAR 1      2.99                      3.89  -0.90     1.38
  SINCE JAN 1      9.73                     10.31  -0.58     9.43

SNOWFALL (IN)
  YESTERDAY        0.0           4.0  1970   0.1   -0.1      0.0
  MONTH TO DATE    9.4                       4.5    4.9      1.6
  SINCE OCT 1     30.0                      27.5    2.5     32.8
  SINCE JUL 1     30.0                      27.5    2.5     32.8
  SNOW DEPTH       0

DEGREE DAYS
 HEATING
  YESTERDAY       14                        19     -5       17
  MONTH TO DATE  726                       673     53      468
  SINCE MAR 1    726                       673     53      468
  SINCE JUL 1   3735                      4308   -573     3341

 COOLING
  YESTERDAY        0                         0      0        0
  MONTH TO DATE    0                         0      0        5
  SINCE MAR 1      0                         0      0        5
  SINCE JAN 1      0                         0      0        5
..................................................................


WIND (MPH)
  HIGHEST WIND SPEED    24   HIGHEST WIND DIRECTION     N (340)
  HIGHEST GUST SPEED    34   HIGHEST GUST DIRECTION    NW (300)
  AVERAGE WIND SPEED    15.1


SKY COVER
  AVERAGE SKY COVER 0.5


WEATHER CONDITIONS
 THE FOLLOWING WEATHER WAS RECORDED YESTERDAY.
  NO SIGNIFICANT WEATHER WAS OBSERVED.


RELATIVE HUMIDITY (PERCENT)
 HIGHEST   100          1200 AM
 LOWEST     26           400 PM
 AVERAGE    63

..........................................................


THE NEWARK NJ CLIMATE NORMALS FOR TODAY
                         NORMAL    RECORD    YEAR
 MAXIMUM TEMPERATURE (F)   56        86      1998
 MINIMUM TEMPERATURE (F)   38        22      1970


SUNRISE AND SUNSET
MARCH 30 2017.........SUNRISE   643 AM EDT   SUNSET   720 PM EDT
MARCH 31 2017.........SUNRISE   642 AM EDT   SUNSET   721 PM EDT


-  INDICATES NEGATIVE NUMBERS.
R  INDICATES RECORD WAS SET OR TIED.
MM INDICATES DATA IS MISSING.
T  INDICATES TRACE AMOUNT.




$$
