000
CDUS41 KOKX 110621
CLIEWR


CLIMATE REPORT
NATIONAL WEATHER SERVICE NEW YORK NY
121 AM EST MON DEC 11 2017


...................................

...THE NEWARK NJ CLIMATE SUMMARY FOR DECEMBER 10 2017...

CLIMATE NORMAL PERIOD 1981 TO 2010
CLIMATE RECORD PERIOD 1929 TO 2017


WEATHER ITEM   OBSERVED TIME   RECORD YEAR NORMAL DEPARTURE LAST
                VALUE   (LST)  VALUE       VALUE  FROM      YEAR
                                                  NORMAL
..................................................................
TEMPERATURE (F)
 YESTERDAY
  MAXIMUM         40    258 PM  72    1946  45     -5       37
  MINIMUM         27    726 AM   8    1968  31     -4       23
  AVERAGE         34                        38     -4       30

PRECIPITATION (IN)
  YESTERDAY        T             1.06 1969   0.13  -0.13      T
  MONTH TO DATE    0.68                      1.31  -0.63     0.76
  SINCE DEC 1      0.68                      1.31  -0.63     0.76
  SINCE JAN 1     46.53                     43.75   2.78    36.26

SNOWFALL (IN)
  YESTERDAY        T             2.3  2013   0.1   -0.1       T
  MONTH TO DATE    4.3                       1.1    3.2       T
  SINCE OCT 1      4.3                       1.5    2.8       T
  SINCE JUL 1      4.3                       1.5    2.8       T
  SNOW DEPTH       4

DEGREE DAYS
 HEATING
  YESTERDAY       31                        27      4       35
  MONTH TO DATE  232                       252    -20      235
  SINCE DEC 1    232                       252    -20      235
  SINCE JUL 1    917                      1120   -203      918

 COOLING
  YESTERDAY        0                         0      0        0
  MONTH TO DATE    0                         0      0        0
  SINCE DEC 1      0                         0      0        0
  SINCE JAN 1   1316                      1192    124     1571
..................................................................


WIND (MPH)
  HIGHEST WIND SPEED    21   HIGHEST WIND DIRECTION     W (260)
  HIGHEST GUST SPEED    28   HIGHEST GUST DIRECTION     W (270)
  AVERAGE WIND SPEED    11.3


SKY COVER
  AVERAGE SKY COVER 0.6


WEATHER CONDITIONS
 THE FOLLOWING WEATHER WAS RECORDED YESTERDAY.
  NO SIGNIFICANT WEATHER WAS OBSERVED.


RELATIVE HUMIDITY (PERCENT)
 HIGHEST    92           100 AM
 LOWEST     48           300 PM
 AVERAGE    70

..........................................................


THE NEWARK NJ CLIMATE NORMALS FOR TODAY
                         NORMAL    RECORD    YEAR
 MAXIMUM TEMPERATURE (F)   45        65      1971
                                             1966
 MINIMUM TEMPERATURE (F)   31        11      1977
                                             1934


SUNRISE AND SUNSET
DECEMBER 11 2017......SUNRISE   711 AM EST   SUNSET   429 PM EST
DECEMBER 12 2017......SUNRISE   711 AM EST   SUNSET   430 PM EST


-  INDICATES NEGATIVE NUMBERS.
R  INDICATES RECORD WAS SET OR TIED.
MM INDICATES DATA IS MISSING.
T  INDICATES TRACE AMOUNT.




$$
