000
CDUS43 KIND 200535
CLIEYE


CLIMATE REPORT
NATIONAL WEATHER SERVICE INDIANAPOLIS IN
135 AM EDT WED SEP 20 2017


...................................

...THE INDIANAPOLIS EAGLE CREEK IN CLIMATE SUMMARY FOR SEPTEMBER 19 2017...

CLIMATE NORMAL PERIOD 1981 TO 2010
CLIMATE RECORD PERIOD 9999 TO 9999


WEATHER ITEM   OBSERVED TIME   NORMAL DEPARTURE LAST
                VALUE   (LST)  VALUE  FROM      YEAR
                                      NORMAL
......................................................
TEMPERATURE (F)
 YESTERDAY
  MAXIMUM         82    407 PM  76      6       85
  MINIMUM         67   1104 PM  56     11       57
  AVERAGE         75            66      9       71

PRECIPITATION (IN)
  YESTERDAY        0.22          0.06   0.16     0.00
  MONTH TO DATE    0.49          1.41  -0.92     2.92
  SINCE SEP 1      0.49          1.41  -0.92     2.92
  SINCE JAN 1     32.63         30.06   2.57    34.95

DEGREE DAYS
 HEATING
  YESTERDAY        0             2     -2        0
  MONTH TO DATE   21            14      7        0
  SINCE SEP 1     21            14      7        0
  SINCE JUL 1     21            17      4        3

 COOLING
  YESTERDAY       10             3      7        6
  MONTH TO DATE   66           100    -34      153
  SINCE SEP 1     66           100    -34      153
  SINCE JAN 1    994          1020    -26     1342
......................................................


WIND (MPH)
  HIGHEST WIND SPEED    10   HIGHEST WIND DIRECTION     S (200)
  HIGHEST GUST SPEED    15   HIGHEST GUST DIRECTION     S (190)
  AVERAGE WIND SPEED     3.2


SKY COVER
  AVERAGE SKY COVER 0.7


WEATHER CONDITIONS
 THE FOLLOWING WEATHER WAS RECORDED YESTERDAY.
  RAIN
  LIGHT RAIN
  FOG


RELATIVE HUMIDITY (PERCENT)
 HIGHEST    97           100 AM
 LOWEST     54           400 PM
 AVERAGE    76

..........................................................


THE INDIANAPOLIS EAGLE CREEK IN CLIMATE NORMALS FOR TODAY
                         NORMAL
 MAXIMUM TEMPERATURE (F)   76
 MINIMUM TEMPERATURE (F)   55


SUNRISE AND SUNSET
SEPTEMBER 20 2017.....SUNRISE   731 AM EDT   SUNSET   745 PM EDT
SEPTEMBER 21 2017.....SUNRISE   732 AM EDT   SUNSET   743 PM EDT


-  INDICATES NEGATIVE NUMBERS.
R  INDICATES RECORD WAS SET OR TIED.
MM INDICATES DATA IS MISSING.
T  INDICATES TRACE AMOUNT.




$$
