000
CDUS43 KIND 210533
CLIEYE


CLIMATE REPORT
NATIONAL WEATHER SERVICE INDIANAPOLIS IN
133 AM EDT MON APR 21 2014


...................................

...THE INDIANAPOLIS EAGLE CREEK IN CLIMATE SUMMARY FOR APRIL 20 2014...

CLIMATE NORMAL PERIOD 1981 TO 2010
CLIMATE RECORD PERIOD 9999 TO 9999


WEATHER ITEM   OBSERVED TIME   NORMAL DEPARTURE LAST
                VALUE   (LST)  VALUE  FROM      YEAR
                                      NORMAL
......................................................
TEMPERATURE (F)
 YESTERDAY
  MAXIMUM         75    517 PM  64     11       47
  MINIMUM         41    634 AM  45     -4       33
  AVERAGE         58            55      3       40

PRECIPITATION (IN)
  YESTERDAY        0.00          0.12  -0.12     0.00
  MONTH TO DATE    4.53          2.34   2.19     4.51
  SINCE MAR 1      5.51          5.64  -0.13     5.97
  SINCE JAN 1      9.89          9.98  -0.09    12.91

DEGREE DAYS
 HEATING
  YESTERDAY        7            11     -4       25
  MONTH TO DATE  281           277      4      274
  SINCE MAR 1   1178           977    201     1200
  SINCE JUL 1   6004          5102    902     5314

 COOLING
  YESTERDAY        0             1     -1        0
  MONTH TO DATE    5            10     -5        3
  SINCE MAR 1      5            11     -6        3
  SINCE JAN 1      5            11     -6        3
......................................................


WIND (MPH)
  HIGHEST WIND SPEED     9   HIGHEST WIND DIRECTION     S (180)
  HIGHEST GUST SPEED    14   HIGHEST GUST DIRECTION    SW (240)
  AVERAGE WIND SPEED     2.9


SKY COVER
  AVERAGE SKY COVER 0.0


WEATHER CONDITIONS
 THE FOLLOWING WEATHER WAS RECORDED YESTERDAY.
  NO SIGNIFICANT WEATHER WAS OBSERVED.


RELATIVE HUMIDITY (PERCENT)
 HIGHEST    72          1100 PM
 LOWEST     20           500 PM
 AVERAGE    46

..........................................................


THE INDIANAPOLIS EAGLE CREEK IN CLIMATE NORMALS FOR TODAY
                         NORMAL
 MAXIMUM TEMPERATURE (F)   65
 MINIMUM TEMPERATURE (F)   45


SUNRISE AND SUNSET
APRIL 21 2014.........SUNRISE   659 AM EDT   SUNSET   830 PM EDT
APRIL 22 2014.........SUNRISE   658 AM EDT   SUNSET   831 PM EDT


-  INDICATES NEGATIVE NUMBERS.
R  INDICATES RECORD WAS SET OR TIED.
MM INDICATES DATA IS MISSING.
T  INDICATES TRACE AMOUNT.




$$
