000
CDUS42 KKEY 060555
CLIEYW

CLIMATE REPORT
NATIONAL WEATHER SERVICE KEY WEST FL
100 AM EST FRI MAR 6 2015

...................................

...THE KEY WEST CLIMATE SUMMARY FOR MARCH 5 2015...

CLIMATE NORMAL PERIOD 1981 TO 2010
CLIMATE RECORD PERIOD 1871 TO 2015

WEATHER ITEM   OBSERVED TIME   RECORD YEAR NORMAL DEPARTURE LAST
                VALUE   (LST)  VALUE       VALUE  FROM      YEAR
                                                  NORMAL
..................................................................
TEMPERATURE (F)
 YESTERDAY
  MAXIMUM         83    129 PM  85    2003  77      6       80
                                      1982
                                      1957
  MINIMUM         75   1159 PM  53    2010  67      8       74
                                      1873
  AVERAGE         79                        72      7       77

PRECIPITATION (IN)
  YESTERDAY        0.00          1.80 1992   0.07  -0.07     0.00
  MONTH TO DATE    T                         0.36  -0.36     0.00
  SINCE MAR 1      T                         0.36  -0.36     0.00
  SINCE JAN 1      3.23                      3.89  -0.66     7.60

SNOWFALL (IN)
  YESTERDAY        0.0
  MONTH TO DATE    0.0
  SINCE MAR 1      0.0
  SINCE JUL 1      0.0
  SNOW DEPTH       0

DEGREE DAYS
 HEATING
  YESTERDAY        0                         0      0        0
  MONTH TO DATE    0                         0      0        0
  SINCE MAR 1      0                         0      0        0
  SINCE JUL 1     27                        66    -39       22

 COOLING
  YESTERDAY       14                         8      6       12
  MONTH TO DATE   64                        39     25       46
  SINCE MAR 1     64                        39     25       46
  SINCE JAN 1    422                       387     35      472
..................................................................

WIND (MPH)
  HIGHEST WIND SPEED    18   HIGHEST WIND DIRECTION    SE (140)
  HIGHEST GUST SPEED    25   HIGHEST GUST DIRECTION    SE (150)
  AVERAGE WIND SPEED    10.5

SKY COVER
  POSSIBLE SUNSHINE  MM
  AVERAGE SKY COVER 0.0

WEATHER CONDITIONS
 THE FOLLOWING WEATHER WAS RECORDED YESTERDAY.
  NO SIGNIFICANT WEATHER WAS OBSERVED.

RELATIVE HUMIDITY (PERCENT)
 HIGHEST    94
 LOWEST     74
 AVERAGE    84
..........................................................

THE KEY WEST CLIMATE NORMALS FOR TODAY
                         NORMAL    RECORD    YEAR
 MAXIMUM TEMPERATURE (F)   77        86      2003
 MINIMUM TEMPERATURE (F)   67        52      1986

SUNRISE AND SUNSET
MARCH  6 2015.........SUNRISE   645 AM EST   SUNSET   632 PM EST
MARCH  7 2015.........SUNRISE   644 AM EST   SUNSET   632 PM EST

-  INDICATES NEGATIVE NUMBERS.
R  INDICATES RECORD WAS SET OR TIED.
MM INDICATES DATA IS MISSING.
T  INDICATES TRACE AMOUNT.

$$
BS
