000
CDUS42 KKEY 052031
CLIEYW

MCLIMATE REPORT
NATIONAL WEATHER SERVICE KEY WEST, FL
428 PM EDT SUN JUL 5 2015

...................................

...THE KEY WEST CLIMATE SUMMARY FOR JULY 5 2015...
VALID TODAY AS OF 0400 PM LOCAL TIME.

CLIMATE NORMAL PERIOD 1981 TO 2010
CLIMATE RECORD PERIOD 1871 TO 2015

WEATHER ITEM   OBSERVED TIME   RECORD YEAR NORMAL DEPARTURE LAST
                VALUE   (LST)  VALUE       VALUE  FROM      YEAR
                                                  NORMAL
..................................................................

TEMPERATURE (F)
 TODAY
  MAXIMUM         91    209 PM  93    1950  89      2       90
                                      1880
  MINIMUM         84    656 AM  69    1912  80      4       84
  AVERAGE         88                        84      4       87

PRECIPITATION (IN)
  TODAY            0.00          2.60 1886   0.12  -0.12      T
  MONTH TO DATE    T                         0.61  -0.61      T
  SINCE JUN 1      2.64                      4.72  -2.08     2.38
  SINCE JAN 1     15.07                     15.35  -0.28    15.23

SNOWFALL (IN)
  TODAY            0.0
  MONTH TO DATE    0.0
  SINCE JUN 1      0.0
  SINCE JUL 1      0.0
  SNOW DEPTH       0

DEGREE DAYS
 HEATING
  TODAY            0                         0      0        0
  MONTH TO DATE    0                         0      0        0
  SINCE JUN 1      0                         0      0        0
  SINCE JUL 1      0                         0      0        0

 COOLING
  TODAY           23                        19      4       22
  MONTH TO DATE  113                        95     18      107
  SINCE JUN 1    684                       644     40      665
  SINCE JAN 1   2401                      2074    327     2287

..................................................................

WIND (MPH)
  HIGHEST WIND SPEED    16   HIGHEST WIND DIRECTION     E (110)
  HIGHEST GUST SPEED    21   HIGHEST GUST DIRECTION     E (110)
  AVERAGE WIND SPEED    12.6

SKY COVER
  POSSIBLE SUNSHINE  MM
  AVERAGE SKY COVER 0.2

WEATHER CONDITIONS
 THE FOLLOWING WEATHER WAS RECORDED TODAY.
  NO SIGNIFICANT WEATHER WAS OBSERVED.

RELATIVE HUMIDITY (PERCENT)
 HIGHEST    82
 LOWEST     70
 AVERAGE    76

..........................................................

THE KEY WEST CLIMATE NORMALS FOR TOMORROW
                         NORMAL    RECORD    YEAR
 MAXIMUM TEMPERATURE (F)   89        95      1881
 MINIMUM TEMPERATURE (F)   80        71      1918
                                             1901

SUNRISE AND SUNSET

JULY  5 2015..........SUNRISE   643 AM EDT   SUNSET   820 PM EDT
JULY  6 2015..........SUNRISE   644 AM EDT   SUNSET   820 PM EDT

-  INDICATES NEGATIVE NUMBERS.
R  INDICATES RECORD WAS SET OR TIED.
MM INDICATES DATA IS MISSING.
T  INDICATES TRACE AMOUNT.

$$
