000
CDUS42 KKEY 300625
CLIEYW

CLIMATE REPORT
NATIONAL WEATHER SERVICE KEY WEST FL
225 AM EDT SAT JUL 30 2016

...................................

...THE KEY WEST CLIMATE SUMMARY FOR JULY 29 2016...

CLIMATE NORMAL PERIOD 1981 TO 2010
CLIMATE RECORD PERIOD 1871 TO 2016

WEATHER ITEM   OBSERVED TIME   RECORD YEAR NORMAL DEPARTURE LAST
                VALUE   (LST)  VALUE       VALUE  FROM      YEAR
                                                  NORMAL
..................................................................
TEMPERATURE (F)
 YESTERDAY
  MAXIMUM         90    205 PM  95    1880  90      0       93
                                      1872
  MINIMUM         84   1159 PM  73    1996  80      4       79
                                      1983
  AVERAGE         87                        85      2       86

PRECIPITATION (IN)
  YESTERDAY        0.00          1.23 1996   0.12  -0.12     0.00
  MONTH TO DATE    3.68                      3.31   0.37     0.67
  SINCE JUN 1      4.82                      7.42  -2.60     3.31
  SINCE JAN 1     16.47                     18.05  -1.58    15.74

SNOWFALL (IN)
  YESTERDAY        0.0
  MONTH TO DATE    0.0
  SINCE JUN 1      0.0
  SINCE JUL 1      0.0
  SNOW DEPTH       0

DEGREE DAYS
 HEATING
  YESTERDAY        0                         0      0        0
  MONTH TO DATE    0                         0      0        0
  SINCE JUN 1      0                         0      0        0
  SINCE JUL 1      0                         0      0        0

 COOLING
  YESTERDAY       22                        20      2       21
  MONTH TO DATE  593                       568     25      611
  SINCE JUN 1   1164                      1117     47     1182
  SINCE JAN 1   2655                      2547    108     2899
..................................................................
WIND (MPH)
  HIGHEST WIND SPEED    13   HIGHEST WIND DIRECTION    SE (140)
  HIGHEST GUST SPEED    15   HIGHEST GUST DIRECTION    SE (130)
  AVERAGE WIND SPEED     7.3

SKY COVER
  POSSIBLE SUNSHINE  MM
  AVERAGE SKY COVER 0.1

WEATHER CONDITIONS
 THE FOLLOWING WEATHER WAS RECORDED YESTERDAY.
  NO SIGNIFICANT WEATHER WAS OBSERVED.

RELATIVE HUMIDITY (PERCENT)
 HIGHEST    88
 LOWEST     70
 AVERAGE    79
..........................................................

THE KEY WEST CLIMATE NORMALS FOR TODAY
                         NORMAL    RECORD    YEAR
 MAXIMUM TEMPERATURE (F)   90        94      1933
                                             1884
                                             1881
 MINIMUM TEMPERATURE (F)   80        69      1890

SUNRISE AND SUNSET
JULY 30 2016..........SUNRISE   655 AM EDT   SUNSET   812 PM EDT
JULY 31 2016..........SUNRISE   655 AM EDT   SUNSET   811 PM EDT

-  INDICATES NEGATIVE NUMBERS.
R  INDICATES RECORD WAS SET OR TIED.
MM INDICATES DATA IS MISSING.
T  INDICATES TRACE AMOUNT.

$$
BS
