000
CDUS42 KKEY 220531
CLIEYW


CLIMATE REPORT
NATIONAL WEATHER SERVICE KEY WEST, FL
131 AM EDT TUE AUG 22 2017


...................................

...THE KEY WEST CLIMATE SUMMARY FOR AUGUST 21 2017...

CLIMATE NORMAL PERIOD 1981 TO 2010
CLIMATE RECORD PERIOD 1871 TO 2017


WEATHER ITEM   OBSERVED TIME   RECORD YEAR NORMAL DEPARTURE LAST
                VALUE   (LST)  VALUE       VALUE  FROM      YEAR
                                                  NORMAL
..................................................................
TEMPERATURE (F)
 YESTERDAY
  MAXIMUM         90    323 PM  94    1956  89      1       90
                                      1951
                                      1950
  MINIMUM         84   1159 PM  71    1923  80      4       83
  AVERAGE         87                        84      3       87

PRECIPITATION (IN)
  YESTERDAY        0.00          1.92 1945   0.17  -0.17     0.00
  MONTH TO DATE    1.84                      3.41  -1.57     3.00
  SINCE JUN 1     10.80                     11.07  -0.27     7.88
  SINCE JAN 1     19.85                     21.70  -1.85    19.53

SNOWFALL (IN)
  YESTERDAY        0.0
  MONTH TO DATE    0.0
  SINCE JUN 1      0.0
  SINCE JUL 1      0.0
  SNOW DEPTH       0

DEGREE DAYS
 HEATING
  YESTERDAY        0                         0      0        0
  MONTH TO DATE    0                         0      0        0
  SINCE JUN 1      0                         0      0        0
  SINCE JUL 1      0                         0      0        0

 COOLING
  YESTERDAY       22                        19      3       22
  MONTH TO DATE  456                       416     40      429
  SINCE JUN 1   1680                      1571    109     1633
  SINCE JAN 1   3435                      3001    434     3124
..................................................................


WIND (MPH)
  HIGHEST WIND SPEED    22   HIGHEST WIND DIRECTION     E (110)
  HIGHEST GUST SPEED    27   HIGHEST GUST DIRECTION     E (110)
  AVERAGE WIND SPEED    13.2


SKY COVER
  POSSIBLE SUNSHINE  MM
  AVERAGE SKY COVER 0.1


WEATHER CONDITIONS
 THE FOLLOWING WEATHER WAS RECORDED YESTERDAY.
  NO SIGNIFICANT WEATHER WAS OBSERVED.


RELATIVE HUMIDITY (PERCENT)
 HIGHEST    82
 LOWEST     59
 AVERAGE    71

..........................................................


THE KEY WEST CLIMATE NORMALS FOR TODAY
                         NORMAL    RECORD    YEAR
 MAXIMUM TEMPERATURE (F)   89        95      1956
 MINIMUM TEMPERATURE (F)   79        72      1947
                                             1937
                                             1913


SUNRISE AND SUNSET
AUGUST 22 2017........SUNRISE   705 AM EDT   SUNSET   755 PM EDT
AUGUST 23 2017........SUNRISE   705 AM EDT   SUNSET   754 PM EDT


-  INDICATES NEGATIVE NUMBERS.
R  INDICATES RECORD WAS SET OR TIED.
MM INDICATES DATA IS MISSING.
T  INDICATES TRACE AMOUNT.




$$
