700
CDUS42 KKEY 240538
CLIEYW


CLIMATE REPORT
NATIONAL WEATHER SERVICE KEY WEST, FL
1234 AM EST TUE JAN 24 2017


...................................

...THE KEY WEST CLIMATE SUMMARY FOR JANUARY 23 2017...

CLIMATE NORMAL PERIOD 1981 TO 2010
CLIMATE RECORD PERIOD 1871 TO 2017


WEATHER ITEM   OBSERVED TIME   RECORD YEAR NORMAL DEPARTURE LAST
                VALUE   (LST)  VALUE       VALUE  FROM      YEAR
                                                  NORMAL
..................................................................
TEMPERATURE (F)
 YESTERDAY
  MAXIMUM         79   1215 AM  86    1877  74      5       70
  MINIMUM         72   1159 PM  47    2009  64      8       64
  AVERAGE         76                        69      7       67

PRECIPITATION (IN)
  YESTERDAY        0.47          5.69 1983   0.07   0.40      T
  MONTH TO DATE    0.78                      1.53  -0.75     3.01
  SINCE DEC 1      2.52                      3.75  -1.23     7.59
  SINCE JAN 1      0.78                      1.53  -0.75     3.01

SNOWFALL (IN)
  YESTERDAY        0.0
  MONTH TO DATE    0.0
  SINCE DEC 1      0.0
  SINCE JUL 1      0.0
  SNOW DEPTH      MM

DEGREE DAYS
 HEATING
  YESTERDAY        0                         1     -1        0
  MONTH TO DATE    3                        23    -20        6
  SINCE DEC 1      3                        40    -37        6
  SINCE JUL 1      3                        41    -38        6

 COOLING
  YESTERDAY       11                         5      6        2
  MONTH TO DATE  222                       117    105      142
  SINCE DEC 1    615                       334    281      541
  SINCE JAN 1    222                       117    105      142
..................................................................


WIND (MPH)
  HIGHEST WIND SPEED    32   HIGHEST WIND DIRECTION     W (250)
  HIGHEST GUST SPEED    47   HIGHEST GUST DIRECTION     W (290)
  AVERAGE WIND SPEED    22.5


SKY COVER
  POSSIBLE SUNSHINE  MM
  AVERAGE SKY COVER 0.4


WEATHER CONDITIONS
 THE FOLLOWING WEATHER WAS RECORDED YESTERDAY.
  THUNDERSTORM
  LIGHT RAIN
  FOG


RELATIVE HUMIDITY (PERCENT)
 HIGHEST    85
 LOWEST     54
 AVERAGE    70

..........................................................


THE KEY WEST CLIMATE NORMALS FOR TODAY
                         NORMAL    RECORD    YEAR
 MAXIMUM TEMPERATURE (F)   74        83      2007
                                             1881
                                             1880
 MINIMUM TEMPERATURE (F)   64        45      2003


SUNRISE AND SUNSET
JANUARY 24 2017.......SUNRISE   712 AM EST   SUNSET   607 PM EST
JANUARY 25 2017.......SUNRISE   711 AM EST   SUNSET   608 PM EST


-  INDICATES NEGATIVE NUMBERS.
R  INDICATES RECORD WAS SET OR TIED.
MM INDICATES DATA IS MISSING.
T  INDICATES TRACE AMOUNT.

$$

FLING
