000
CDAK49 PAFG 310932
CLIFAI

CLIMATE REPORT
NATIONAL WEATHER SERVICE FAIRBANKS AK
1232 AM AKST SAT JAN 31 2015

...................................

...THE FAIRBANKS AK CLIMATE SUMMARY FOR JANUARY 30 2015...

CLIMATE NORMAL PERIOD 1981 TO 2010
CLIMATE RECORD PERIOD 1904 TO 2015


WEATHER ITEM   OBSERVED TIME   RECORD YEAR NORMAL DEPARTURE LAST
                VALUE   (LST)  VALUE       VALUE  FROM      YEAR
                                                  NORMAL
..................................................................
TEMPERATURE (F)
 YESTERDAY
  MAXIMUM        -19    748 PM  38    1985   3    -22        7
  MINIMUM        -40    825 AM -56    1947 -16    -24       -6
  AVERAGE        -29                        -7    -22        1

PRECIPITATION (IN)
  YESTERDAY        0.00          0.34 1979   0.02  -0.02     0.00
  MONTH TO DATE    0.15                      0.56  -0.41     0.22
  SINCE DEC 1      1.08                      1.20  -0.12     1.00
  SINCE JAN 1      0.15                      0.56  -0.41     0.22

SNOWFALL (IN)
  YESTERDAY        0.0           5.5  1979   0.3   -0.3      0.0
  MONTH TO DATE    4.6                      10.0   -5.4      2.5
  SINCE DEC 1     19.8                      22.1   -2.3     16.8
  SINCE JUL 1     29.6                      47.9  -18.3     35.8
  SNOW DEPTH      13

DEGREE DAYS
 HEATING
  YESTERDAY       94                        72     22       64
  MONTH TO DATE 2120                      2190    -70     1705
  SINCE DEC 1   3877                      4331   -454     3852
  SINCE JUL 1   7595                      8462   -867     7389

 COOLING
  YESTERDAY        0                         0      0        0
  MONTH TO DATE    0                         0      0        0
  SINCE DEC 1      0                         0      0        0
  SINCE JAN 1      0                         0      0        0
..................................................................


WIND (MPH)
  HIGHEST GUST SPEED     6   HIGHEST GUST DIRECTION     N (360)


SKY COVER
  AVERAGE SKY COVER 0.5


WEATHER CONDITIONS
 THE FOLLOWING WEATHER WAS RECORDED YESTERDAY.
  LIGHT SNOW
  FOG


RELATIVE HUMIDITY (PERCENT)
 HIGHEST    74
 LOWEST     62
 AVERAGE    68

..........................................................


THE FAIRBANKS AK CLIMATE NORMALS FOR TODAY
                         NORMAL    RECORD    YEAR
 MAXIMUM TEMPERATURE (F)    3        42      1940
 MINIMUM TEMPERATURE (F)  -16       -52      1911


SUNRISE AND SUNSET
JANUARY 31 2015..........SUNRISE  941 AM AKST   SUNSET  431 PM AKST
FEBRUARY 01 2015..........SUNRISE  938 AM AKST   SUNSET  435 PM AKST


-  INDICATES NEGATIVE NUMBERS.
R  INDICATES RECORD WAS SET OR TIED.
MM INDICATES DATA IS MISSING.
T  INDICATES TRACE AMOUNT.

&&

SNOW DEPTH IS MEASURED AT 3AM AKST/4AM AKDT

----------------------------
AVAILABLE DAYLIGHT

AMOUNT OF DAYLIGHT TODAY  (HOUR:MIN)........6:50
GAIN SINCE YESTERDAY........................6 MINUTES
----------------------------

$$
SDB JAN 15
