000
CDAK49 PAFG 270036
CLIFAI

CLIMATE REPORT
NATIONAL WEATHER SERVICE FAIRBANKS AK
336 PM AKST FRI DEC 26 2014

...................................

...THE FAIRBANKS AK CLIMATE SUMMARY FOR DECEMBER 26 2014...
VALID TODAY AS OF 0300 PM LOCAL TIME.

CLIMATE NORMAL PERIOD 1981 TO 2010
CLIMATE RECORD PERIOD 1904 TO 2014


WEATHER ITEM   OBSERVED TIME   RECORD YEAR NORMAL DEPARTURE LAST
                VALUE   (LST)  VALUE       VALUE  FROM      YEAR
                                                  NORMAL
..................................................................
TEMPERATURE (F)
 TODAY
  MAXIMUM         22    251 PM  42    2001   3     19      -34
  MINIMUM         13   1121 AM -56    1961 -14     27      -41
  AVERAGE         18                        -6     24      -37

PRECIPITATION (IN)
  TODAY            0.16          0.49 1965   0.02   0.14     0.00
  MONTH TO DATE    0.81                      0.53   0.28     0.75
  SINCE DEC 1      0.81                      0.53   0.28     0.75
  SINCE JAN 1     17.04                     10.70   6.34    10.62

SNOWFALL (IN)
  TODAY            2.9           9.8  1965   0.4    2.5      0.0
  MONTH TO DATE   13.4                      10.1    3.3     14.0
  SINCE DEC 1     13.4                      10.1    3.3     14.0
  SINCE JUL 1     23.2                      35.9  -12.7     33.0
  SNOW DEPTH      12

DEGREE DAYS
 HEATING
  TODAY           47                        71    -24      102
  MONTH TO DATE 1509                      1785   -276     1754
  SINCE DEC 1   1509                      1785   -276     1754
  SINCE JUL 1   5227                      5916   -689     5291

 COOLING
  TODAY            0                         0      0        0
  MONTH TO DATE    0                         0      0        0
  SINCE DEC 1      0                         0      0        0
  SINCE JAN 1     27                        61    -34      226
..................................................................


WIND (MPH)
  HIGHEST GUST SPEED     8   HIGHEST GUST DIRECTION     N (20)


SKY COVER
  AVERAGE SKY COVER 1.0


WEATHER CONDITIONS
 THE FOLLOWING WEATHER WAS RECORDED TODAY.
  LIGHT SNOW
  FOG


RELATIVE HUMIDITY (PERCENT)
 HIGHEST    84
 LOWEST     77
 AVERAGE    81

..........................................................


THE FAIRBANKS AK CLIMATE NORMALS FOR TOMORROW
                         NORMAL    RECORD    YEAR
 MAXIMUM TEMPERATURE (F)    3        38      1909
 MINIMUM TEMPERATURE (F)  -15       -58      1961


SUNRISE AND SUNSET
DECEMBER 26 2014..........SUNRISE  1100 AM AKST   SUNSET  246 PM AKST
DECEMBER 27 2014..........SUNRISE  1059 AM AKST   SUNSET  247 PM AKST


-  INDICATES NEGATIVE NUMBERS.
R  INDICATES RECORD WAS SET OR TIED.
MM INDICATES DATA IS MISSING.
T  INDICATES TRACE AMOUNT.

&&

SNOW DEPTH IS MEASURED AT 3AM AKST/4AM AKDT

----------------------------
AVAILABLE DAYLIGHT

AMOUNT OF DAYLIGHT TODAY  (HOUR:MIN)........3:46
GAIN SINCE YESTERDAY........................1 MINUTE
----------------------------

$$
RM DEC 14
