000
CDAK49 PAFG 220942
CLIFAI

CLIMATE REPORT
NATIONAL WEATHER SERVICE FAIRBANKS AK
142 AM AKDT FRI SEP 22 2017

...................................

...THE FAIRBANKS AK CLIMATE SUMMARY FOR SEPTEMBER 21 2017...

CLIMATE NORMAL PERIOD 1981 TO 2010
CLIMATE RECORD PERIOD 1904 TO 2017


WEATHER ITEM   OBSERVED TIME   RECORD YEAR NORMAL DEPARTURE LAST
                VALUE   (LST)  VALUE       VALUE  FROM      YEAR
                                                  NORMAL
..................................................................
TEMPERATURE (F)
 YESTERDAY
  MAXIMUM         53    213 PM  78    1995  52      1       61
  MINIMUM         36    722 AM  12    1910  33      3       45
  AVERAGE         45                        42      3       53

PRECIPITATION (IN)
  YESTERDAY        0.05          0.41 1923   0.03   0.02     0.00
  MONTH TO DATE    0.33                      0.83  -0.50     1.77
  SINCE SEP 1      0.33                      0.83  -0.50     1.77
  SINCE JAN 1      9.20                      8.40   0.80    13.48

SNOWFALL (IN)
  YESTERDAY        0.0           2.1  1985   0.1   -0.1      0.0
  MONTH TO DATE    0.0                       0.8   -0.8      0.0
  SINCE SEP 1      0.0                       0.8   -0.8      0.0
  SINCE JUL 1      0.0                       0.8   -0.8      0.0
  SNOW DEPTH       0

DEGREE DAYS
 HEATING
  YESTERDAY       20                        23     -3       12
  MONTH TO DATE  318                       377    -59      335
  SINCE SEP 1    318                       377    -59      335
  SINCE JUL 1    541                       766   -225      537

 COOLING
  YESTERDAY        0                         0      0        0
  MONTH TO DATE    0                         0      0        0
  SINCE SEP 1      0                         0      0        0
  SINCE JAN 1    104                        61     43       76
..................................................................


WIND (MPH)
  HIGHEST GUST SPEED    16   HIGHEST GUST DIRECTION     E (70)


SKY COVER
  AVERAGE SKY COVER 0.9


WEATHER CONDITIONS
 THE FOLLOWING WEATHER WAS RECORDED YESTERDAY.
  LIGHT RAIN
  FOG


RELATIVE HUMIDITY (PERCENT)
 HIGHEST   100
 LOWEST     59
 AVERAGE    80

..........................................................


THE FAIRBANKS AK CLIMATE NORMALS FOR TODAY
                         NORMAL    RECORD    YEAR
 MAXIMUM TEMPERATURE (F)   51        73      1995
 MINIMUM TEMPERATURE (F)   33        12      1992
                                             1947


SUNRISE AND SUNSET
SEPTEMBER 22 2017.....SUNRISE   735 AM AKDT  SUNSET   751 PM AKDT
SEPTEMBER 23 2017.....SUNRISE   738 AM AKDT  SUNSET   747 PM AKDT


-  INDICATES NEGATIVE NUMBERS.
R  INDICATES RECORD WAS SET OR TIED.
MM INDICATES DATA IS MISSING.
T  INDICATES TRACE AMOUNT.

&&

SNOW DEPTH IS MEASURED AT 3AM AKST/4AM AKDT

----------------------------
AVAILABLE DAYLIGHT

AMOUNT OF DAYLIGHT TODAY  (HOUR:MIN)........12:15
LOSS SINCE YESTERDAY........................7 MINUTES
----------------------------

$$
CCC SEP 17
