000
CDAK49 PAFG 290036
CLIFAI

CLIMATE REPORT
NATIONAL WEATHER SERVICE FAIRBANKS AK
336 PM AKST FRI NOV 28 2014

...................................

...THE FAIRBANKS AK CLIMATE SUMMARY FOR NOVEMBER 28 2014...
VALID TODAY AS OF 0300 PM LOCAL TIME.

CLIMATE NORMAL PERIOD 1981 TO 2010
CLIMATE RECORD PERIOD 1904 TO 2014


WEATHER ITEM   OBSERVED TIME   RECORD YEAR NORMAL DEPARTURE LAST
                VALUE   (LST)  VALUE       VALUE  FROM      YEAR
                                                  NORMAL
..................................................................
TEMPERATURE (F)
 TODAY
  MAXIMUM          0    259 PM  42    1976   7     -7        5
  MINIMUM        -18    411 AM -50    1909 -11     -7      -18
  AVERAGE         -9                        -2     -7       -6

PRECIPITATION (IN)
  TODAY            0.00          0.26 1970   0.02  -0.02     0.02
  MONTH TO DATE    0.12                      0.63  -0.51     1.72
  SINCE SEP 1      3.45                      2.56   0.89     4.05
  SINCE JAN 1     16.17                     10.13   6.04     9.85

SNOWFALL (IN)
  TODAY            0.0           6.1  1996   0.4   -0.4      0.4
  MONTH TO DATE    2.8                      12.4   -9.6     17.3
  SINCE SEP 1      8.8                      25.0  -16.2     18.7
  SINCE JUL 1      8.8                      25.0  -16.2     18.7
  SNOW DEPTH       5

DEGREE DAYS
 HEATING
  TODAY           74                        67      7       71
  MONTH TO DATE 1518                      1738   -220     1603
  SINCE SEP 1   3295                      3608   -313     3119
  SINCE JUL 1   3616                      3997   -381     3378

 COOLING
  TODAY            0                         0      0        0
  MONTH TO DATE    0                         0      0        0
  SINCE SEP 1      0                         0      0        0
  SINCE JAN 1     27                        61    -34      226
..................................................................


WIND (MPH)
  HIGHEST GUST SPEED     6   HIGHEST GUST DIRECTION    SW (210)


SKY COVER
  AVERAGE SKY COVER 0.4


WEATHER CONDITIONS
 THE FOLLOWING WEATHER WAS RECORDED TODAY.
  NO SIGNIFICANT WEATHER WAS OBSERVED.


RELATIVE HUMIDITY (PERCENT)
 HIGHEST    75
 LOWEST     62
 AVERAGE    69

..........................................................


THE FAIRBANKS AK CLIMATE NORMALS FOR TOMORROW
                         NORMAL    RECORD    YEAR
 MAXIMUM TEMPERATURE (F)    7        41      2002
 MINIMUM TEMPERATURE (F)  -11       -54      1909


SUNRISE AND SUNSET
NOVEMBER 28 2014..........SUNRISE  1011 AM AKST   SUNSET  308 PM AKST
NOVEMBER 29 2014..........SUNRISE  1014 AM AKST   SUNSET  306 PM AKST


-  INDICATES NEGATIVE NUMBERS.
R  INDICATES RECORD WAS SET OR TIED.
MM INDICATES DATA IS MISSING.
T  INDICATES TRACE AMOUNT.

&&

SNOW DEPTH IS MEASURED AT 3AM AKST/4AM AKDT

----------------------------
AVAILABLE DAYLIGHT

AMOUNT OF DAYLIGHT TODAY  (HOUR:MIN)........4:57
LOSS SINCE YESTERDAY........................6 MINUTES
----------------------------

$$
APW NOV 14
