000
CDAK49 PAFG 290936
CLIFAI

CLIMATE REPORT
NATIONAL WEATHER SERVICE FAIRBANKS AK
136 AM AKDT SAT AUG 29 2015

...................................

...THE FAIRBANKS AK CLIMATE SUMMARY FOR AUGUST 28 2015...

CLIMATE NORMAL PERIOD 1981 TO 2010
CLIMATE RECORD PERIOD 1904 TO 2015


WEATHER ITEM   OBSERVED TIME   RECORD YEAR NORMAL DEPARTURE LAST
                VALUE   (LST)  VALUE       VALUE  FROM      YEAR
                                                  NORMAL
..................................................................
TEMPERATURE (F)
 YESTERDAY
  MAXIMUM         47    606 PM  82    1949  63    -16       61
  MINIMUM         38    552 AM  26    1913  43     -5       44
  AVERAGE         43                        53    -10       53

PRECIPITATION (IN)
  YESTERDAY        T             1.36 1930   0.05  -0.05     0.02
  MONTH TO DATE    2.44                      1.72   0.72     2.22
  SINCE JUN 1      6.25                      5.25   1.00    11.56
  SINCE JAN 1      7.82                      7.41   0.41    12.65

SNOWFALL (IN)
  YESTERDAY       MM             T    1913   0.0   MM        0.0
  MONTH TO DATE    0.0                       0.0    0.0      0.0
  SINCE JUN 1      0.0                       0.0    0.0      0.0
  SINCE JUL 1      0.0                       0.0    0.0      0.0
  SNOW DEPTH       0

DEGREE DAYS
 HEATING
  YESTERDAY       22                        12     10       12
  MONTH TO DATE  253                       240     13      125
  SINCE JUN 1    538                       508     30      454
  SINCE JUL 1    357                       348      9      262

 COOLING
  YESTERDAY        0                         0      0        0
  MONTH TO DATE    5                         0      5        7
  SINCE JUN 1     60                        54      6       27
  SINCE JAN 1     62                        55      7       27
..................................................................


WIND (MPH)
  HIGHEST GUST SPEED    25   HIGHEST GUST DIRECTION     W (250)


SKY COVER
  AVERAGE SKY COVER 0.8


WEATHER CONDITIONS
 THE FOLLOWING WEATHER WAS RECORDED YESTERDAY.
  LIGHT RAIN


RELATIVE HUMIDITY (PERCENT)
 HIGHEST    92
 LOWEST     58
 AVERAGE    75

..........................................................


THE FAIRBANKS AK CLIMATE NORMALS FOR TODAY
                         NORMAL    RECORD    YEAR
 MAXIMUM TEMPERATURE (F)   63        84      1949
 MINIMUM TEMPERATURE (F)   42        24      1922


SUNRISE AND SUNSET
AUGUST 29 2015..........SUNRISE  623 AM AKDT   SUNSET  921 PM AKDT
AUGUST 30 2015..........SUNRISE  626 AM AKDT   SUNSET  917 PM AKDT


-  INDICATES NEGATIVE NUMBERS.
R  INDICATES RECORD WAS SET OR TIED.
MM INDICATES DATA IS MISSING.
T  INDICATES TRACE AMOUNT.

&&

SNOW DEPTH IS MEASURED AT 3AM AKST/4AM AKDT

----------------------------
AVAILABLE DAYLIGHT

AMOUNT OF DAYLIGHT TODAY  (HOUR:MIN)........14:58
LOSS SINCE YESTERDAY........................7 MINUTES
----------------------------

$$
EWP AUG 15
