000
CDAK49 PAFG 061012
CLIFAI

CLIMATE REPORT
NATIONAL WEATHER SERVICE FAIRBANKS AK
112 AM AKST FRI MAR 6 2015

...................................

...THE FAIRBANKS AK CLIMATE SUMMARY FOR MARCH 5 2015...

CLIMATE NORMAL PERIOD 1981 TO 2010
CLIMATE RECORD PERIOD 1904 TO 2015


WEATHER ITEM   OBSERVED TIME   RECORD YEAR NORMAL DEPARTURE LAST
                VALUE   (LST)  VALUE       VALUE  FROM      YEAR
                                                  NORMAL
..................................................................
TEMPERATURE (F)
 YESTERDAY
  MAXIMUM         32   1034 PM  44    1984  20     12       16
  MINIMUM         25    501 AM -45    1956  -8     33        7
  AVERAGE         29                         6     23       12

PRECIPITATION (IN)
  YESTERDAY        0.10          0.69 2009   0.01   0.09     0.18
  MONTH TO DATE    0.15                      0.05   0.10     0.20
  SINCE MAR 1      0.15                      0.05   0.10     0.20
  SINCE JAN 1      0.78                      1.05  -0.27     0.82

SNOWFALL (IN)
  YESTERDAY        1.9           9.0  2009   0.1    1.8      2.4
  MONTH TO DATE    2.4                       0.9    1.5      2.6
  SINCE MAR 1      2.4                       0.9    1.5      2.6
  SINCE JUL 1     36.0                      57.2  -21.2     45.5
  SNOW DEPTH      17

DEGREE DAYS
 HEATING
  YESTERDAY       36                        59    -23       53
  MONTH TO DATE  225                       300    -75      276
  SINCE MAR 1    225                       300    -75      276
  SINCE JUL 1   9692                     10690   -998     9668

 COOLING
  YESTERDAY        0                         0      0        0
  MONTH TO DATE    0                         0      0        0
  SINCE MAR 1      0                         0      0        0
  SINCE JAN 1      0                         0      0        0
..................................................................


WIND (MPH)
  HIGHEST GUST SPEED    16   HIGHEST GUST DIRECTION     W (280)


SKY COVER
  AVERAGE SKY COVER 1.0


WEATHER CONDITIONS
 THE FOLLOWING WEATHER WAS RECORDED YESTERDAY.
  LIGHT SNOW
  FOG


RELATIVE HUMIDITY (PERCENT)
 HIGHEST    92
 LOWEST     78
 AVERAGE    85

..........................................................


THE FAIRBANKS AK CLIMATE NORMALS FOR TODAY
                         NORMAL    RECORD    YEAR
 MAXIMUM TEMPERATURE (F)   20        44      1955
 MINIMUM TEMPERATURE (F)   -8       -40      1956


SUNRISE AND SUNSET
MARCH 06 2015..........SUNRISE  743 AM AKST   SUNSET  625 PM AKST
MARCH 07 2015..........SUNRISE  740 AM AKST   SUNSET  628 PM AKST


-  INDICATES NEGATIVE NUMBERS.
R  INDICATES RECORD WAS SET OR TIED.
MM INDICATES DATA IS MISSING.
T  INDICATES TRACE AMOUNT.

&&

SNOW DEPTH IS MEASURED AT 3AM AKST/4AM AKDT

----------------------------
AVAILABLE DAYLIGHT

AMOUNT OF DAYLIGHT TODAY  (HOUR:MIN)........10:42
GAIN SINCE YESTERDAY........................7 MINUTES
----------------------------

$$
CCC MAR 15
