000
CDUS43 KFGF 220654
CLIFAR


CLIMATE REPORT
NATIONAL WEATHER SERVICE EASTERN NORTH DAKOTA/GRAND FORKS
1253 AM CST WED NOV 22 2017


...................................

...THE FARGO HECTOR INTL AP ND CLIMATE SUMMARY FOR NOVEMBER 21 2017...

CLIMATE NORMAL PERIOD 1981 TO 2010
CLIMATE RECORD PERIOD 1881 TO 2017


WEATHER ITEM   OBSERVED TIME   RECORD YEAR NORMAL DEPARTURE LAST
                VALUE   (LST)  VALUE       VALUE  FROM      YEAR
                                                  NORMAL
..................................................................
TEMPERATURE (F)
 YESTERDAY
  MAXIMUM         27   1240 AM  59    2012  34     -7       37
  MINIMUM         11   1159 PM -14    1896  17     -6       23
  AVERAGE         19                        25     -6       30

PRECIPITATION (IN)
  YESTERDAY        T             1.05 1893   0.03  -0.03      T
  MONTH TO DATE    0.35                      0.75  -0.40     0.24
  SINCE SEP 1      3.95                      5.47  -1.52     5.23
  SINCE JAN 1     14.45                     21.53  -7.08    20.70

SNOWFALL (IN)
  YESTERDAY        T            10.5  1893   0.3   -0.3      0.0
  MONTH TO DATE    3.3                       4.7   -1.4      2.8
  SINCE SEP 1      3.7                       5.4   -1.7      2.8
  SINCE JUL 1      3.7                       5.4   -1.7      2.8
  SNOW DEPTH       0

DEGREE DAYS
 HEATING
  YESTERDAY       46                        40      6       35
  MONTH TO DATE  813                       703    110      434
  SINCE SEP 1   1502                      1529    -27     1031
  SINCE JUL 1   1518                      1579    -61     1048

 COOLING
  YESTERDAY        0                         0      0        0
  MONTH TO DATE    0                         0      0        0
  SINCE SEP 1     71                        46     25       58
  SINCE JAN 1    518                       551    -33      661
..................................................................


WIND (MPH)
  HIGHEST WIND SPEED    35   HIGHEST WIND DIRECTION    NW (320)
  HIGHEST GUST SPEED    47   HIGHEST GUST DIRECTION    NW (320)
  AVERAGE WIND SPEED    18.8


SKY COVER
  POSSIBLE SUNSHINE  MM
  AVERAGE SKY COVER 0.5


WEATHER CONDITIONS
 THE FOLLOWING WEATHER WAS RECORDED YESTERDAY.
  LIGHT SNOW


RELATIVE HUMIDITY (PERCENT)
 HIGHEST    80           800 PM
 LOWEST     55           200 PM
 AVERAGE    68

..........................................................


THE FARGO HECTOR INTL AP ND CLIMATE NORMALS FOR TODAY
                         NORMAL    RECORD    YEAR
 MAXIMUM TEMPERATURE (F)   33        63      2006
 MINIMUM TEMPERATURE (F)   17       -20      1896


SUNRISE AND SUNSET
NOVEMBER 22 2017......SUNRISE   741 AM CST   SUNSET   446 PM CST
NOVEMBER 23 2017......SUNRISE   742 AM CST   SUNSET   445 PM CST


-  INDICATES NEGATIVE NUMBERS.
R  INDICATES RECORD WAS SET OR TIED.
MM INDICATES DATA IS MISSING.
T  INDICATES TRACE AMOUNT.




$$
