000
CDUS43 KFGF 210634
CLIFAR


CLIMATE REPORT
NATIONAL WEATHER SERVICE EASTERN NORTH DAKOTA/GRAND FORKS
133 AM CDT MON APR 21 2014


...................................

...THE FARGO HECTOR INTL AP ND CLIMATE SUMMARY FOR APRIL 20 2014...

CLIMATE NORMAL PERIOD 1981 TO 2010
CLIMATE RECORD PERIOD 1881 TO 2014


WEATHER ITEM   OBSERVED TIME   RECORD YEAR NORMAL DEPARTURE LAST
                VALUE   (LST)  VALUE       VALUE  FROM      YEAR
                                                  NORMAL
..................................................................
TEMPERATURE (F)
 YESTERDAY
  MAXIMUM         76    406 PM  94    1980  59     17       36
  MINIMUM         30    550 AM  11    1966  35     -5       19
  AVERAGE         53                        47      6       28

PRECIPITATION (IN)
  YESTERDAY        0.00          1.17 2007   0.05  -0.05     0.00
  MONTH TO DATE    0.48                      0.81  -0.33     2.01
  SINCE MAR 1      1.20                      2.11  -0.91     3.45
  SINCE JAN 1      2.08                      3.42  -1.34     5.64

SNOWFALL (IN)
  YESTERDAY        0.0           2.5  1920   0.1   -0.1      0.0
  MONTH TO DATE    2.0                       2.3   -0.3     16.4
  SINCE MAR 1      7.3                      11.4   -4.1     31.0
  SINCE JUL 1     34.9                      49.4  -14.5     68.1
  SNOW DEPTH       0

DEGREE DAYS
 HEATING
  YESTERDAY       12                        18     -6       37
  MONTH TO DATE  522                       468     54      710
  SINCE MAR 1   1838                      1620    218     2180
  SINCE JUL 1   9115                      8298    817     8771

 COOLING
  YESTERDAY        0                         0      0        0
  MONTH TO DATE    0                         0      0        0
  SINCE MAR 1      0                         0      0        0
  SINCE JAN 1      0                         0      0        0
..................................................................


WIND (MPH)
  HIGHEST WIND SPEED    25   HIGHEST WIND DIRECTION     W (270)
  HIGHEST GUST SPEED    32   HIGHEST GUST DIRECTION     W (280)
  AVERAGE WIND SPEED     7.6


SKY COVER
  POSSIBLE SUNSHINE  MM
  AVERAGE SKY COVER 0.0


WEATHER CONDITIONS
 THE FOLLOWING WEATHER WAS RECORDED YESTERDAY.
  FOG


RELATIVE HUMIDITY (PERCENT)
 HIGHEST    92           500 AM
 LOWEST     18           400 PM
 AVERAGE    55

..........................................................


THE FARGO HECTOR INTL AP ND CLIMATE NORMALS FOR TODAY
                         NORMAL    RECORD    YEAR
 MAXIMUM TEMPERATURE (F)   60       100      1980
 MINIMUM TEMPERATURE (F)   35        20      1988
                                             1936


SUNRISE AND SUNSET
APRIL 21 2014.........SUNRISE   629 AM CDT   SUNSET   824 PM CDT
APRIL 22 2014.........SUNRISE   627 AM CDT   SUNSET   825 PM CDT


-  INDICATES NEGATIVE NUMBERS.
R  INDICATES RECORD WAS SET OR TIED.
MM INDICATES DATA IS MISSING.
T  INDICATES TRACE AMOUNT.




$$
