000
CDUS43 KFGF 290639
CLIFAR


CLIMATE REPORT
NATIONAL WEATHER SERVICE EASTERN NORTH DAKOTA/GRAND FORKS
1239 AM CST THU JAN 29 2015


...................................

...THE FARGO HECTOR INTL AP ND CLIMATE SUMMARY FOR JANUARY 28 2015...

CLIMATE NORMAL PERIOD 1981 TO 2010
CLIMATE RECORD PERIOD 1881 TO 2015


WEATHER ITEM   OBSERVED TIME   RECORD YEAR NORMAL DEPARTURE LAST
                VALUE   (LST)  VALUE       VALUE  FROM      YEAR
                                                  NORMAL
..................................................................
TEMPERATURE (F)
 YESTERDAY
  MAXIMUM         36    458 PM  41    1927  19     17        2
  MINIMUM         29   1159 PM -33    1966   0     29      -19
  AVERAGE         33                        10     23       -8

PRECIPITATION (IN)
  YESTERDAY        T             1.17 2014   0.02  -0.02     0.00
  MONTH TO DATE    0.40                      0.64  -0.24     0.77
  SINCE DEC 1      0.65                      1.47  -0.82     1.98
  SINCE JAN 1      0.40                      0.64  -0.24     0.77

SNOWFALL (IN)
  YESTERDAY        0.0           6.0  1996   0.3   -0.3      0.0
  MONTH TO DATE    3.0                      10.3   -7.3      9.7
  SINCE DEC 1      3.9                      21.5  -17.6     25.8
  SINCE JUL 1      7.5                      30.1  -22.6     26.1
  SNOW DEPTH       T

DEGREE DAYS
 HEATING
  YESTERDAY       32                        55    -23       73
  MONTH TO DATE 1366                      1562   -196     1686
  SINCE DEC 1   2718                      3140   -422     3568
  SINCE JUL 1   4675                      5102   -427     5409

 COOLING
  YESTERDAY        0                         0      0        0
  MONTH TO DATE    0                         0      0        0
  SINCE DEC 1      0                         0      0        0
  SINCE JAN 1      0                         0      0        0
..................................................................


WIND (MPH)
  HIGHEST WIND SPEED    30   HIGHEST WIND DIRECTION     N (340)
  HIGHEST GUST SPEED    37   HIGHEST GUST DIRECTION     N (340)
  AVERAGE WIND SPEED    17.2


SKY COVER
  POSSIBLE SUNSHINE  MM
  AVERAGE SKY COVER 1.0


WEATHER CONDITIONS
 THE FOLLOWING WEATHER WAS RECORDED YESTERDAY.
  FOG
  HAZE


RELATIVE HUMIDITY (PERCENT)
 HIGHEST    96           600 PM
 LOWEST     82          1200 AM
 AVERAGE    89

..........................................................


THE FARGO HECTOR INTL AP ND CLIMATE NORMALS FOR TODAY
                         NORMAL    RECORD    YEAR
 MAXIMUM TEMPERATURE (F)   20        52      1931
 MINIMUM TEMPERATURE (F)    0       -36      1951


SUNRISE AND SUNSET
JANUARY 29 2015.......SUNRISE   756 AM CST   SUNSET   525 PM CST
JANUARY 30 2015.......SUNRISE   755 AM CST   SUNSET   527 PM CST


-  INDICATES NEGATIVE NUMBERS.
R  INDICATES RECORD WAS SET OR TIED.
MM INDICATES DATA IS MISSING.
T  INDICATES TRACE AMOUNT.




$$
