000
CDUS43 KFGF 251325
CLIFAR


CLIMATE REPORT
NATIONAL WEATHER SERVICE EASTERN NORTH DAKOTA/GRAND FORKS
825 AM CDT SUN SEP 25 2016


...................................

...THE FARGO HECTOR INTL AP ND CLIMATE SUMMARY FOR SEPTEMBER 24 2016...

CLIMATE NORMAL PERIOD 1981 TO 2010
CLIMATE RECORD PERIOD 1881 TO 2016


WEATHER ITEM   OBSERVED TIME   RECORD YEAR NORMAL DEPARTURE LAST
                VALUE   (LST)  VALUE       VALUE  FROM      YEAR
                                                  NORMAL
..................................................................
TEMPERATURE (F)
 YESTERDAY
  MAXIMUM         80    246 PM  87    1990  67     13       74
                                      1908
  MINIMUM         65    155 AM  25    1951  44     21       59
  AVERAGE         73                        55     18       67

PRECIPITATION (IN)
  YESTERDAY        0.17          2.07 1973   0.07   0.10     0.00
  MONTH TO DATE    2.60                      2.11   0.49     1.23
  SINCE SEP 1      2.60                      2.11   0.49     1.23
  SINCE JAN 1     18.07                     18.17  -0.10    18.15

SNOWFALL (IN)
  YESTERDAY        0.0           T    1942   0.0    0.0      0.0
                                      1926
                                      1893
  MONTH TO DATE    0.0                       0.0    0.0      0.0
  SINCE SEP 1      0.0                       0.0    0.0      0.0
  SINCE JUL 1      0.0                       0.0    0.0      0.0
  SNOW DEPTH       0

DEGREE DAYS
 HEATING
  YESTERDAY        0                        10    -10        0
  MONTH TO DATE   58                       150    -92       72
  SINCE SEP 1     58                       150    -92       72
  SINCE JUL 1     75                       200   -125      116

 COOLING
  YESTERDAY        8                         1      7        2
  MONTH TO DATE   50                        42      8      107
  SINCE SEP 1     50                        42      8      107
  SINCE JAN 1    653                       547    106      649
..................................................................


WIND (MPH)
  HIGHEST WIND SPEED    25   HIGHEST WIND DIRECTION     S (160)
  HIGHEST GUST SPEED    37   HIGHEST GUST DIRECTION    SE (140)
  AVERAGE WIND SPEED    17.9


SKY COVER
  POSSIBLE SUNSHINE  MM
  AVERAGE SKY COVER 0.8


WEATHER CONDITIONS
 THE FOLLOWING WEATHER WAS RECORDED YESTERDAY.
  HEAVY RAIN
  RAIN
  LIGHT RAIN
  FOG


RELATIVE HUMIDITY (PERCENT)
 HIGHEST    90           700 PM
 LOWEST     62           100 PM
 AVERAGE    76

..........................................................


THE FARGO HECTOR INTL AP ND CLIMATE NORMALS FOR TODAY
                         NORMAL    RECORD    YEAR
 MAXIMUM TEMPERATURE (F)   66        92      1885
 MINIMUM TEMPERATURE (F)   43        22      1965


SUNRISE AND SUNSET
SEPTEMBER 25 2016.....SUNRISE   719 AM CDT   SUNSET   718 PM CDT
SEPTEMBER 26 2016.....SUNRISE   720 AM CDT   SUNSET   716 PM CDT


-  INDICATES NEGATIVE NUMBERS.
R  INDICATES RECORD WAS SET OR TIED.
MM INDICATES DATA IS MISSING.
T  INDICATES TRACE AMOUNT.




$$
