000
CDUS43 KFGF 260648
CLIFAR


CLIMATE REPORT
NATIONAL WEATHER SERVICE EASTERN NORTH DAKOTA/GRAND FORKS
1246 AM CST SUN FEB 26 2017


...................................

...THE FARGO HECTOR INTL AP ND CLIMATE SUMMARY FOR FEBRUARY 25 2017...

CLIMATE NORMAL PERIOD 1981 TO 2010
CLIMATE RECORD PERIOD 1881 TO 2017


WEATHER ITEM   OBSERVED TIME   RECORD YEAR NORMAL DEPARTURE LAST
                VALUE   (LST)  VALUE       VALUE  FROM      YEAR
                                                  NORMAL
..................................................................
TEMPERATURE (F)
 YESTERDAY
  MAXIMUM         32    357 PM  66    1958  27      5       30
  MINIMUM         14    359 AM -30    1950  10      4       23
  AVERAGE         23                        19      4       27

PRECIPITATION (IN)
  YESTERDAY        0.03          0.57 1998   0.03   0.00      T
  MONTH TO DATE    0.71                      0.52   0.19     0.30
  SINCE DEC 1      2.96                      2.05   0.91     1.63
  SINCE JAN 1      1.69                      1.22   0.47     0.99

SNOWFALL (IN)
  YESTERDAY        0.2           2.8  2007   0.3   -0.1       T
  MONTH TO DATE    1.6                       6.1   -4.5      5.3
  SINCE DEC 1     23.0                      28.5   -5.5     21.4
  SINCE JUL 1     26.7                      37.1  -10.4     24.3
  SNOW DEPTH       T

DEGREE DAYS
 HEATING
  YESTERDAY       42                        46     -4       38
  MONTH TO DATE 1007                      1274   -267     1065
  SINCE DEC 1   4065                      4580   -515     3952
  SINCE JUL 1   5370                      6542  -1172     5393

 COOLING
  YESTERDAY        0                         0      0        0
  MONTH TO DATE    0                         0      0        0
  SINCE DEC 1      0                         0      0        0
  SINCE JAN 1      0                         0      0        0
..................................................................


WIND (MPH)
  HIGHEST WIND SPEED    17   HIGHEST WIND DIRECTION     W (250)
  HIGHEST GUST SPEED    20   HIGHEST GUST DIRECTION    SW (240)
  AVERAGE WIND SPEED     7.7


SKY COVER
  POSSIBLE SUNSHINE  MM
  AVERAGE SKY COVER 0.7


WEATHER CONDITIONS
 THE FOLLOWING WEATHER WAS RECORDED YESTERDAY.
  NO SIGNIFICANT WEATHER WAS OBSERVED.


RELATIVE HUMIDITY (PERCENT)
 HIGHEST    92           600 AM
 LOWEST     66           400 PM
 AVERAGE    79

..........................................................


THE FARGO HECTOR INTL AP ND CLIMATE NORMALS FOR TODAY
                         NORMAL    RECORD    YEAR
 MAXIMUM TEMPERATURE (F)   27        59      1896
 MINIMUM TEMPERATURE (F)   11       -30      1897


SUNRISE AND SUNSET
FEBRUARY 26 2017......SUNRISE   712 AM CST   SUNSET   609 PM CST
FEBRUARY 27 2017......SUNRISE   710 AM CST   SUNSET   610 PM CST


-  INDICATES NEGATIVE NUMBERS.
R  INDICATES RECORD WAS SET OR TIED.
MM INDICATES DATA IS MISSING.
T  INDICATES TRACE AMOUNT.




$$
