000
CDUS43 KFGF 012159
CLIFAR


CLIMATE REPORT
NATIONAL WEATHER SERVICE EASTERN NORTH DAKOTA/GRAND FORKS
452 PM CDT WED JUL 1 2015


...................................

...THE FARGO HECTOR INTL AP ND CLIMATE SUMMARY FOR JULY 1 2015...
VALID TODAY AS OF 0400 PM LOCAL TIME.

CLIMATE NORMAL PERIOD 1981 TO 2010
CLIMATE RECORD PERIOD 1881 TO 2015


WEATHER ITEM   OBSERVED TIME   RECORD YEAR NORMAL DEPARTURE LAST
                VALUE   (LST)  VALUE       VALUE  FROM      YEAR
                                                  NORMAL
..................................................................
TEMPERATURE (F)
 TODAY
  MAXIMUM         76    259 PM  99    1911  81     -5       65
  MINIMUM         62    539 AM  39    2001  59      3       54
  AVERAGE         69                        70     -1       60

PRECIPITATION (IN)
  TODAY            0.00          3.93 1952   0.12  -0.12     0.20
  MONTH TO DATE    0.00                      0.12  -0.12     0.20
  SINCE JUN 1      2.75                      4.02  -1.27     5.89
  SINCE JAN 1     12.85                     10.83   2.02    12.91

SNOWFALL (IN)
  TODAY            0.0           0.0    MM   0.0    0.0      0.0
  MONTH TO DATE    0.0                       0.0    0.0      0.0
  SINCE JUN 1      0.0                       0.0    0.0      0.0
  SINCE JUL 1      0.0                       0.0    0.0      0.0
  SNOW DEPTH       0

DEGREE DAYS
 HEATING
  TODAY            0                         1     -1        5
  MONTH TO DATE    0                         1     -1        5
  SINCE JUN 1     23                        74    -51       35
  SINCE JUL 1      0                         1     -1        5

 COOLING
  TODAY            4                         6     -2        0
  MONTH TO DATE    4                         6     -2        0
  SINCE JUN 1    100                       113    -13      102
  SINCE JAN 1    115                       144    -29      181
..................................................................


WIND (MPH)
  HIGHEST WIND SPEED    14   HIGHEST WIND DIRECTION     S (180)
  HIGHEST GUST SPEED    24   HIGHEST GUST DIRECTION     S (190)
  AVERAGE WIND SPEED     5.5


SKY COVER
  POSSIBLE SUNSHINE  MM
  AVERAGE SKY COVER 0.3


WEATHER CONDITIONS
 THE FOLLOWING WEATHER WAS RECORDED TODAY.
  FOG


RELATIVE HUMIDITY (PERCENT)
 HIGHEST    93           600 AM
 LOWEST     60           100 PM
 AVERAGE    77

..........................................................


THE FARGO HECTOR INTL AP ND CLIMATE NORMALS FOR TOMORROW
                         NORMAL    RECORD    YEAR
 MAXIMUM TEMPERATURE (F)   81        98      1949
 MINIMUM TEMPERATURE (F)   59        40      1945


SUNRISE AND SUNSET
JULY  1 2015..........SUNRISE   536 AM CDT   SUNSET   925 PM CDT
JULY  2 2015..........SUNRISE   537 AM CDT   SUNSET   925 PM CDT


-  INDICATES NEGATIVE NUMBERS.
R  INDICATES RECORD WAS SET OR TIED.
MM INDICATES DATA IS MISSING.
T  INDICATES TRACE AMOUNT.




$$
