857
CDUS43 KFGF 250637
CLIFAR


CLIMATE REPORT
NATIONAL WEATHER SERVICE EASTERN NORTH DAKOTA/GRAND FORKS
136 AM CDT MON JUL 25 2016


...................................

...THE FARGO HECTOR INTL AP ND CLIMATE SUMMARY FOR JULY 24 2016...

CLIMATE NORMAL PERIOD 1981 TO 2010
CLIMATE RECORD PERIOD 1881 TO 2016


WEATHER ITEM   OBSERVED TIME   RECORD YEAR NORMAL DEPARTURE LAST
                VALUE   (LST)  VALUE       VALUE  FROM      YEAR
                                                  NORMAL
..................................................................
TEMPERATURE (F)
 YESTERDAY
  MAXIMUM         83    336 PM  99    1940  83      0       85
  MINIMUM         62   1149 PM  44    1891  60      2       64
  AVERAGE         73                        72      1       75

PRECIPITATION (IN)
  YESTERDAY        0.00          2.35 2012   0.07  -0.07      T
  MONTH TO DATE    4.62                      2.28   2.34     2.12
  SINCE JUN 1      7.07                      6.18   0.89     4.87
  SINCE JAN 1     12.55                     12.99  -0.44    14.97

SNOWFALL (IN)
  YESTERDAY        0.0           0.0    MM   0.0    0.0      0.0
  MONTH TO DATE    0.0                       0.0    0.0      0.0
  SINCE JUN 1      0.0                       0.0    0.0      0.0
  SINCE JUL 1      0.0                       0.0    0.0      0.0
  SNOW DEPTH       0

DEGREE DAYS
 HEATING
  YESTERDAY        0                         0      0        0
  MONTH TO DATE    8                        12     -4       12
  SINCE JUN 1     35                        85    -50       35
  SINCE JUL 1      8                        12     -4       12

 COOLING
  YESTERDAY        8                         7      1       10
  MONTH TO DATE  170                       158     12      189
  SINCE JUN 1    317                       265     52      285
  SINCE JAN 1    365                       296     69      300
..................................................................


WIND (MPH)
  HIGHEST WIND SPEED    24   HIGHEST WIND DIRECTION     W (290)
  HIGHEST GUST SPEED    30   HIGHEST GUST DIRECTION    NW (300)
  AVERAGE WIND SPEED    11.8


SKY COVER
  POSSIBLE SUNSHINE  MM
  AVERAGE SKY COVER 0.0


WEATHER CONDITIONS
 THE FOLLOWING WEATHER WAS RECORDED YESTERDAY.
  NO SIGNIFICANT WEATHER WAS OBSERVED.


RELATIVE HUMIDITY (PERCENT)
 HIGHEST    97          1200 AM
 LOWEST     42           500 PM
 AVERAGE    70

..........................................................


THE FARGO HECTOR INTL AP ND CLIMATE NORMALS FOR TODAY
                         NORMAL    RECORD    YEAR
 MAXIMUM TEMPERATURE (F)   83       105      1931
 MINIMUM TEMPERATURE (F)   60        46      1900


SUNRISE AND SUNSET
JULY 25 2016..........SUNRISE   559 AM CDT   SUNSET   908 PM CDT
JULY 26 2016..........SUNRISE   600 AM CDT   SUNSET   906 PM CDT


-  INDICATES NEGATIVE NUMBERS.
R  INDICATES RECORD WAS SET OR TIED.
MM INDICATES DATA IS MISSING.
T  INDICATES TRACE AMOUNT.




$$
