000
CDUS43 KFGF 032153
CLIFAR


CLIMATE REPORT
NATIONAL WEATHER SERVICE EASTERN NORTH DAKOTA/GRAND FORKS
451 PM CDT TUE MAY 3 2016


...................................

...THE FARGO HECTOR INTL AP ND CLIMATE SUMMARY FOR MAY 3 2016...
VALID TODAY AS OF 0400 PM LOCAL TIME.

CLIMATE NORMAL PERIOD 1981 TO 2010
CLIMATE RECORD PERIOD 1881 TO 2016


WEATHER ITEM   OBSERVED TIME   RECORD YEAR NORMAL DEPARTURE LAST
                VALUE   (LST)  VALUE       VALUE  FROM      YEAR
                                                  NORMAL
..................................................................
TEMPERATURE (F)
 TODAY
  MAXIMUM         72    221 PM  92    1952  65      7       72
  MINIMUM         45    225 AM  18    1926  40      5       45
  AVERAGE         59                        53      6       59

PRECIPITATION (IN)
  TODAY            0.00          1.24 1905   0.07  -0.07     0.00
  MONTH TO DATE    0.00                      0.22  -0.22     0.07
  SINCE MAR 1      3.07                      2.91   0.16     1.35
  SINCE JAN 1      4.06                      4.22  -0.16     2.32

SNOWFALL (IN)
  TODAY            0.0           T    1991   0.0    0.0      0.0
                                      1979
                                      1967
  MONTH TO DATE    0.0                       0.0    0.0      0.0
  SINCE MAR 1      3.1                      12.4   -9.3      0.4
  SINCE JUL 1     27.4                      50.4  -23.0     16.0
  SNOW DEPTH       0

DEGREE DAYS
 HEATING
  TODAY            6                        13     -7        6
  MONTH TO DATE   30                        39     -9        8
  SINCE MAR 1   1476                      1817   -341     1505
  SINCE JUL 1   6999                      8495  -1496     7921

 COOLING
  TODAY            0                         0      0        0
  MONTH TO DATE    0                         0      0        4
  SINCE MAR 1      0                         3     -3        4
  SINCE JAN 1      0                         3     -3        4
..................................................................


WIND (MPH)
  HIGHEST WIND SPEED    36   HIGHEST WIND DIRECTION     N (360)
  HIGHEST GUST SPEED    43   HIGHEST GUST DIRECTION     N (360)
  AVERAGE WIND SPEED    15.8


SKY COVER
  POSSIBLE SUNSHINE  MM
  AVERAGE SKY COVER 0.0


WEATHER CONDITIONS
 THE FOLLOWING WEATHER WAS RECORDED TODAY.
  NO SIGNIFICANT WEATHER WAS OBSERVED.


RELATIVE HUMIDITY (PERCENT)
 HIGHEST    71           500 AM
 LOWEST     19           200 PM
 AVERAGE    45

..........................................................


THE FARGO HECTOR INTL AP ND CLIMATE NORMALS FOR TOMORROW
                         NORMAL    RECORD    YEAR
 MAXIMUM TEMPERATURE (F)   66        93      1926
 MINIMUM TEMPERATURE (F)   40        22      1967
                                             1891


SUNRISE AND SUNSET
MAY  3 2016...........SUNRISE   608 AM CDT   SUNSET   841 PM CDT
MAY  4 2016...........SUNRISE   606 AM CDT   SUNSET   842 PM CDT


-  INDICATES NEGATIVE NUMBERS.
R  INDICATES RECORD WAS SET OR TIED.
MM INDICATES DATA IS MISSING.
T  INDICATES TRACE AMOUNT.




$$
