000
CDUS43 KFGF 240726
CLIFAR


CLIMATE REPORT
NATIONAL WEATHER SERVICE EASTERN NORTH DAKOTA/GRAND FORKS
226 AM CDT MON JUL 24 2017


...................................

...THE FARGO HECTOR INTL AP ND CLIMATE SUMMARY FOR JULY 23 2017...

CLIMATE NORMAL PERIOD 1981 TO 2010
CLIMATE RECORD PERIOD 1881 TO 2017


WEATHER ITEM   OBSERVED TIME   RECORD YEAR NORMAL DEPARTURE LAST
                VALUE   (LST)  VALUE       VALUE  FROM      YEAR
                                                  NORMAL
..................................................................
TEMPERATURE (F)
 YESTERDAY
  MAXIMUM         79    431 PM  97    1894  83     -4       84
  MINIMUM         57    325 AM  45    1889  60     -3       70
  AVERAGE         68                        71     -3       77

PRECIPITATION (IN)
  YESTERDAY        0.00          2.03 1979   0.08  -0.08     0.15
  MONTH TO DATE    0.90                      2.21  -1.31     4.62
  SINCE JUN 1      3.40                      6.11  -2.71     7.07
  SINCE JAN 1      8.04                     12.92  -4.88    12.55

SNOWFALL (IN)
  YESTERDAY        0.0           0.0    MM   0.0    0.0      0.0
  MONTH TO DATE    0.0                       0.0    0.0      0.0
  SINCE JUN 1      0.0                       0.0    0.0      0.0
  SINCE JUL 1      0.0                       0.0    0.0      0.0
  SNOW DEPTH       0

DEGREE DAYS
 HEATING
  YESTERDAY        0                         0      0        0
  MONTH TO DATE    7                        12     -5        8
  SINCE JUN 1     42                        85    -43       35
  SINCE JUL 1      7                        12     -5        8

 COOLING
  YESTERDAY        3                         7     -4       12
  MONTH TO DATE  167                       151     16      162
  SINCE JUN 1    293                       258     35      309
  SINCE JAN 1    304                       289     15      357
..................................................................


WIND (MPH)
  HIGHEST WIND SPEED    15   HIGHEST WIND DIRECTION     N (20)
  HIGHEST GUST SPEED    18   HIGHEST GUST DIRECTION     N (20)
  AVERAGE WIND SPEED     6.2


SKY COVER
  POSSIBLE SUNSHINE  MM
  AVERAGE SKY COVER 0.5


WEATHER CONDITIONS
 THE FOLLOWING WEATHER WAS RECORDED YESTERDAY.
  NO SIGNIFICANT WEATHER WAS OBSERVED.


RELATIVE HUMIDITY (PERCENT)
 HIGHEST    97           400 AM
 LOWEST     54           500 PM
 AVERAGE    76

..........................................................


THE FARGO HECTOR INTL AP ND CLIMATE NORMALS FOR TODAY
                         NORMAL    RECORD    YEAR
 MAXIMUM TEMPERATURE (F)   83        99      1940
 MINIMUM TEMPERATURE (F)   60        44      1891


SUNRISE AND SUNSET
JULY 24 2017..........SUNRISE   558 AM CDT   SUNSET   909 PM CDT
JULY 25 2017..........SUNRISE   559 AM CDT   SUNSET   908 PM CDT


-  INDICATES NEGATIVE NUMBERS.
R  INDICATES RECORD WAS SET OR TIED.
MM INDICATES DATA IS MISSING.
T  INDICATES TRACE AMOUNT.




$$
