000
CDUS46 KHNX 300825
CLIFAT


CLIMATE REPORT
NATIONAL WEATHER SERVICE SAN JOAQUIN VALLEY, CA
125 AM PDT TUE SEP 30 2014


...................................

...THE FRESNO CA CLIMATE SUMMARY FOR SEPTEMBER 29 2014...

CLIMATE NORMAL PERIOD 1981 TO 2010
CLIMATE RECORD PERIOD 1887 TO 2014


WEATHER ITEM   OBSERVED TIME   RECORD YEAR NORMAL DEPARTURE
                VALUE   (LST)  VALUE       VALUE  FROM
                                                  NORMAL
...............................................................
TEMPERATURE (F)
 YESTERDAY
  MAXIMUM         84    355 PM 102    1992  87     -3
  MINIMUM         59    358 AM  43    1905  58      1
  AVERAGE         72                        72      0

PRECIPITATION (IN)
  YESTERDAY        0.00          1.12 1890   0.01  -0.01
  MONTH TO DATE    0.18                      0.16   0.02
  SINCE JUL 1      0.19                      0.18   0.01
  SINCE JAN 1      4.27                      8.02  -3.75

SNOWFALL (IN)
  YESTERDAY        0.0
  MONTH TO DATE    0.0
  SINCE SEP 1      0.0
  SINCE JUL 1      0.0
  SNOW DEPTH       0

DEGREE DAYS
 HEATING
  YESTERDAY        0                                0
  MONTH TO DATE    0                                0
  SINCE SEP 1      0                                0
  SINCE JUL 1      0                                0

 COOLING
  YESTERDAY        7                               -1
  MONTH TO DATE  469                              138
  SINCE SEP 1    469                              138
  SINCE JAN 1   2690                              675
...............................................................


WIND (MPH)
  HIGHEST WIND SPEED    12   HIGHEST WIND DIRECTION    NW (300)
  HIGHEST GUST SPEED    18   HIGHEST GUST DIRECTION     W (290)
  AVERAGE WIND SPEED     4.6




RELATIVE HUMIDITY (PERCENT)
 HIGHEST    80
 LOWEST     27
 AVERAGE    54

..........................................................


THE FRESNO CA CLIMATE NORMALS FOR TODAY
                         NORMAL    RECORD    YEAR
 MAXIMUM TEMPERATURE (F)   86       101      2010
 MINIMUM TEMPERATURE (F)   58        37      1950


SUNRISE AND SUNSET
SEPTEMBER 30 2014.....SUNRISE   653 AM PDT   SUNSET   644 PM PDT
OCTOBER  1 2014.......SUNRISE   654 AM PDT   SUNSET   642 PM PDT


-  INDICATES NEGATIVE NUMBERS.
R  INDICATES RECORD WAS SET OR TIED.
MM INDICATES DATA IS MISSING.
T  INDICATES TRACE AMOUNT.




$$
