000
CDUS46 KHNX 240822
CLIFAT


CLIMATE REPORT
NATIONAL WEATHER SERVICE SAN JOAQUIN VALLEY, CA
1222 AM PST SAT FEB 24 2018


...................................

...THE FRESNO CA CLIMATE SUMMARY FOR FEBRUARY 23 2018...

CLIMATE NORMAL PERIOD 1981 TO 2010
CLIMATE RECORD PERIOD 1887 TO 2018


WEATHER ITEM   OBSERVED TIME   RECORD YEAR NORMAL DEPARTURE
                VALUE   (LST)  VALUE       VALUE  FROM
                                                  NORMAL
...............................................................
TEMPERATURE (F)
 YESTERDAY
  MAXIMUM         55    239 PM  79    1981  64     -9
  MINIMUM         35    659 AM  30    1942  43     -8
  AVERAGE         45                        53     -8

PRECIPITATION (IN)
  YESTERDAY        0.00          0.81 1969   0.08  -0.08
  MONTH TO DATE    0.01                      1.68  -1.67
  SINCE OCT 1      1.65                      7.34  -5.69
  SINCE JAN 1      1.24                      3.87  -2.63

SNOWFALL (IN)
  YESTERDAY        0.0
  MONTH TO DATE    0.0
  SINCE DEC 1      0.0
  SINCE JUL 1      0.0
  SNOW DEPTH       0

DEGREE DAYS
 HEATING
  YESTERDAY       20                                8
  MONTH TO DATE  234                              -87
  SINCE DEC 1   1133                             -335
  SINCE JUL 1   1391                             -465

 COOLING
  YESTERDAY        0                                0
  MONTH TO DATE    0                                0
  SINCE DEC 1      0                                0
  SINCE JAN 1      0                                0
...............................................................


WIND (MPH)
  HIGHEST WIND SPEED    22   HIGHEST WIND DIRECTION    NW (300)
  HIGHEST GUST SPEED    25   HIGHEST GUST DIRECTION    NW (300)
  AVERAGE WIND SPEED     8.6




RELATIVE HUMIDITY (PERCENT)
 HIGHEST    89
 LOWEST     24
 AVERAGE    57

..........................................................


THE FRESNO CA CLIMATE NORMALS FOR TODAY
                         NORMAL    RECORD    YEAR
 MAXIMUM TEMPERATURE (F)   64        79      2014
 MINIMUM TEMPERATURE (F)   43        30      1953


SUNRISE AND SUNSET
FEBRUARY 24 2018......SUNRISE   636 AM PST   SUNSET   548 PM PST
FEBRUARY 25 2018......SUNRISE   635 AM PST   SUNSET   549 PM PST


-  INDICATES NEGATIVE NUMBERS.
R  INDICATES RECORD WAS SET OR TIED.
MM INDICATES DATA IS MISSING.
T  INDICATES TRACE AMOUNT.




$$
