000
CDUS46 KHNX 210824
CLIFAT


CLIMATE REPORT
NATIONAL WEATHER SERVICE SAN JOAQUIN VALLEY, CA
1224 AM PST TUE NOV 21 2017


...................................

...THE FRESNO CA CLIMATE SUMMARY FOR NOVEMBER 20 2017...

CLIMATE NORMAL PERIOD 1981 TO 2010
CLIMATE RECORD PERIOD 1887 TO 2017


WEATHER ITEM   OBSERVED TIME   RECORD YEAR NORMAL DEPARTURE
                VALUE   (LST)  VALUE       VALUE  FROM
                                                  NORMAL
...............................................................
TEMPERATURE (F)
 YESTERDAY
  MAXIMUM         68    341 PM  80    1936  63      5
                                      1926
  MINIMUM         48    154 AM  27    1977  42      6
  AVERAGE         58                        52      6

PRECIPITATION (IN)
  YESTERDAY        0.00          0.91 1961   0.04  -0.04
  MONTH TO DATE    0.22                      0.69  -0.47
  SINCE OCT 1      0.31                      1.32  -1.01
  SINCE JAN 1     13.11                      9.35   3.76

SNOWFALL (IN)
  YESTERDAY        0.0
  MONTH TO DATE    0.0
  SINCE SEP 1      0.0
  SINCE JUL 1      0.0
  SNOW DEPTH       0

DEGREE DAYS
 HEATING
  YESTERDAY        7                               -6
  MONTH TO DATE  136                              -45
  SINCE SEP 1    185                              -59
  SINCE JUL 1    185                              -59

 COOLING
  YESTERDAY        0                                0
  MONTH TO DATE    2                                2
  SINCE SEP 1    449                               11
  SINCE JAN 1   2488                              366
...............................................................


WIND (MPH)
  HIGHEST WIND SPEED     9   HIGHEST WIND DIRECTION    SW (220)
  HIGHEST GUST SPEED    11   HIGHEST GUST DIRECTION    SW (210)
  AVERAGE WIND SPEED     3.9




RELATIVE HUMIDITY (PERCENT)
 HIGHEST    86
 LOWEST     45
 AVERAGE    66

..........................................................


THE FRESNO CA CLIMATE NORMALS FOR TODAY
                         NORMAL    RECORD    YEAR
 MAXIMUM TEMPERATURE (F)   63        81      2002
                                             1926
 MINIMUM TEMPERATURE (F)   42        30      1956
                                             1941


SUNRISE AND SUNSET
NOVEMBER 21 2017......SUNRISE   643 AM PST   SUNSET   446 PM PST
NOVEMBER 22 2017......SUNRISE   644 AM PST   SUNSET   445 PM PST


-  INDICATES NEGATIVE NUMBERS.
R  INDICATES RECORD WAS SET OR TIED.
MM INDICATES DATA IS MISSING.
T  INDICATES TRACE AMOUNT.




$$
