000
CDUS46 KHNX 270021
CLIFAT


CLIMATE REPORT
NATIONAL WEATHER SERVICE SAN JOAQUIN VALLEY, CA
420 PM PST THU FEB 26 2015


...................................

...THE FRESNO CA CLIMATE SUMMARY FOR FEBRUARY 26 2015...
VALID AS OF 0400 PM LOCAL TIME.

CLIMATE NORMAL PERIOD 1981 TO 2010
CLIMATE RECORD PERIOD 1887 TO 2015


WEATHER ITEM   OBSERVED TIME   RECORD YEAR NORMAL DEPARTURE LAST
                VALUE   (LST)  VALUE       VALUE  FROM      YEAR
                                                  NORMAL
..................................................................
TEMPERATURE (F)
 TODAY
  MAXIMUM         66    359 PM  83    1888  64      2       66
  MINIMUM         43    642 AM  25    1971  44     -1       54
  AVERAGE         55                        54      1       60

PRECIPITATION (IN)
  TODAY            0.00          0.76 2010   0.07  -0.07     0.36
  MONTH TO DATE    1.11                      1.89  -0.78     1.36
  SINCE OCT 1      4.51                      7.55  -3.04     2.65
  SINCE JAN 1      1.32                      4.08  -2.76     1.93

SNOWFALL (IN)
  TODAY            0.0
  MONTH TO DATE    0.0
  SINCE DEC 1      0.0
  SINCE JUL 1      0.0
  SNOW DEPTH       0

DEGREE DAYS
 HEATING
  TODAY           10                        11     -1        5
  MONTH TO DATE  197                       354   -157      214
  SINCE DEC 1   1085                      1501   -416     1115
  SINCE JUL 1   1306                      1889   -583     1336

 COOLING
  TODAY            0                         0      0        0
  MONTH TO DATE    0                         0      0        0
  SINCE DEC 1      0                         0      0        0
  SINCE JAN 1      0                         0      0        0
..................................................................


WIND (MPH)
  HIGHEST WIND SPEED     7   HIGHEST WIND DIRECTION    NW (320)
  HIGHEST GUST SPEED    14   HIGHEST GUST DIRECTION     N (350)
  AVERAGE WIND SPEED     1.9




RELATIVE HUMIDITY (PERCENT)
 HIGHEST    89
 LOWEST     40
 AVERAGE    65

..........................................................


THE FRESNO CA CLIMATE NORMALS FOR TOMORROW
                         NORMAL    RECORD    YEAR
 MAXIMUM TEMPERATURE (F)   65        79      1992
                                             1888
 MINIMUM TEMPERATURE (F)   44        26      1962


SUNRISE AND SUNSET
FEBRUARY 26 2015......SUNRISE   634 AM PST   SUNSET   550 PM PST
FEBRUARY 27 2015......SUNRISE   632 AM PST   SUNSET   551 PM PST


-  INDICATES NEGATIVE NUMBERS.
R  INDICATES RECORD WAS SET OR TIED.
MM INDICATES DATA IS MISSING.
T  INDICATES TRACE AMOUNT.




$$
