000
CDUS46 KHNX 250826
CLIFAT


CLIMATE REPORT
NATIONAL WEATHER SERVICE SAN JOAQUIN VALLEY, CA
126 AM PDT FRI JUL 25 2014


...................................

...THE FRESNO CA CLIMATE SUMMARY FOR JULY 24 2014...

CLIMATE NORMAL PERIOD 1981 TO 2010
CLIMATE RECORD PERIOD 1887 TO 2014


WEATHER ITEM   OBSERVED TIME   RECORD YEAR NORMAL DEPARTURE
                VALUE   (LST)  VALUE       VALUE  FROM
                                                  NORMAL
...............................................................
TEMPERATURE (F)
 YESTERDAY
  MAXIMUM         98    322 PM 113    2006  99     -1
  MINIMUM         68    543 AM  55    1903  68      0
                                      1889
  AVERAGE         83                        84     -1

PRECIPITATION (IN)
  YESTERDAY        0.00          T    1965   0.00   0.00
                                      1946
  MONTH TO DATE    0.01                      0.01   0.00
  SINCE JUL 1      0.01                      0.01   0.00
  SINCE JAN 1      4.09                      7.85  -3.76

SNOWFALL (IN)
  YESTERDAY        0.0
  MONTH TO DATE    0.0
  SINCE JUN 1      0.0
  SINCE JUL 1      0.0
  SNOW DEPTH       0

DEGREE DAYS
 HEATING
  YESTERDAY        0                                0
  MONTH TO DATE    0                                0
  SINCE JUN 1      0                               -3
  SINCE JUL 1      0                                0

 COOLING
  YESTERDAY       18                               -1
  MONTH TO DATE  507                               78
  SINCE JUN 1    992                              194
  SINCE JAN 1   1435                              396
...............................................................


WIND (MPH)
  HIGHEST WIND SPEED    15   HIGHEST WIND DIRECTION    NW (300)
  HIGHEST GUST SPEED    21   HIGHEST GUST DIRECTION     W (270)
  AVERAGE WIND SPEED     7.5




RELATIVE HUMIDITY (PERCENT)
 HIGHEST    68
 LOWEST     18
 AVERAGE    43

..........................................................


THE FRESNO CA CLIMATE NORMALS FOR TODAY
                         NORMAL    RECORD    YEAR
 MAXIMUM TEMPERATURE (F)   99       113      2006
 MINIMUM TEMPERATURE (F)   68        56      1889


SUNRISE AND SUNSET
JULY 25 2014..........SUNRISE   559 AM PDT   SUNSET   811 PM PDT
JULY 26 2014..........SUNRISE   600 AM PDT   SUNSET   810 PM PDT


-  INDICATES NEGATIVE NUMBERS.
R  INDICATES RECORD WAS SET OR TIED.
MM INDICATES DATA IS MISSING.
T  INDICATES TRACE AMOUNT.




$$
