479
CDUS46 KHNX 220821
CLIFAT


CLIMATE REPORT
NATIONAL WEATHER SERVICE SAN JOAQUIN VALLEY, CA
121 AM PDT FRI MAY 22 2015


...................................

...THE FRESNO CA CLIMATE SUMMARY FOR MAY 21 2015...

CLIMATE NORMAL PERIOD 1981 TO 2010
CLIMATE RECORD PERIOD 1887 TO 2015


WEATHER ITEM   OBSERVED TIME   RECORD YEAR NORMAL DEPARTURE
                VALUE   (LST)  VALUE       VALUE  FROM
                                                  NORMAL
...............................................................
TEMPERATURE (F)
 YESTERDAY
  MAXIMUM         70    527 PM 104    1892  86    -16
  MINIMUM         55    510 AM  42    1975  57     -2
  AVERAGE         63                        71     -8

PRECIPITATION (IN)
  YESTERDAY        0.00          0.28 2006   0.01  -0.01
  MONTH TO DATE    0.57                      0.32   0.25
  SINCE OCT 1      6.41                     10.99  -4.58
  SINCE JAN 1      3.22                      7.52  -4.30

SNOWFALL (IN)
  YESTERDAY        0.0
  MONTH TO DATE    0.0
  SINCE MAR 1      0.0
  SINCE JUL 1      0.0
  SNOW DEPTH       0

DEGREE DAYS
 HEATING
  YESTERDAY        2                                1
  MONTH TO DATE   25                               -2
  SINCE MAR 1    193                             -235
  SINCE JUL 1   1519                             -821

 COOLING
  YESTERDAY        0                               -7
  MONTH TO DATE   59                              -50
  SINCE MAR 1    187                               27
  SINCE JAN 1    187                               27
...............................................................


WIND (MPH)
  HIGHEST WIND SPEED    17   HIGHEST WIND DIRECTION    NW (310)
  HIGHEST GUST SPEED    22   HIGHEST GUST DIRECTION    NW (330)
  AVERAGE WIND SPEED     6.8




RELATIVE HUMIDITY (PERCENT)
 HIGHEST    72
 LOWEST     44
 AVERAGE    58

..........................................................


THE FRESNO CA CLIMATE NORMALS FOR TODAY
                         NORMAL    RECORD    YEAR
 MAXIMUM TEMPERATURE (F)   86       104      1967
 MINIMUM TEMPERATURE (F)   58        43      1909
                                             1903


SUNRISE AND SUNSET
MAY 22 2015...........SUNRISE   546 AM PDT   SUNSET   805 PM PDT
MAY 23 2015...........SUNRISE   546 AM PDT   SUNSET   806 PM PDT


-  INDICATES NEGATIVE NUMBERS.
R  INDICATES RECORD WAS SET OR TIED.
MM INDICATES DATA IS MISSING.
T  INDICATES TRACE AMOUNT.




$$
