000
CDUS46 KHNX 040822
CLIFAT


CLIMATE REPORT
NATIONAL WEATHER SERVICE SAN JOAQUIN VALLEY, CA
121 AM PDT TUE AUG 4 2015


...................................

...THE FRESNO CA CLIMATE SUMMARY FOR AUGUST 3 2015...

CLIMATE NORMAL PERIOD 1981 TO 2010
CLIMATE RECORD PERIOD 1887 TO 2015


WEATHER ITEM   OBSERVED TIME   RECORD YEAR NORMAL DEPARTURE
                VALUE   (LST)  VALUE       VALUE  FROM
                                                  NORMAL
...............................................................
TEMPERATURE (F)
 YESTERDAY
  MAXIMUM         95    418 PM 110    1946  99     -4
                                      1901
  MINIMUM         68    612 AM  55    1953  68      0
                                      1951
                                      1944
  AVERAGE         82                        83     -1

PRECIPITATION (IN)
  YESTERDAY        0.00          T    1961   0.00   0.00
                                      1945
  MONTH TO DATE    0.00                      0.00   0.00
  SINCE OCT 1      6.85                     11.32  -4.47
  SINCE JAN 1      3.66                      7.85  -4.19

SNOWFALL (IN)
  YESTERDAY        0.0
  MONTH TO DATE    0.0
  SINCE JUN 1      0.0
  SINCE JUL 1      0.0
  SNOW DEPTH       0

DEGREE DAYS
 HEATING
  YESTERDAY        0                                0
  MONTH TO DATE    0                                0
  SINCE JUN 1      0                               -3
  SINCE JUL 1      0                                0

 COOLING
  YESTERDAY       17                               -1
  MONTH TO DATE   57                                3
  SINCE JUN 1   1138                              157
  SINCE JAN 1   1411                              189
...............................................................


WIND (MPH)
  HIGHEST WIND SPEED    18   HIGHEST WIND DIRECTION    NW (300)
  HIGHEST GUST SPEED    24   HIGHEST GUST DIRECTION    NW (310)
  AVERAGE WIND SPEED    10.2




RELATIVE HUMIDITY (PERCENT)
 HIGHEST    53
 LOWEST     23
 AVERAGE    38

..........................................................


THE FRESNO CA CLIMATE NORMALS FOR TODAY
                         NORMAL    RECORD    YEAR
 MAXIMUM TEMPERATURE (F)   99       110      1889
 MINIMUM TEMPERATURE (F)   68        53      1956


SUNRISE AND SUNSET
AUGUST  4 2015........SUNRISE   607 AM PDT   SUNSET   803 PM PDT
AUGUST  5 2015........SUNRISE   608 AM PDT   SUNSET   801 PM PDT


-  INDICATES NEGATIVE NUMBERS.
R  INDICATES RECORD WAS SET OR TIED.
MM INDICATES DATA IS MISSING.
T  INDICATES TRACE AMOUNT.




$$
