000
CDUS46 KHNX 240824
CLIFAT


CLIMATE REPORT
NATIONAL WEATHER SERVICE SAN JOAQUIN VALLEY, CA
123 AM PDT SUN SEP 24 2017


...................................

...THE FRESNO CA CLIMATE SUMMARY FOR SEPTEMBER 23 2017...

CLIMATE NORMAL PERIOD 1981 TO 2010
CLIMATE RECORD PERIOD 1887 TO 2017


WEATHER ITEM   OBSERVED TIME   RECORD YEAR NORMAL DEPARTURE
                VALUE   (LST)  VALUE       VALUE  FROM
                                                  NORMAL
...............................................................
TEMPERATURE (F)
 YESTERDAY
  MAXIMUM         77        MM 105    1949  89    -12
  MINIMUM         51        MM  47    1968  60     -9
                                      1945
  AVERAGE         64                        74    -10

PRECIPITATION (IN)
  YESTERDAY        0.00          0.46 1881   0.00   0.00
  MONTH TO DATE    0.16                      0.10   0.06
  SINCE OCT 1     17.36                     11.43   5.93
  SINCE JAN 1     12.80                      7.96   4.84

SNOWFALL (IN)
  YESTERDAY        0.0
  MONTH TO DATE    0.0
  SINCE SEP 1      0.0
  SINCE JUL 1      0.0
  SNOW DEPTH       0

DEGREE DAYS
 HEATING
  YESTERDAY        1                                1
  MONTH TO DATE    4                                4
  SINCE SEP 1      4                                4
  SINCE JUL 1      4                                4

 COOLING
  YESTERDAY        0                              -10
  MONTH TO DATE  316                               36
  SINCE SEP 1    316                               36
  SINCE JAN 1   2355                              391
...............................................................


WIND (MPH)
  HIGHEST WIND SPEED    10   HIGHEST WIND DIRECTION    NW (300)
  HIGHEST GUST SPEED    MM   HIGHEST GUST DIRECTION    MM
  AVERAGE WIND SPEED     3.2




RELATIVE HUMIDITY (PERCENT)
 HIGHEST    77
 LOWEST     21
 AVERAGE    49

..........................................................


THE FRESNO CA CLIMATE NORMALS FOR TODAY
                         NORMAL    RECORD    YEAR
 MAXIMUM TEMPERATURE (F)   89       102      1899
 MINIMUM TEMPERATURE (F)   60        46      1945


SUNRISE AND SUNSET
SEPTEMBER 24 2017.....SUNRISE   649 AM PDT   SUNSET   652 PM PDT
SEPTEMBER 25 2017.....SUNRISE   649 AM PDT   SUNSET   651 PM PDT


-  INDICATES NEGATIVE NUMBERS.
R  INDICATES RECORD WAS SET OR TIED.
MM INDICATES DATA IS MISSING.
T  INDICATES TRACE AMOUNT.




$$
