000
CDUS46 KHNX 280021
CLIFAT


CLIMATE REPORT
NATIONAL WEATHER SERVICE SAN JOAQUIN VALLEY, CA
420 PM PST SAT DEC 27 2014


...................................

...THE FRESNO CA CLIMATE SUMMARY FOR DECEMBER 27 2014...
VALID AS OF 0400 PM LOCAL TIME.

CLIMATE NORMAL PERIOD 1981 TO 2010
CLIMATE RECORD PERIOD 1887 TO 2014


WEATHER ITEM   OBSERVED TIME   RECORD YEAR NORMAL DEPARTURE LAST
                VALUE   (LST)  VALUE       VALUE  FROM      YEAR
                                                  NORMAL
..................................................................
TEMPERATURE (F)
 TODAY
  MAXIMUM         55    346 PM  72    1991  53      2       65
  MINIMUM         33    747 AM  23    1962  38     -5       36
  AVERAGE         44                        45     -1       51

PRECIPITATION (IN)
  TODAY            0.00          0.74 1977   0.06  -0.06     0.00
  MONTH TO DATE    2.29                      1.49   0.80     0.15
  SINCE JUL 1      3.38                      3.38   0.00     0.73
  SINCE JAN 1      7.46                     11.22  -3.76     3.01

SNOWFALL (IN)
  TODAY            0.0
  MONTH TO DATE    0.0
  SINCE DEC 1      0.0
  SINCE JUL 1      0.0
  SNOW DEPTH       0

DEGREE DAYS
 HEATING
  TODAY           21                        20      1       14
  MONTH TO DATE  305                       497   -192      480
  SINCE DEC 1    305                       497   -192      480
  SINCE JUL 1    526                       885   -359      701

 COOLING
  TODAY            0                         0      0        0
  MONTH TO DATE    0                         0      0        0
  SINCE DEC 1      0                         0      0        0
  SINCE JAN 1   2932                      2124    808     2625
..................................................................


WIND (MPH)
  HIGHEST WIND SPEED     8   HIGHEST WIND DIRECTION    SE (120)
  HIGHEST GUST SPEED     9   HIGHEST GUST DIRECTION     S (160)
  AVERAGE WIND SPEED     1.6




RELATIVE HUMIDITY (PERCENT)
 HIGHEST    92
 LOWEST     43
 AVERAGE    68

..........................................................


THE FRESNO CA CLIMATE NORMALS FOR TOMORROW
                         NORMAL    RECORD    YEAR
 MAXIMUM TEMPERATURE (F)   53        66      1945
                                             1917
 MINIMUM TEMPERATURE (F)   38        24      1962


SUNRISE AND SUNSET
DECEMBER 27 2014......SUNRISE   710 AM PST   SUNSET   450 PM PST
DECEMBER 28 2014......SUNRISE   711 AM PST   SUNSET   451 PM PST


-  INDICATES NEGATIVE NUMBERS.
R  INDICATES RECORD WAS SET OR TIED.
MM INDICATES DATA IS MISSING.
T  INDICATES TRACE AMOUNT.




$$
