000
CDUS42 KRAH 290840
CLIFAY


CLIMATE REPORT
NATIONAL WEATHER SERVICE RALEIGH NC
339 AM EST THU JAN 29 2015


...................................

...THE FAYETTEVILLE REGL AIRPORT NC CLIMATE SUMMARY FOR JANUARY 28 2015...

CLIMATE NORMAL PERIOD 1981 TO 2010
CLIMATE RECORD PERIOD 1910 TO 2015


WEATHER ITEM   OBSERVED TIME   RECORD YEAR NORMAL DEPARTURE LAST
                VALUE   (LST)  VALUE       VALUE  FROM      YEAR
                                                  NORMAL
..................................................................
TEMPERATURE (F)
 YESTERDAY
  MAXIMUM         48    340 PM  80    1952  56     -8       41
  MINIMUM         26   1138 PM  10    1935  34     -8       21
  AVERAGE         37                        45     -8       31

PRECIPITATION (IN)
  YESTERDAY        0.00          1.63 1998   0.13  -0.13     0.18
  MONTH TO DATE    4.37                      2.90   1.47     4.01
  SINCE DEC 1      8.59                      5.55   3.04     8.29
  SINCE JAN 1      4.37                      2.90   1.47     4.01

DEGREE DAYS
 HEATING
  YESTERDAY       28                        20      8       34
  MONTH TO DATE  606                       604      2      671
  SINCE DEC 1   1146                      1215    -69     1168
  SINCE JUL 1   1690                      1663     27     1684

 COOLING
  YESTERDAY        0                         0      0        0
  MONTH TO DATE    0                         0      0        0
  SINCE DEC 1      0                         2     -2       17
  SINCE JAN 1      0                         0      0        0
..................................................................


WIND (MPH)
  HIGHEST WIND SPEED    15   HIGHEST WIND DIRECTION     N (360)
  HIGHEST GUST SPEED    20   HIGHEST GUST DIRECTION     N (350)
  AVERAGE WIND SPEED     7.2


SKY COVER
  POSSIBLE SUNSHINE  MM
  AVERAGE SKY COVER 0.0


WEATHER CONDITIONS
 THE FOLLOWING WEATHER WAS RECORDED YESTERDAY.
  HAZE


RELATIVE HUMIDITY (PERCENT)
 HIGHEST    69          1000 PM
 LOWEST     21           500 PM
 AVERAGE    45

..........................................................


THE FAYETTEVILLE REGL AIRPORT NC CLIMATE NORMALS FOR TODAY
                         NORMAL    RECORD    YEAR
 MAXIMUM TEMPERATURE (F)   56        77      2002
 MINIMUM TEMPERATURE (F)   34        11      1986


SUNRISE AND SUNSET
JANUARY 29 2015.......SUNRISE   717 AM EST   SUNSET   541 PM EST
JANUARY 30 2015.......SUNRISE   716 AM EST   SUNSET   542 PM EST


-  INDICATES NEGATIVE NUMBERS.
R  INDICATES RECORD WAS SET OR TIED.
MM INDICATES DATA IS MISSING.
T  INDICATES TRACE AMOUNT.




$$
