000
CDUS42 KRAH 240535
CLIFAY


CLIMATE REPORT
NATIONAL WEATHER SERVICE RALEIGH NC
1232 AM EST SAT FEB 24 2018


...................................

...THE FAYETTEVILLE REGL AIRPORT NC CLIMATE SUMMARY FOR FEBRUARY 23 2018...

CLIMATE NORMAL PERIOD 1981 TO 2010
CLIMATE RECORD PERIOD 1910 TO 2018


WEATHER ITEM   OBSERVED TIME   RECORD YEAR NORMAL DEPARTURE LAST
                VALUE   (LST)  VALUE       VALUE  FROM      YEAR
                                                  NORMAL
..................................................................
TEMPERATURE (F)
 YESTERDAY
  MAXIMUM         80R   424 PM  80    1922  61     19       78
  MINIMUM         55    528 AM  15    1947  37     18       54
  AVERAGE         68                        49     19       66

PRECIPITATION (IN)
  YESTERDAY        0.00          2.50 1928   0.10  -0.10     0.00
  MONTH TO DATE    1.42                      2.28  -0.86     0.99
  SINCE DEC 1      7.47                      8.23  -0.76     6.06
  SINCE JAN 1      4.50                      5.58  -1.08     3.42

DEGREE DAYS
 HEATING
  YESTERDAY        0                        16    -16        0
  MONTH TO DATE  242                       421   -179      225
  SINCE DEC 1   1596                      1699   -103     1239
  SINCE JUL 1   2029                      2147   -118     1590

 COOLING
  YESTERDAY        3                         0      3        1
  MONTH TO DATE   34                         0     34       10
  SINCE DEC 1     34                         4     30       11
  SINCE JAN 1     34                         2     32       11
..................................................................


WIND (MPH)
  HIGHEST WIND SPEED    14   HIGHEST WIND DIRECTION     S (180)
  HIGHEST GUST SPEED    16   HIGHEST GUST DIRECTION     S (180)
  AVERAGE WIND SPEED     4.1


SKY COVER
  POSSIBLE SUNSHINE  MM
  AVERAGE SKY COVER 0.6


WEATHER CONDITIONS
 THE FOLLOWING WEATHER WAS RECORDED YESTERDAY.
  FOG
  FOG W/VISIBILITY <= 1/4 MILE


RELATIVE HUMIDITY (PERCENT)
 HIGHEST   100           200 AM
 LOWEST     48           500 PM
 AVERAGE    74

..........................................................


THE FAYETTEVILLE REGL AIRPORT NC CLIMATE NORMALS FOR TODAY
                         NORMAL    RECORD    YEAR
 MAXIMUM TEMPERATURE (F)   61        83      1930
 MINIMUM TEMPERATURE (F)   37        18      1963


SUNRISE AND SUNSET
FEBRUARY 24 2018......SUNRISE   651 AM EST   SUNSET   607 PM EST
FEBRUARY 25 2018......SUNRISE   650 AM EST   SUNSET   608 PM EST


-  INDICATES NEGATIVE NUMBERS.
R  INDICATES RECORD WAS SET OR TIED.
MM INDICATES DATA IS MISSING.
T  INDICATES TRACE AMOUNT.




$$
