000
CDUS42 KRAH 260038
CLIFAY


CLIMATE REPORT
NATIONAL WEATHER SERVICE RALEIGH NC
836 PM EDT MON MAY 25 2015


...................................

...THE FAYETTEVILLE REGL AIRPORT NC CLIMATE SUMMARY FOR MAY 25 2015...
VALID AS OF 0830 PM LOCAL TIME.

CLIMATE NORMAL PERIOD 1981 TO 2010
CLIMATE RECORD PERIOD 1910 TO 2015


WEATHER ITEM   OBSERVED TIME   RECORD YEAR NORMAL DEPARTURE LAST
                VALUE   (LST)  VALUE       VALUE  FROM      YEAR
                                                  NORMAL
..................................................................
TEMPERATURE (F)
 TODAY
  MAXIMUM         86    304 PM  98    2011  85      1       84
  MINIMUM         57    425 AM  46    1967  62     -5       56
  AVERAGE         72                        73     -1       70

PRECIPITATION (IN)
  TODAY            0.00          2.70 1977   0.12  -0.12     0.00
  MONTH TO DATE    2.23                      2.39  -0.16     3.66
  SINCE MAR 1      7.59                      8.76  -1.17    11.28
  SINCE JAN 1     15.24                     14.82   0.42    18.00

DEGREE DAYS
 HEATING
  TODAY            0                         0      0        0
  MONTH TO DATE   10                        23    -13       12
  SINCE MAR 1    446                       505    -59      616
  SINCE JUL 1   2942                      2730    212     2941

 COOLING
  TODAY            7                         8     -1        5
  MONTH TO DATE  165                       144     21      209
  SINCE MAR 1    257                       223     34      287
  SINCE JAN 1    257                       227     30      290
..................................................................


WIND (MPH)
  RESULTANT WIND SPEED   5   RESULTANT WIND DIRECTION   S (160)
  HIGHEST WIND SPEED    15   HIGHEST WIND DIRECTION    SE (150)
  HIGHEST GUST SPEED    21   HIGHEST GUST DIRECTION    SE (130)
  AVERAGE WIND SPEED     5.9


SKY COVER
  POSSIBLE SUNSHINE  MM
  AVERAGE SKY COVER 0.0


WEATHER CONDITIONS
 THE FOLLOWING WEATHER WAS RECORDED TODAY.
  NO SIGNIFICANT WEATHER WAS OBSERVED.


RELATIVE HUMIDITY (PERCENT)
 HIGHEST    93           500 AM
 LOWEST     30           300 PM
 AVERAGE    62

..........................................................




SUNRISE AND SUNSET
MAY 25 2015...........SUNRISE   606 AM EDT   SUNSET   819 PM EDT
MAY 26 2015...........SUNRISE   605 AM EDT   SUNSET   820 PM EDT


-  INDICATES NEGATIVE NUMBERS.
R  INDICATES RECORD WAS SET OR TIED.
MM INDICATES DATA IS MISSING.
T  INDICATES TRACE AMOUNT.

$$
