000
CDUS42 KRAH 250710
CLIFAY


CLIMATE REPORT
NATIONAL WEATHER SERVICE RALEIGH NC
209 AM EST SAT NOV 25 2017


...................................

...THE FAYETTEVILLE REGL AIRPORT NC CLIMATE SUMMARY FOR NOVEMBER 24 2017...

CLIMATE NORMAL PERIOD 1981 TO 2010
CLIMATE RECORD PERIOD 1910 TO 2017


WEATHER ITEM   OBSERVED TIME   RECORD YEAR NORMAL DEPARTURE LAST
                VALUE   (LST)  VALUE       VALUE  FROM      YEAR
                                                  NORMAL
..................................................................
TEMPERATURE (F)
 YESTERDAY
  MAXIMUM         59    357 PM  84    1931  64     -5       75
  MINIMUM         30    724 AM  18    1970  41    -11       47
  AVERAGE         45                        52     -7       61

PRECIPITATION (IN)
  YESTERDAY        0.00          1.86 2001   0.10  -0.10     0.08
  MONTH TO DATE    0.54                      2.19  -1.65     0.57
  SINCE SEP 1      7.03                      9.80  -2.77    26.71
  SINCE JAN 1     38.83                     41.23  -2.40    53.37

DEGREE DAYS
 HEATING
  YESTERDAY       20                        13      7        4
  MONTH TO DATE  272                       236     36      247
  SINCE SEP 1    353                       363    -10      296
  SINCE JUL 1    353                       363    -10      296

 COOLING
  YESTERDAY        0                         0      0        0
  MONTH TO DATE   12                        11      1        7
  SINCE SEP 1    476                       349    127      524
  SINCE JAN 1   2455                      1989    466     2518
..................................................................


WIND (MPH)
  HIGHEST WIND SPEED    12   HIGHEST WIND DIRECTION    NE (30)
  HIGHEST GUST SPEED    15   HIGHEST GUST DIRECTION     N (20)
  AVERAGE WIND SPEED     5.1


SKY COVER
  POSSIBLE SUNSHINE  MM
  AVERAGE SKY COVER 0.0


WEATHER CONDITIONS
 THE FOLLOWING WEATHER WAS RECORDED YESTERDAY.
  FOG


RELATIVE HUMIDITY (PERCENT)
 HIGHEST   100           100 AM
 LOWEST     28           300 PM
 AVERAGE    64

..........................................................


THE FAYETTEVILLE REGL AIRPORT NC CLIMATE NORMALS FOR TODAY
                         NORMAL    RECORD    YEAR
 MAXIMUM TEMPERATURE (F)   63        79      1973
 MINIMUM TEMPERATURE (F)   40        17      1970


SUNRISE AND SUNSET
NOVEMBER 25 2017......SUNRISE   700 AM EST   SUNSET   505 PM EST
NOVEMBER 26 2017......SUNRISE   701 AM EST   SUNSET   505 PM EST


-  INDICATES NEGATIVE NUMBERS.
R  INDICATES RECORD WAS SET OR TIED.
MM INDICATES DATA IS MISSING.
T  INDICATES TRACE AMOUNT.




$$
