015
CDUS42 KRAH 300655
CLIFAY


CLIMATE REPORT
NATIONAL WEATHER SERVICE RALEIGH NC
255 AM EDT SAT JUL 30 2016


...................................

...THE FAYETTEVILLE REGL AIRPORT NC CLIMATE SUMMARY FOR JULY 29 2016...

CLIMATE NORMAL PERIOD 1981 TO 2010
CLIMATE RECORD PERIOD 1910 TO 2016


WEATHER ITEM   OBSERVED TIME   RECORD YEAR NORMAL DEPARTURE LAST
                VALUE   (LST)  VALUE       VALUE  FROM      YEAR
                                                  NORMAL
..................................................................
TEMPERATURE (F)
 YESTERDAY
  MAXIMUM         97    448 PM 103    2011  91      6       95
  MINIMUM         78    553 AM  57    1920  71      7       71
  AVERAGE         88                        81      7       83

PRECIPITATION (IN)
  YESTERDAY        0.00          2.59 1965   0.17  -0.17     0.00
  MONTH TO DATE    4.53                      5.55  -1.02     3.38
  SINCE JUN 1      7.74                      9.90  -2.16    12.52
  SINCE JAN 1     25.31                     25.57  -0.26    27.79

DEGREE DAYS
 HEATING
  YESTERDAY        0                         0      0        0
  MONTH TO DATE    0                         0      0        0
  SINCE JUN 1      0                         0      0        0
  SINCE JUL 1      0                         0      0        0

 COOLING
  YESTERDAY       23                        16      7       18
  MONTH TO DATE  573                       475     98      513
  SINCE JUN 1   1025                       871    154     1002
  SINCE JAN 1   1361                      1155    206     1332
..................................................................


WIND (MPH)
  HIGHEST WIND SPEED    17   HIGHEST WIND DIRECTION     W (270)
  HIGHEST GUST SPEED    22   HIGHEST GUST DIRECTION    SW (230)
  AVERAGE WIND SPEED     6.9


SKY COVER
  POSSIBLE SUNSHINE  MM
  AVERAGE SKY COVER 0.2


WEATHER CONDITIONS
 THE FOLLOWING WEATHER WAS RECORDED YESTERDAY.
  NO SIGNIFICANT WEATHER WAS OBSERVED.


RELATIVE HUMIDITY (PERCENT)
 HIGHEST    74           500 AM
 LOWEST     38           300 PM
 AVERAGE    56

..........................................................


THE FAYETTEVILLE REGL AIRPORT NC CLIMATE NORMALS FOR TODAY
                         NORMAL    RECORD    YEAR
 MAXIMUM TEMPERATURE (F)   91       105      2011
 MINIMUM TEMPERATURE (F)   71        59      1920


SUNRISE AND SUNSET
JULY 30 2016..........SUNRISE   624 AM EDT   SUNSET   820 PM EDT
JULY 31 2016..........SUNRISE   625 AM EDT   SUNSET   819 PM EDT


-  INDICATES NEGATIVE NUMBERS.
R  INDICATES RECORD WAS SET OR TIED.
MM INDICATES DATA IS MISSING.
T  INDICATES TRACE AMOUNT.




$$
