000
CDUS42 KRAH 230641
CLIFAY


CLIMATE REPORT
NATIONAL WEATHER SERVICE RALEIGH NC
140 AM EST MON JAN 23 2017


...................................

...THE FAYETTEVILLE REGL AIRPORT NC CLIMATE SUMMARY FOR JANUARY 22 2017...

CLIMATE NORMAL PERIOD 1981 TO 2010
CLIMATE RECORD PERIOD 1910 TO 2017


WEATHER ITEM   OBSERVED TIME   RECORD YEAR NORMAL DEPARTURE LAST
                VALUE   (LST)  VALUE       VALUE  FROM      YEAR
                                                  NORMAL
..................................................................
TEMPERATURE (F)
 YESTERDAY
  MAXIMUM         66    304 PM  79    1937  55     11       34
  MINIMUM         59    941 PM  -1    1985  33     26       29
  AVERAGE         63                        44     19       32

PRECIPITATION (IN)
  YESTERDAY        0.30          1.29 1987   0.11   0.19     0.72
  MONTH TO DATE    2.34                      2.13   0.21     1.62
  SINCE DEC 1      4.98                      4.78   0.20     8.13
  SINCE JAN 1      2.34                      2.13   0.21     1.62

DEGREE DAYS
 HEATING
  YESTERDAY        2                        21    -19       33
  MONTH TO DATE  327                       479   -152      530
  SINCE DEC 1    884                      1090   -206      763
  SINCE JUL 1   1235                      1538   -303     1082

 COOLING
  YESTERDAY        0                         0      0        0
  MONTH TO DATE    1                         0      1        0
  SINCE DEC 1      1                         2     -1       47
  SINCE JAN 1      1                         0      1        0
..................................................................


WIND (MPH)
  HIGHEST WIND SPEED    15   HIGHEST WIND DIRECTION     E (80)
  HIGHEST GUST SPEED    19   HIGHEST GUST DIRECTION     E (90)
  AVERAGE WIND SPEED     6.8


SKY COVER
  POSSIBLE SUNSHINE  MM
  AVERAGE SKY COVER 1.0


WEATHER CONDITIONS
 THE FOLLOWING WEATHER WAS RECORDED YESTERDAY.
  LIGHT RAIN
  FOG


RELATIVE HUMIDITY (PERCENT)
 HIGHEST   100          1100 AM
 LOWEST     73           300 PM
 AVERAGE    87

..........................................................


THE FAYETTEVILLE REGL AIRPORT NC CLIMATE NORMALS FOR TODAY
                         NORMAL    RECORD    YEAR
 MAXIMUM TEMPERATURE (F)   55        79      1999
 MINIMUM TEMPERATURE (F)   34         9      1970


SUNRISE AND SUNSET
JANUARY 23 2017.......SUNRISE   720 AM EST   SUNSET   535 PM EST
JANUARY 24 2017.......SUNRISE   719 AM EST   SUNSET   536 PM EST


-  INDICATES NEGATIVE NUMBERS.
R  INDICATES RECORD WAS SET OR TIED.
MM INDICATES DATA IS MISSING.
T  INDICATES TRACE AMOUNT.




$$
