000
CDUS42 KRAH 250731
CLIFAY


CLIMATE REPORT
NATIONAL WEATHER SERVICE RALEIGH NC
330 AM EDT TUE JUL 25 2017


...................................

...THE FAYETTEVILLE REGL AIRPORT NC CLIMATE SUMMARY FOR JULY 24 2017...

CLIMATE NORMAL PERIOD 1981 TO 2010
CLIMATE RECORD PERIOD 1910 TO 2017


WEATHER ITEM   OBSERVED TIME   RECORD YEAR NORMAL DEPARTURE LAST
                VALUE   (LST)  VALUE       VALUE  FROM      YEAR
                                                  NORMAL
..................................................................
TEMPERATURE (F)
 YESTERDAY
  MAXIMUM         95    347 PM 105    1952  91      4       96
  MINIMUM         78    550 AM  59    1947  72      6       73
  AVERAGE         87                        81      6       85

PRECIPITATION (IN)
  YESTERDAY        0.00          2.17 1919   0.21  -0.21     0.00
  MONTH TO DATE    7.88                      4.54   3.34     4.53
  SINCE JUN 1     12.44                      8.89   3.55     7.74
  SINCE JAN 1     28.08                     24.56   3.52    25.31

DEGREE DAYS
 HEATING
  YESTERDAY        0                         0      0        0
  MONTH TO DATE    0                         0      0        0
  SINCE JUN 1      0                         0      0        0
  SINCE JUL 1      0                         0      0        0

 COOLING
  YESTERDAY       22                        16      6       20
  MONTH TO DATE  498                       395    103      454
  SINCE JUN 1    930                       791    139      906
  SINCE JAN 1   1433                      1075    358     1242
..................................................................


WIND (MPH)
  HIGHEST WIND SPEED    16   HIGHEST WIND DIRECTION     W (250)
  HIGHEST GUST SPEED    20   HIGHEST GUST DIRECTION     W (250)
  AVERAGE WIND SPEED     9.2


SKY COVER
  POSSIBLE SUNSHINE  MM
  AVERAGE SKY COVER 0.3


WEATHER CONDITIONS
 THE FOLLOWING WEATHER WAS RECORDED YESTERDAY.
  NO SIGNIFICANT WEATHER WAS OBSERVED.


RELATIVE HUMIDITY (PERCENT)
 HIGHEST    85          1200 AM
 LOWEST     56           200 PM
 AVERAGE    71

..........................................................


THE FAYETTEVILLE REGL AIRPORT NC CLIMATE NORMALS FOR TODAY
                         NORMAL    RECORD    YEAR
 MAXIMUM TEMPERATURE (F)   91       103      1914
 MINIMUM TEMPERATURE (F)   72        58      1947


SUNRISE AND SUNSET
JULY 25 2017..........SUNRISE   620 AM EDT   SUNSET   824 PM EDT
JULY 26 2017..........SUNRISE   621 AM EDT   SUNSET   823 PM EDT


-  INDICATES NEGATIVE NUMBERS.
R  INDICATES RECORD WAS SET OR TIED.
MM INDICATES DATA IS MISSING.
T  INDICATES TRACE AMOUNT.




$$
