000
CDUS42 KRAH 020750
CLIFAY


CLIMATE REPORT
NATIONAL WEATHER SERVICE RALEIGH NC
348 AM EDT SUN AUG 2 2015


...................................

...THE FAYETTEVILLE REGL AIRPORT NC CLIMATE SUMMARY FOR AUGUST 1 2015...

CLIMATE NORMAL PERIOD 1981 TO 2010
CLIMATE RECORD PERIOD 1910 TO 2015


WEATHER ITEM   OBSERVED TIME   RECORD YEAR NORMAL DEPARTURE LAST
                VALUE   (LST)  VALUE       VALUE  FROM      YEAR
                                                  NORMAL
..................................................................
TEMPERATURE (F)
 YESTERDAY
  MAXIMUM         95    413 PM 103    1953  91      4       77
  MINIMUM         72    540 AM  56    1914  71      1       69
  AVERAGE         84                        81      3       73

PRECIPITATION (IN)
  YESTERDAY        0.00          2.27 1930   0.19  -0.19     0.04
  MONTH TO DATE    0.00                      0.19  -0.19     0.04
  SINCE JUN 1     12.52                     10.46   2.06     4.59
  SINCE JAN 1     27.79                     26.13   1.66    23.04

DEGREE DAYS
 HEATING
  YESTERDAY        0                         0      0        0
  MONTH TO DATE    0                         0      0        0
  SINCE JUN 1      0                         0      0        0
  SINCE JUL 1      0                         0      0        0

 COOLING
  YESTERDAY       19                        16      3        8
  MONTH TO DATE   19                        16      3        8
  SINCE JUN 1   1063                       919    144      949
  SINCE JAN 1   1393                      1203    190     1315
..................................................................


WIND (MPH)
  HIGHEST WIND SPEED    10   HIGHEST WIND DIRECTION    SE (140)
  HIGHEST GUST SPEED    15   HIGHEST GUST DIRECTION     N (20)
  AVERAGE WIND SPEED     4.5


SKY COVER
  POSSIBLE SUNSHINE  MM
  AVERAGE SKY COVER 0.2


WEATHER CONDITIONS
 THE FOLLOWING WEATHER WAS RECORDED YESTERDAY.
  NO SIGNIFICANT WEATHER WAS OBSERVED.


RELATIVE HUMIDITY (PERCENT)
 HIGHEST    93           400 AM
 LOWEST     32          1200 PM
 AVERAGE    63

..........................................................


THE FAYETTEVILLE REGL AIRPORT NC CLIMATE NORMALS FOR TODAY
                         NORMAL    RECORD    YEAR
 MAXIMUM TEMPERATURE (F)   91       105      1980
 MINIMUM TEMPERATURE (F)   71        58      1997


SUNRISE AND SUNSET
AUGUST  2 2015........SUNRISE   626 AM EDT   SUNSET   818 PM EDT
AUGUST  3 2015........SUNRISE   626 AM EDT   SUNSET   817 PM EDT


-  INDICATES NEGATIVE NUMBERS.
R  INDICATES RECORD WAS SET OR TIED.
MM INDICATES DATA IS MISSING.
T  INDICATES TRACE AMOUNT.




$$
