000
CDUS42 KRAH 281449
CLIFAY


CLIMATE REPORT
NATIONAL WEATHER SERVICE RALEIGH NC
1047 AM EDT TUE MAR 28 2017


...................................

...THE FAYETTEVILLE REGL AIRPORT NC CLIMATE SUMMARY FOR MARCH 28 2017...
VALID AS OF 1047 AM LOCAL TIME.

CLIMATE NORMAL PERIOD 1981 TO 2010
CLIMATE RECORD PERIOD 1910 TO 2017


WEATHER ITEM   OBSERVED TIME   RECORD YEAR NORMAL DEPARTURE LAST
                VALUE   (LST)  VALUE       VALUE  FROM      YEAR
                                                  NORMAL
..................................................................
TEMPERATURE (F)
 TODAY
  MAXIMUM                       87    1945  70     -3       80
  MINIMUM         63    811 AM  17    1982  46     17       59
  AVERAGE         65                        58      7       70

PRECIPITATION (IN)
  TODAY            0.01          1.72 1941   0.14  -0.13      T
  MONTH TO DATE    1.78                      3.14  -1.36     1.01
  SINCE MAR 1      1.78                      3.14  -1.36     1.01
  SINCE JAN 1      5.20                      9.20  -4.00     8.85

..................................................................


WIND (MPH)
  HIGHEST WIND SPEED    16   HIGHEST WIND DIRECTION    SW (210)
  HIGHEST GUST SPEED    19   HIGHEST GUST DIRECTION    SW (210)
  AVERAGE WIND SPEED     9.9


SKY COVER
  POSSIBLE SUNSHINE  MM
  AVERAGE SKY COVER 0.6


WEATHER CONDITIONS
 THE FOLLOWING WEATHER WAS RECORDED TODAY.
  THUNDERSTORM
  LIGHT RAIN


RELATIVE HUMIDITY (PERCENT)
 HIGHEST    93           800 AM
 LOWEST     73          1200 AM
 AVERAGE    83

..........................................................




SUNRISE AND SUNSET
MARCH 28 2017.........SUNRISE   708 AM EDT   SUNSET   734 PM EDT
MARCH 29 2017.........SUNRISE   706 AM EDT   SUNSET   735 PM EDT


-  INDICATES NEGATIVE NUMBERS.
R  INDICATES RECORD WAS SET OR TIED.
MM INDICATES DATA IS MISSING.
T  INDICATES TRACE AMOUNT.




$$
