000
CDUS43 KLMK 300626
CLIFFT


CLIMATE REPORT
NATIONAL WEATHER SERVICE LOUISVILLE KY
226 AM EDT SAT MAY 30 2015


...................................

...THE FRANKFORT KY CLIMATE SUMMARY FOR MAY 29 2015...

CLIMATE NORMAL PERIOD 1981 TO 2010
CLIMATE RECORD PERIOD 1895 TO 2015


WEATHER ITEM   OBSERVED TIME   RECORD YEAR NORMAL DEPARTURE LAST
                VALUE   (LST)  VALUE       VALUE  FROM      YEAR
                                                  NORMAL
..................................................................
TEMPERATURE (F)
 YESTERDAY
  MAXIMUM         85    404 PM  99    1914  79      6       84
  MINIMUM         63    442 AM  40    1949  56      7       65
                                      1932
  AVERAGE         74                        68      6       75

PRECIPITATION (IN)
  YESTERDAY        T             1.67 1990   0.15  -0.15     0.55
  MONTH TO DATE    0.87                      4.57  -3.70     5.64
  SINCE MAR 1     19.79                     12.64   7.15    14.47
  SINCE JAN 1     23.35                     19.19   4.16    20.67

SNOWFALL (IN)
  YESTERDAY       MM            MM      MM  MM     MM       MM
  MONTH TO DATE   MM                        MM     MM       MM
  SINCE MAR 1     MM                        MM     MM       MM
  SINCE JUL 1     MM                        MM     MM       MM
  SNOW DEPTH      MM

DEGREE DAYS
 HEATING
  YESTERDAY        0                         2     -2        0
  MONTH TO DATE   58                       110    -52      106
  SINCE MAR 1   1003                      1049    -46     1108
  SINCE JUL 1   5123                      4688    435     5220

 COOLING
  YESTERDAY        9                         4      5       10
  MONTH TO DATE  130                        70     60       98
  SINCE MAR 1    138                        90     48      106
  SINCE JAN 1    138                        90     48      106
..................................................................


WIND (MPH)
  HIGHEST WIND SPEED    18   HIGHEST WIND DIRECTION    SW (210)
  HIGHEST GUST SPEED    22   HIGHEST GUST DIRECTION    SW (220)
  AVERAGE WIND SPEED     6.8


SKY COVER
  POSSIBLE SUNSHINE  MM
  AVERAGE SKY COVER 0.4


WEATHER CONDITIONS
 THE FOLLOWING WEATHER WAS RECORDED YESTERDAY.
  FOG


RELATIVE HUMIDITY (PERCENT)
 HIGHEST   100           600 AM
 LOWEST     55           400 PM
 AVERAGE    78

..........................................................


THE FRANKFORT KY CLIMATE NORMALS FOR TODAY
                         NORMAL    RECORD    YEAR
 MAXIMUM TEMPERATURE (F)   79        96      1895
 MINIMUM TEMPERATURE (F)   57        39      1992
                                             1947


SUNRISE AND SUNSET
MAY 30 2015...........SUNRISE   619 AM EDT   SUNSET   855 PM EDT
MAY 31 2015...........SUNRISE   619 AM EDT   SUNSET   856 PM EDT


-  INDICATES NEGATIVE NUMBERS.
R  INDICATES RECORD WAS SET OR TIED.
MM INDICATES DATA IS MISSING.
T  INDICATES TRACE AMOUNT.




$$
