000
CDUS43 KLMK 230627
CLIFFT


CLIMATE REPORT
NATIONAL WEATHER SERVICE LOUISVILLE KY
227 AM EDT SAT SEP 23 2017


...................................

...THE FRANKFORT KY CLIMATE SUMMARY FOR SEPTEMBER 22 2017...

CLIMATE NORMAL PERIOD 1981 TO 2010
CLIMATE RECORD PERIOD 1895 TO 2017


WEATHER ITEM   OBSERVED TIME   RECORD YEAR NORMAL DEPARTURE LAST
                VALUE   (LST)  VALUE       VALUE  FROM      YEAR
                                                  NORMAL
..................................................................
TEMPERATURE (F)
 YESTERDAY
  MAXIMUM         90    219 PM  97    1936  77     13       91
                                      1931
  MINIMUM         64    606 AM  36    1918  53     11       59
  AVERAGE         77                        65     12       75

PRECIPITATION (IN)
  YESTERDAY        0.00          3.85 1979   0.09  -0.09     0.00
  MONTH TO DATE    4.96                      2.44   2.52     0.92
  SINCE SEP 1      4.96                      2.44   2.52     0.92
  SINCE JAN 1     38.68                     33.75   4.93    36.97

SNOWFALL (IN)
  YESTERDAY       MM            MM      MM  MM     MM       MM
  MONTH TO DATE   MM                        MM     MM       MM
  SINCE SEP 1     MM                        MM     MM       MM
  SINCE JUL 1     MM                        MM     MM       MM
  SNOW DEPTH      MM

DEGREE DAYS
 HEATING
  YESTERDAY        0                         3     -3        0
  MONTH TO DATE   29                        21      8        0
  SINCE SEP 1     29                        21      8        0
  SINCE JUL 1     29                        22      7        0

 COOLING
  YESTERDAY       12                         3      9       10
  MONTH TO DATE   87                       115    -28      224
  SINCE SEP 1     87                       115    -28      224
  SINCE JAN 1   1174                      1117     57     1515
..................................................................


WIND (MPH)
  HIGHEST WIND SPEED    10   HIGHEST WIND DIRECTION     E (70)
  HIGHEST GUST SPEED    13   HIGHEST GUST DIRECTION     E (100)
  AVERAGE WIND SPEED     1.8


SKY COVER
  POSSIBLE SUNSHINE  MM
  AVERAGE SKY COVER 0.1


WEATHER CONDITIONS
 THE FOLLOWING WEATHER WAS RECORDED YESTERDAY.
  FOG
  FOG W/VISIBILITY <= 1/4 MILE
  HAZE


RELATIVE HUMIDITY (PERCENT)
 HIGHEST    93           300 AM
 LOWEST     41           200 PM
 AVERAGE    67

..........................................................


THE FRANKFORT KY CLIMATE NORMALS FOR TODAY
                         NORMAL    RECORD    YEAR
 MAXIMUM TEMPERATURE (F)   77        94      2010
                                             2007
                                             1945
 MINIMUM TEMPERATURE (F)   53        33      1982


SUNRISE AND SUNSET
SEPTEMBER 23 2017.....SUNRISE   728 AM EDT   SUNSET   735 PM EDT
SEPTEMBER 24 2017.....SUNRISE   729 AM EDT   SUNSET   733 PM EDT


-  INDICATES NEGATIVE NUMBERS.
R  INDICATES RECORD WAS SET OR TIED.
MM INDICATES DATA IS MISSING.
T  INDICATES TRACE AMOUNT.




$$
