000
CSUS97 KFGF 290648
CLIFGF


CLIMATE REPORT
NATIONAL WEATHER SERVICE EASTERN NORTH DAKOTA/GRAND FORKS
145 AM CDT FRI AUG 29 2014


...................................

...THE GRAND FORKS UNIV. (NWS) ND CLIMATE SUMMARY FOR AUGUST 28 2014...

CLIMATE NORMAL PERIOD 1981 TO 2010
CLIMATE RECORD PERIOD 1890 TO 2014


WEATHER ITEM   OBSERVED TIME   RECORD YEAR NORMAL DEPARTURE LAST
                VALUE   (LST)  VALUE       VALUE  FROM      YEAR
                                                  NORMAL
..................................................................
TEMPERATURE (F)
 YESTERDAY
  MAXIMUM         75        MM  99    1991  78     -3       93
  MINIMUM         60        MM  34    1986  54      6       71
                                      1965
  AVERAGE         68                        66      2       82

PRECIPITATION (IN)
  YESTERDAY        0.00          2.45   MM   0.10  -0.10     0.00
  MONTH TO DATE    3.11                      2.85   0.26     0.32
  SINCE JUN 1     13.30                      9.76   3.54     4.70
  SINCE JAN 1     20.29                     15.81   4.48    12.91

SNOWFALL (IN)
  YESTERDAY        0.0           0.0  2002   0.0    0.0      0.0
  MONTH TO DATE    0.0                       0.0    0.0      0.0
  SINCE JUN 1      0.0                       0.0    0.0      0.0
  SINCE JUL 1      0.0                       0.0    0.0      0.0
  SNOW DEPTH       0

DEGREE DAYS
 HEATING
  YESTERDAY        0                         2     -2        0
  MONTH TO DATE   20                        35    -15       35
  SINCE JUN 1    104                       141    -37      134
  SINCE JUL 1     52                        58     -6       59

 COOLING
  YESTERDAY        3                         3      0       17
  MONTH TO DATE  121                       136    -15      147
  SINCE JUN 1    308                       398    -90      443
  SINCE JAN 1    363                       424    -61      452
..................................................................


WIND (MPH)
  RESULTANT WIND SPEED  MM   RESULTANT WIND DIRECTION  MM
  HIGHEST WIND SPEED    MM   HIGHEST WIND DIRECTION    MM
  HIGHEST GUST SPEED    MM   HIGHEST GUST DIRECTION    MM
  AVERAGE WIND SPEED    MM


SKY COVER
  POSSIBLE SUNSHINE  MM
  AVERAGE SKY COVER  MM


WEATHER CONDITIONS
 THE FOLLOWING WEATHER WAS RECORDED YESTERDAY.
  NO SIGNIFICANT WEATHER WAS OBSERVED.


RELATIVE HUMIDITY (PERCENT)
 HIGHEST    MM
 LOWEST     MM
 AVERAGE    MM

..........................................................


THE GRAND FORKS UNIV. (NWS) ND CLIMATE NORMALS FOR TODAY
                         NORMAL    RECORD    YEAR
 MAXIMUM TEMPERATURE (F)   77        95      1972
                                             1961
 MINIMUM TEMPERATURE (F)   53        35      1915


SUNRISE AND SUNSET
AUGUST 29 2014........SUNRISE   642 AM CDT   SUNSET   815 PM CDT
AUGUST 30 2014........SUNRISE   644 AM CDT   SUNSET   813 PM CDT


-  INDICATES NEGATIVE NUMBERS.
R  INDICATES RECORD WAS SET OR TIED.
MM INDICATES DATA IS MISSING.
T  INDICATES TRACE AMOUNT.




$$
