000
CDUS43 KFGF 050722
CLIFGF


CLIMATE REPORT
NATIONAL WEATHER SERVICE EASTERN NORTH DAKOTA/GRAND FORKS
119 AM CST THU MAR 5 2015


...................................

...THE GRAND FORKS UNIV. (NWS) ND CLIMATE SUMMARY FOR MARCH 4 2015...

CLIMATE NORMAL PERIOD 1981 TO 2010
CLIMATE RECORD PERIOD 1890 TO 2015


WEATHER ITEM   OBSERVED TIME   RECORD YEAR NORMAL DEPARTURE LAST
                VALUE   (LST)  VALUE       VALUE  FROM      YEAR
                                                  NORMAL
..................................................................
TEMPERATURE (F)
 YESTERDAY
  MAXIMUM          4        MM  53    2000  28    -24        8
  MINIMUM        -10        MM -33    1917  12    -22       -5
  AVERAGE         -3                        20    -23        2

PRECIPITATION (IN)
  YESTERDAY        0.00          0.62   MM   0.03  -0.03      T
  MONTH TO DATE    T                         0.12  -0.12     0.08
  SINCE MAR 1      T                         0.12  -0.12     0.08
  SINCE JAN 1      0.53                      1.42  -0.89     0.81

SNOWFALL (IN)
  YESTERDAY        0.0           7.0  2013   0.3   -0.3      0.1
  MONTH TO DATE    T                         1.1   -1.1      1.1
  SINCE MAR 1      T                         1.1   -1.1      1.1
  SINCE JUL 1     16.3                      36.4  -20.1     46.8
  SNOW DEPTH       3

DEGREE DAYS
 HEATING
  YESTERDAY       68                        45     23       63
  MONTH TO DATE  227                       182     45      287
  SINCE MAR 1    227                       182     45      287
  SINCE JUL 1   7076                      7142    -66     8033

 COOLING
  YESTERDAY        0                         0      0        0
  MONTH TO DATE    0                         0      0        0
  SINCE MAR 1      0                         0      0        0
  SINCE JAN 1      0                         0      0        0
..................................................................


WIND (MPH)
  RESULTANT WIND SPEED  MM   RESULTANT WIND DIRECTION  MM
  HIGHEST WIND SPEED    MM   HIGHEST WIND DIRECTION    MM
  HIGHEST GUST SPEED    MM   HIGHEST GUST DIRECTION    MM
  AVERAGE WIND SPEED    MM


SKY COVER
  POSSIBLE SUNSHINE  MM
  AVERAGE SKY COVER  MM


WEATHER CONDITIONS
 THE FOLLOWING WEATHER WAS RECORDED YESTERDAY.
  NO SIGNIFICANT WEATHER WAS OBSERVED.


RELATIVE HUMIDITY (PERCENT)
 HIGHEST    MM
 LOWEST     MM
 AVERAGE    MM

..........................................................


THE GRAND FORKS UNIV. (NWS) ND CLIMATE NORMALS FOR TODAY
                         NORMAL    RECORD    YEAR
 MAXIMUM TEMPERATURE (F)   29        63      2000
 MINIMUM TEMPERATURE (F)   12       -22      1920


SUNRISE AND SUNSET
MARCH  5 2015.........SUNRISE   702 AM CST   SUNSET   619 PM CST
MARCH  6 2015.........SUNRISE   700 AM CST   SUNSET   620 PM CST


-  INDICATES NEGATIVE NUMBERS.
R  INDICATES RECORD WAS SET OR TIED.
MM INDICATES DATA IS MISSING.
T  INDICATES TRACE AMOUNT.




$$
