000
CSUS97 KFGF 222156
CLIFGF


CLIMATE REPORT
NATIONAL WEATHER SERVICE EASTERN NORTH DAKOTA/GRAND FORKS
455 PM CDT MON SEP 22 2014


...................................

...THE GRAND FORKS UNIV. (NWS) ND CLIMATE SUMMARY FOR SEPTEMBER 22 2014...
VALID TODAY AS OF 0400 PM LOCAL TIME.

CLIMATE NORMAL PERIOD 1981 TO 2010
CLIMATE RECORD PERIOD 1890 TO 2014


WEATHER ITEM   OBSERVED TIME   RECORD YEAR NORMAL DEPARTURE LAST
                VALUE   (LST)  VALUE       VALUE  FROM      YEAR
                                                  NORMAL
..................................................................
TEMPERATURE (F)
 TODAY
  MAXIMUM         77        MM  96    1936  67     10       78
                                      1922
  MINIMUM         45        MM  21    1974  44      1       46
  AVERAGE         61                        55      6       62

PRECIPITATION (IN)
  TODAY            0.00          0.97   MM   0.06  -0.06     0.00
  MONTH TO DATE    1.06                      1.53  -0.47     0.60
  SINCE SEP 1      1.06                      1.53  -0.47     0.60
  SINCE JAN 1     21.48                     17.63   3.85    14.04

SNOWFALL (IN)
  TODAY            0.0           0.0    MM   0.0    0.0      0.0
  MONTH TO DATE    0.0                       0.0    0.0      0.0
  SINCE SEP 1      0.0                       0.0    0.0      0.0
  SINCE JUL 1      0.0                       0.0    0.0      0.0
  SNOW DEPTH       0

DEGREE DAYS
 HEATING
  TODAY            4                        10     -6        3
  MONTH TO DATE  157                       144     13       86
  SINCE SEP 1    157                       144     13       86
  SINCE JUL 1    213                       208      5      145

 COOLING
  TODAY            0                         0      0        0
  MONTH TO DATE   12                        28    -16       34
  SINCE SEP 1     12                        28    -16       34
  SINCE JAN 1    376                       460    -84      516
..................................................................


WIND (MPH)
  HIGHEST WIND SPEED    MM   HIGHEST WIND DIRECTION    MM
  HIGHEST GUST SPEED    MM   HIGHEST GUST DIRECTION    MM
  AVERAGE WIND SPEED    MM


SKY COVER
  POSSIBLE SUNSHINE  MM
  AVERAGE SKY COVER  MM


WEATHER CONDITIONS
 THE FOLLOWING WEATHER WAS RECORDED TODAY.
  NO SIGNIFICANT WEATHER WAS OBSERVED.


RELATIVE HUMIDITY (PERCENT)
 HIGHEST    MM
 LOWEST     MM
 AVERAGE    MM

..........................................................


THE GRAND FORKS UNIV. (NWS) ND CLIMATE NORMALS FOR TOMORROW
                         NORMAL    RECORD    YEAR
 MAXIMUM TEMPERATURE (F)   66        91      2007
 MINIMUM TEMPERATURE (F)   43        25      1989
                                             1976


SUNRISE AND SUNSET
SEPTEMBER 22 2014.....SUNRISE   715 AM CDT   SUNSET   726 PM CDT
SEPTEMBER 23 2014.....SUNRISE   716 AM CDT   SUNSET   724 PM CDT


-  INDICATES NEGATIVE NUMBERS.
R  INDICATES RECORD WAS SET OR TIED.
MM INDICATES DATA IS MISSING.
T  INDICATES TRACE AMOUNT.




$$
