000
CSUS97 KFGF 010657
CLIFGF


CLIMATE REPORT
NATIONAL WEATHER SERVICE EASTERN NORTH DAKOTA/GRAND FORKS
155 AM CDT WED OCT 1 2014


...................................

...THE GRAND FORKS UNIV. (NWS) ND CLIMATE SUMMARY FOR SEPTEMBER 30 2014...

CLIMATE NORMAL PERIOD 1981 TO 2010
CLIMATE RECORD PERIOD 1890 TO 2014


WEATHER ITEM   OBSERVED TIME   RECORD YEAR NORMAL DEPARTURE LAST
                VALUE   (LST)  VALUE       VALUE  FROM      YEAR
                                                  NORMAL
..................................................................
TEMPERATURE (F)
 YESTERDAY
  MAXIMUM         61        MM  90    1976  63     -2       71
  MINIMUM         41        MM  21    1907  40      1       50
  AVERAGE         51                        52     -1       61

PRECIPITATION (IN)
  YESTERDAY        0.06          0.82   MM   0.07  -0.01      T
  MONTH TO DATE    1.32                      2.05  -0.73     2.07
  SINCE SEP 1      1.32                      2.05  -0.73     2.07
  SINCE JAN 1     21.74                     18.15   3.59    15.51

SNOWFALL (IN)
  YESTERDAY        0.0           0.0    MM   0.0    0.0      0.0
  MONTH TO DATE    0.0                       0.0    0.0      0.0
  SINCE SEP 1      0.0                       0.0    0.0      0.0
  SINCE JUL 1      0.0                       0.0    0.0      0.0
  SNOW DEPTH       0

DEGREE DAYS
 HEATING
  YESTERDAY       14                        14      0        4
  MONTH TO DATE  197                       242    -45      120
  SINCE SEP 1    197                       240    -43      120
  SINCE JUL 1    253                       304    -51      179

 COOLING
  YESTERDAY        0                         0      0        0
  MONTH TO DATE   31                        30      1       46
  SINCE SEP 1     31                        30      1       46
  SINCE JAN 1    395                       462    -67      528
..................................................................


WIND (MPH)
  RESULTANT WIND SPEED  MM   RESULTANT WIND DIRECTION  MM
  HIGHEST WIND SPEED    MM   HIGHEST WIND DIRECTION    MM
  HIGHEST GUST SPEED    MM   HIGHEST GUST DIRECTION    MM
  AVERAGE WIND SPEED    MM


SKY COVER
  POSSIBLE SUNSHINE  MM
  AVERAGE SKY COVER  MM


WEATHER CONDITIONS
 THE FOLLOWING WEATHER WAS RECORDED YESTERDAY.
  LIGHT RAIN


RELATIVE HUMIDITY (PERCENT)
 HIGHEST    MM
 LOWEST     MM
 AVERAGE    MM

..........................................................


THE GRAND FORKS UNIV. (NWS) ND CLIMATE NORMALS FOR TODAY
                         NORMAL    RECORD    YEAR
 MAXIMUM TEMPERATURE (F)   62        94      1922
 MINIMUM TEMPERATURE (F)   40        19      1936


SUNRISE AND SUNSET
OCTOBER  1 2014.......SUNRISE   728 AM CDT   SUNSET   708 PM CDT
OCTOBER  2 2014.......SUNRISE   729 AM CDT   SUNSET   706 PM CDT


-  INDICATES NEGATIVE NUMBERS.
R  INDICATES RECORD WAS SET OR TIED.
MM INDICATES DATA IS MISSING.
T  INDICATES TRACE AMOUNT.




$$
