000
CDUS43 KFGF 230635
CLIFGF


CLIMATE REPORT
NATIONAL WEATHER SERVICE EASTERN NORTH DAKOTA/GRAND FORKS
134 AM CDT WED AUG 23 2017


...................................

...THE GRAND FORKS UNIV. (NWS) ND CLIMATE SUMMARY FOR AUGUST 22 2017...

CLIMATE NORMAL PERIOD 1981 TO 2010
CLIMATE RECORD PERIOD 1893 TO 2017


WEATHER ITEM   OBSERVED TIME   RECORD YEAR NORMAL DEPARTURE LAST
                VALUE   (LST)  VALUE       VALUE  FROM      YEAR
                                                  NORMAL
..................................................................
TEMPERATURE (F)
 YESTERDAY
  MAXIMUM         78        MM  99    1947  80     -2       84
  MINIMUM         49        MM  34    1908  55     -6       57
  AVERAGE         64                        68     -4       71

PRECIPITATION (IN)
  YESTERDAY        0.00          1.53 2015   0.11  -0.11     0.00
  MONTH TO DATE    0.85                      2.22  -1.37     3.50
  SINCE JUN 1      7.85                      9.13  -1.28    13.68
  SINCE JAN 1     12.42                     15.18  -2.76    20.78

SNOWFALL (IN)
  YESTERDAY        0.0           0.0    MM   0.0    0.0      0.0
  MONTH TO DATE    0.0                       0.0    0.0      0.0
  SINCE JUN 1      T                         0.0    0.0      0.0
  SINCE JUL 1      T                         0.0    0.0      0.0
  SNOW DEPTH       0

DEGREE DAYS
 HEATING
  YESTERDAY        1                         2     -1        0
  MONTH TO DATE    4                        23    -19        4
  SINCE JUN 1     58                       129    -71       58
  SINCE JUL 1     13                        46    -33       12

 COOLING
  YESTERDAY        0                         4     -4        6
  MONTH TO DATE   59                       115    -56      126
  SINCE JUN 1    373                       377     -4      385
  SINCE JAN 1    373                       403    -30      409
..................................................................


WIND (MPH)
  RESULTANT WIND SPEED  MM   RESULTANT WIND DIRECTION  MM
  HIGHEST WIND SPEED    MM   HIGHEST WIND DIRECTION    MM
  HIGHEST GUST SPEED    MM   HIGHEST GUST DIRECTION    MM
  AVERAGE WIND SPEED    MM


SKY COVER
  POSSIBLE SUNSHINE  MM
  AVERAGE SKY COVER  MM


WEATHER CONDITIONS
 THE FOLLOWING WEATHER WAS RECORDED YESTERDAY.
  NO SIGNIFICANT WEATHER WAS OBSERVED.


RELATIVE HUMIDITY (PERCENT)
 HIGHEST    MM
 LOWEST     MM
 AVERAGE    MM

..........................................................


THE GRAND FORKS UNIV. (NWS) ND CLIMATE NORMALS FOR TODAY
                         NORMAL    RECORD    YEAR
 MAXIMUM TEMPERATURE (F)   79       101      1929
 MINIMUM TEMPERATURE (F)   55        35      1942


SUNRISE AND SUNSET
AUGUST 23 2017........SUNRISE   635 AM CDT   SUNSET   826 PM CDT
AUGUST 24 2017........SUNRISE   636 AM CDT   SUNSET   824 PM CDT


-  INDICATES NEGATIVE NUMBERS.
R  INDICATES RECORD WAS SET OR TIED.
MM INDICATES DATA IS MISSING.
T  INDICATES TRACE AMOUNT.




$$
