000
CDUS43 KFGF 010645
CLIFGF


CLIMATE REPORT
NATIONAL WEATHER SERVICE EASTERN NORTH DAKOTA/GRAND FORKS
145 AM CDT WED JUL 1 2015


...................................

...THE GRAND FORKS UNIV. (NWS) ND CLIMATE SUMMARY FOR JUNE 30 2015...

CLIMATE NORMAL PERIOD 1981 TO 2010
CLIMATE RECORD PERIOD 1890 TO 2015


WEATHER ITEM   OBSERVED TIME   RECORD YEAR NORMAL DEPARTURE LAST
                VALUE   (LST)  VALUE       VALUE  FROM      YEAR
                                                  NORMAL
..................................................................
TEMPERATURE (F)
 YESTERDAY
  MAXIMUM         75        MM 100    1921  80     -5       71
  MINIMUM         57        MM  41    1965  58     -1       61
  AVERAGE         66                        68     -2       66

PRECIPITATION (IN)
  YESTERDAY        0.00          1.30 1991   0.12  -0.12     0.12
  MONTH TO DATE    2.32                      3.74  -1.42     6.75
  SINCE JUN 1      2.32                      3.74  -1.42     6.75
  SINCE JAN 1      8.22                      9.79  -1.57    13.74

SNOWFALL (IN)
  YESTERDAY        0.0           0.0    MM   0.0    0.0      0.0
  MONTH TO DATE    0.1                       0.0    0.1      0.0
  SINCE JUN 1      0.1                       0.0    0.1      0.0
  SINCE JUL 1     19.4                      43.4  -24.0     60.3
  SNOW DEPTH       0

DEGREE DAYS
 HEATING
  YESTERDAY        0                         1     -1        0
  MONTH TO DATE   46                        82    -36       52
  SINCE JUN 1     46                        83    -37       52
  SINCE JUL 1   8845                      9208   -363    10423

 COOLING
  YESTERDAY        1                         5     -4        1
  MONTH TO DATE   98                        91      7       63
  SINCE JUN 1     98                        91      7       63
  SINCE JAN 1    109                       117     -8      118
..................................................................


WIND (MPH)
  RESULTANT WIND SPEED  MM   RESULTANT WIND DIRECTION  MM
  HIGHEST WIND SPEED    MM   HIGHEST WIND DIRECTION    MM
  HIGHEST GUST SPEED    MM   HIGHEST GUST DIRECTION    MM
  AVERAGE WIND SPEED    MM


SKY COVER
  POSSIBLE SUNSHINE  MM
  AVERAGE SKY COVER  MM


WEATHER CONDITIONS
 THE FOLLOWING WEATHER WAS RECORDED YESTERDAY.
  NO SIGNIFICANT WEATHER WAS OBSERVED.


RELATIVE HUMIDITY (PERCENT)
 HIGHEST    MM
 LOWEST     MM
 AVERAGE    MM

..........................................................


THE GRAND FORKS UNIV. (NWS) ND CLIMATE NORMALS FOR TODAY
                         NORMAL    RECORD    YEAR
 MAXIMUM TEMPERATURE (F)   80        99      1921
 MINIMUM TEMPERATURE (F)   58        38      1908


SUNRISE AND SUNSET
JULY  1 2015..........SUNRISE   533 AM CDT   SUNSET   931 PM CDT
JULY  2 2015..........SUNRISE   534 AM CDT   SUNSET   931 PM CDT


-  INDICATES NEGATIVE NUMBERS.
R  INDICATES RECORD WAS SET OR TIED.
MM INDICATES DATA IS MISSING.
T  INDICATES TRACE AMOUNT.




$$
