902
CDUS43 KFGF 040634
CLIFGF


CLIMATE REPORT
NATIONAL WEATHER SERVICE EASTERN NORTH DAKOTA/GRAND FORKS
133 AM CDT WED MAY 4 2016


...................................

...THE GRAND FORKS UNIV. (NWS) ND CLIMATE SUMMARY FOR MAY 3 2016...

CLIMATE NORMAL PERIOD 1981 TO 2010
CLIMATE RECORD PERIOD 1890 TO 2016


WEATHER ITEM   OBSERVED TIME   RECORD YEAR NORMAL DEPARTURE LAST
                VALUE   (LST)  VALUE       VALUE  FROM      YEAR
                                                  NORMAL
..................................................................
TEMPERATURE (F)
 YESTERDAY
  MAXIMUM         67        MM  91    1952  64      3       69
  MINIMUM         45        MM   5    1967  39      6       46
  AVERAGE         56                        51      5       58

PRECIPITATION (IN)
  YESTERDAY        0.00          1.18 1899   0.06  -0.06     0.00
  MONTH TO DATE    0.00                      0.18  -0.18     0.04
  SINCE MAR 1      2.79                      2.18   0.61     1.06
  SINCE JAN 1      3.44                      3.48  -0.04     1.59

SNOWFALL (IN)
  YESTERDAY        0.0           0.7  1954   0.0    0.0      0.0
  MONTH TO DATE    0.0                       0.0    0.0      0.0
  SINCE MAR 1      2.3                       8.0   -5.7      3.0
  SINCE JUL 1     29.6                      43.3  -13.7     19.3
  SNOW DEPTH       0

DEGREE DAYS
 HEATING
  YESTERDAY        9                        14     -5        7
  MONTH TO DATE   31                        43    -12       12
  SINCE MAR 1   1638                      1898   -260     1616
  SINCE JUL 1   7570                      8858  -1288     8465

 COOLING
  YESTERDAY        0                         0      0        0
  MONTH TO DATE    0                         0      0        2
  SINCE MAR 1      0                         3     -3        2
  SINCE JAN 1      0                         3     -3        2
..................................................................


WIND (MPH)
  RESULTANT WIND SPEED  MM   RESULTANT WIND DIRECTION  MM
  HIGHEST WIND SPEED    MM   HIGHEST WIND DIRECTION    MM
  HIGHEST GUST SPEED    MM   HIGHEST GUST DIRECTION    MM
  AVERAGE WIND SPEED    MM


SKY COVER
  POSSIBLE SUNSHINE  MM
  AVERAGE SKY COVER  MM


WEATHER CONDITIONS
 THE FOLLOWING WEATHER WAS RECORDED YESTERDAY.
  NO SIGNIFICANT WEATHER WAS OBSERVED.


RELATIVE HUMIDITY (PERCENT)
 HIGHEST    MM
 LOWEST     MM
 AVERAGE    MM

..........................................................


THE GRAND FORKS UNIV. (NWS) ND CLIMATE NORMALS FOR TODAY
                         NORMAL    RECORD    YEAR
 MAXIMUM TEMPERATURE (F)   64        94      1985
 MINIMUM TEMPERATURE (F)   39        21      1921


SUNRISE AND SUNSET
MAY  4 2016...........SUNRISE   605 AM CDT   SUNSET   846 PM CDT
MAY  5 2016...........SUNRISE   603 AM CDT   SUNSET   848 PM CDT


-  INDICATES NEGATIVE NUMBERS.
R  INDICATES RECORD WAS SET OR TIED.
MM INDICATES DATA IS MISSING.
T  INDICATES TRACE AMOUNT.




$$
