000
CDUS43 KFGF 250723
CLIFGF


CLIMATE REPORT
NATIONAL WEATHER SERVICE EASTERN NORTH DAKOTA/GRAND FORKS
123 AM CST SUN FEB 25 2018


...................................

...THE GRAND FORKS UNIV. (NWS) ND CLIMATE SUMMARY FOR FEBRUARY 24 2018...

CLIMATE NORMAL PERIOD 1981 TO 2010
CLIMATE RECORD PERIOD 1893 TO 2018


WEATHER ITEM   OBSERVED TIME   RECORD YEAR NORMAL DEPARTURE LAST
                VALUE   (LST)  VALUE       VALUE  FROM      YEAR
                                                  NORMAL
..................................................................
TEMPERATURE (F)
 YESTERDAY
  MAXIMUM         15        MM  51    1976  25    -10       22
  MINIMUM         -3        MM -29    1950   8    -11       12
  AVERAGE          6                        17    -11       17

PRECIPITATION (IN)
  YESTERDAY        0.12          0.39 1977   0.03   0.09      T
  MONTH TO DATE    0.51                      0.48   0.03     0.43
  SINCE DEC 1      2.11                      1.84   0.27     2.87
  SINCE JAN 1      1.13                      1.19  -0.06     1.03

SNOWFALL (IN)
  YESTERDAY        1.7           4.0  2001   0.2    1.5       T
  MONTH TO DATE    9.6                       5.8    3.8      4.0
  SINCE DEC 1     30.2                      27.1    3.1     40.8
  SINCE JUL 1     38.6                      34.2    4.4     41.7
  SNOW DEPTH       8

DEGREE DAYS
 HEATING
  YESTERDAY       59                        48     11       48
  MONTH TO DATE 1466                      1253    213     1066
  SINCE DEC 1   4834                      4677    157     4302
  SINCE JUL 1   6794                      6771     23     5756

 COOLING
  YESTERDAY        0                         0      0        0
  MONTH TO DATE    0                         0      0        0
  SINCE DEC 1      0                         0      0        0
  SINCE JAN 1      0                         0      0        0
..................................................................


WIND (MPH)
  RESULTANT WIND SPEED  MM   RESULTANT WIND DIRECTION  MM
  HIGHEST WIND SPEED    MM   HIGHEST WIND DIRECTION    MM
  HIGHEST GUST SPEED    MM   HIGHEST GUST DIRECTION    MM
  AVERAGE WIND SPEED    MM


SKY COVER
  POSSIBLE SUNSHINE  MM
  AVERAGE SKY COVER  MM


WEATHER CONDITIONS
 THE FOLLOWING WEATHER WAS RECORDED YESTERDAY.
  LIGHT SNOW


RELATIVE HUMIDITY (PERCENT)
 HIGHEST    MM
 LOWEST     MM
 AVERAGE    MM

..........................................................


THE GRAND FORKS UNIV. (NWS) ND CLIMATE NORMALS FOR TODAY
                         NORMAL    RECORD    YEAR
 MAXIMUM TEMPERATURE (F)   26        65      1958
 MINIMUM TEMPERATURE (F)    9       -27      1897


SUNRISE AND SUNSET
FEBRUARY 25 2018......SUNRISE   717 AM CST   SUNSET   607 PM CST
FEBRUARY 26 2018......SUNRISE   715 AM CST   SUNSET   608 PM CST


-  INDICATES NEGATIVE NUMBERS.
R  INDICATES RECORD WAS SET OR TIED.
MM INDICATES DATA IS MISSING.
T  INDICATES TRACE AMOUNT.




$$
