000
CDUS43 KFGF 250645
CLIFGF


CLIMATE REPORT
NATIONAL WEATHER SERVICE EASTERN NORTH DAKOTA/GRAND FORKS
143 AM CDT THU AUG 25 2016


...................................

...THE GRAND FORKS UNIV. (NWS) ND CLIMATE SUMMARY FOR AUGUST 24 2016...

CLIMATE NORMAL PERIOD 1981 TO 2010
CLIMATE RECORD PERIOD 1890 TO 2016


WEATHER ITEM   OBSERVED TIME   RECORD YEAR NORMAL DEPARTURE LAST
                VALUE   (LST)  VALUE       VALUE  FROM      YEAR
                                                  NORMAL
..................................................................
TEMPERATURE (F)
 YESTERDAY
  MAXIMUM         75        MM  99    1976  79     -4       69
  MINIMUM         57        MM  34    1923  55      2       48
                                      1908
  AVERAGE         66                        67     -1       59

PRECIPITATION (IN)
  YESTERDAY        0.00          1.83 2014   0.11  -0.11     0.00
  MONTH TO DATE    3.86                      2.44   1.42     2.49
  SINCE JUN 1     14.04                      9.35   4.69     9.76
  SINCE JAN 1     21.14                     15.40   5.74    15.66

SNOWFALL (IN)
  YESTERDAY        0.0           0.0    MM   0.0    0.0      0.0
  MONTH TO DATE    T                         0.0    0.0      0.0
  SINCE JUN 1      T                         0.0    0.0      0.0
  SINCE JUL 1      T                         0.0    0.0      0.0
  SNOW DEPTH       0

DEGREE DAYS
 HEATING
  YESTERDAY        0                         2     -2        6
  MONTH TO DATE    4                        27    -23       26
  SINCE JUN 1     58                       133    -75       84
  SINCE JUL 1     12                        50    -38       38

 COOLING
  YESTERDAY        1                         4     -3        0
  MONTH TO DATE  139                       123     16      125
  SINCE JUN 1    398                       385     13      445
  SINCE JAN 1    422                       411     11      456
..................................................................


WIND (MPH)
  RESULTANT WIND SPEED  MM   RESULTANT WIND DIRECTION  MM
  HIGHEST WIND SPEED    MM   HIGHEST WIND DIRECTION    MM
  HIGHEST GUST SPEED    MM   HIGHEST GUST DIRECTION    MM
  AVERAGE WIND SPEED    MM


SKY COVER
  POSSIBLE SUNSHINE  MM
  AVERAGE SKY COVER  MM


WEATHER CONDITIONS
 THE FOLLOWING WEATHER WAS RECORDED YESTERDAY.
  NO SIGNIFICANT WEATHER WAS OBSERVED.


RELATIVE HUMIDITY (PERCENT)
 HIGHEST    MM
 LOWEST     MM
 AVERAGE    MM

..........................................................


THE GRAND FORKS UNIV. (NWS) ND CLIMATE NORMALS FOR TODAY
                         NORMAL    RECORD    YEAR
 MAXIMUM TEMPERATURE (F)   79        96      2013
                                             1953
 MINIMUM TEMPERATURE (F)   55        36      1908


SUNRISE AND SUNSET
AUGUST 25 2016........SUNRISE   638 AM CDT   SUNSET   822 PM CDT
AUGUST 26 2016........SUNRISE   639 AM CDT   SUNSET   820 PM CDT


-  INDICATES NEGATIVE NUMBERS.
R  INDICATES RECORD WAS SET OR TIED.
MM INDICATES DATA IS MISSING.
T  INDICATES TRACE AMOUNT.




$$
