000
CDUS43 KFGF 120646
CLIFGF


CLIMATE REPORT
NATIONAL WEATHER SERVICE EASTERN NORTH DAKOTA/GRAND FORKS
1245 AM CST TUE DEC 12 2017


...................................

...THE GRAND FORKS UNIV. (NWS) ND CLIMATE SUMMARY FOR DECEMBER 11 2017...

CLIMATE NORMAL PERIOD 1981 TO 2010
CLIMATE RECORD PERIOD 1893 TO 2017


WEATHER ITEM   OBSERVED TIME   RECORD YEAR NORMAL DEPARTURE LAST
                VALUE   (LST)  VALUE       VALUE  FROM      YEAR
                                                  NORMAL
..................................................................
TEMPERATURE (F)
 YESTERDAY
  MAXIMUM         35        MM  53    1939  22     13        9
  MINIMUM          4        MM -24    1945   6     -2      -12
  AVERAGE         20                        14      6       -1

PRECIPITATION (IN)
  YESTERDAY        T             0.40 1949   0.02  -0.02     0.11
  MONTH TO DATE    0.68                      0.22   0.46     1.11
  SINCE DEC 1      0.68                      0.22   0.46     1.11
  SINCE JAN 1     18.95                     21.19  -2.24    30.54

SNOWFALL (IN)
  YESTERDAY        T             4.0  1949   0.3   -0.3      1.5
  MONTH TO DATE    6.2                       3.3    2.9     19.0
  SINCE DEC 1      6.2                       3.3    2.9     19.0
  SINCE JUL 1     14.6                      10.4    4.2     19.9
  SNOW DEPTH       4

DEGREE DAYS
 HEATING
  YESTERDAY       45                        51     -6       66
  MONTH TO DATE  466                       541    -75      516
  SINCE DEC 1    466                       541    -75      516
  SINCE JUL 1   2426                      2635   -209     1970

 COOLING
  YESTERDAY        0                         0      0        0
  MONTH TO DATE    0                         0      0        0
  SINCE DEC 1      0                         0      0        0
  SINCE JAN 1    440                       463    -23      461
..................................................................


WIND (MPH)
  RESULTANT WIND SPEED  MM   RESULTANT WIND DIRECTION  MM
  HIGHEST WIND SPEED    MM   HIGHEST WIND DIRECTION    MM
  HIGHEST GUST SPEED    MM   HIGHEST GUST DIRECTION    MM
  AVERAGE WIND SPEED    MM


SKY COVER
  POSSIBLE SUNSHINE  MM
  AVERAGE SKY COVER  MM


WEATHER CONDITIONS
 THE FOLLOWING WEATHER WAS RECORDED YESTERDAY.
  LIGHT SNOW


RELATIVE HUMIDITY (PERCENT)
 HIGHEST    MM
 LOWEST     MM
 AVERAGE    MM

..........................................................


THE GRAND FORKS UNIV. (NWS) ND CLIMATE NORMALS FOR TODAY
                         NORMAL    RECORD    YEAR
 MAXIMUM TEMPERATURE (F)   21        52      1913
 MINIMUM TEMPERATURE (F)    5       -33      1901


SUNRISE AND SUNSET
DECEMBER 12 2017......SUNRISE   809 AM CST   SUNSET   436 PM CST
DECEMBER 13 2017......SUNRISE   810 AM CST   SUNSET   436 PM CST


-  INDICATES NEGATIVE NUMBERS.
R  INDICATES RECORD WAS SET OR TIED.
MM INDICATES DATA IS MISSING.
T  INDICATES TRACE AMOUNT.




$$
