000
CDUS45 KFGZ 110933
CLIFLG
CLIMATE REPORT
NATIONAL WEATHER SERVICE FLAGSTAFF, AZ
232 AM MST THU FEB 11 2016


...................................

...THE FLAGSTAFF AZ AIRPORT CLIMATE SUMMARY FOR FEBRUARY 10 2016...

CLIMATE NORMAL PERIOD 1981 TO 2010
CLIMATE RECORD PERIOD 1898 TO 2016


WEATHER ITEM   OBSERVED TIME   RECORD YEAR NORMAL DEPARTURE LAST
                VALUE   (LST)  VALUE       VALUE  FROM      YEAR
                                                  NORMAL
..................................................................
TEMPERATURE (F)
 YESTERDAY
  MAXIMUM         64    410 PM  65    1951  44     20       61
  MINIMUM         19    744 AM -17    1933  19      0       25
  AVERAGE         42                        31     11

PRECIPITATION (IN)
  YESTERDAY        0.00          1.63 1978   0.07  -0.07     0.00
  MONTH TO DATE    0.37                      0.72  -0.35     0.00
  SINCE SEP 1     12.61                     10.44   2.17    10.02
  SINCE JAN 1      3.78                      2.77   1.01     2.19

SNOWFALL (IN)
  YESTERDAY        0.0          15.0  1978   0.8             0.0
  MONTH TO DATE    7.8                       7.8             0.0
  SINCE JUL 1     71.7                      60.1            29.7
  SNOW DEPTH       8

DEGREE DAYS
 HEATING
  YESTERDAY       23                        34    -11       22
  MONTH TO DATE  380                       340     40      220
  SINCE JUL 1   4239                      4256    -17     3569

 COOLING
  YESTERDAY        0                         0      0        0
  MONTH TO DATE    0                         0      0        0
  SINCE JAN 1      0                         0      0        0
..................................................................


WIND (MPH)
  HIGHEST WIND SPEED     9   HIGHEST WIND DIRECTION     E (80)
  HIGHEST GUST SPEED    12   HIGHEST GUST DIRECTION    NW (330)
  AVERAGE WIND SPEED     1.3


SKY COVER
  POSSIBLE SUNSHINE  MM
  AVERAGE SKY COVER 0.0


WEATHER CONDITIONS
 THE FOLLOWING WEATHER WAS RECORDED YESTERDAY.
  NO SIGNIFICANT WEATHER WAS OBSERVED.


RELATIVE HUMIDITY (PERCENT)
 HIGHEST    81          1100 PM
 LOWEST      8           300 PM
 AVERAGE    45

..........................................................


THE FLAGSTAFF AZ AIRPORT CLIMATE NORMALS FOR TODAY
                         NORMAL    RECORD    YEAR
 MAXIMUM TEMPERATURE (F)   44        62      1971
 MINIMUM TEMPERATURE (F)   19       -12      1908


SUNRISE AND SUNSET
FEBRUARY 11 2016......SUNRISE   717 AM MST   SUNSET   605 PM MST
FEBRUARY 12 2016......SUNRISE   716 AM MST   SUNSET   606 PM MST


-  INDICATES NEGATIVE NUMBERS.
R  INDICATES RECORD WAS SET OR TIED.
MM INDICATES DATA IS MISSING.
T  INDICATES TRACE AMOUNT.




$$
&&

-------------------------------------------------------------------
SNOW DEPTH DATA FOR FLAGSTAFF AIRPORT IS REPORTED AT 5 AM MST


-------------------------------------------------------------------
SUPPLEMENTARY CLIMATE DATA FOR NWS BELLEMONT, ARIZONA

SNOW DEPTH (IN) AT 11 AM........................................6
WATER EQUIVALENT OF SNOW PACK (IN) AT 11 AM*....................2.1
* ONLY MEASURED IF SNOW DEPTH IS 2.0 INCHES OR GREATER
-------------------------------------------------------------------
