000
CDUS45 KFGZ 040052
CLIFLG
CLIMATE REPORT
NATIONAL WEATHER SERVICE FLAGSTAFF, AZ
551 PM MST MON AUG 3 2015


...................................

...THE FLAGSTAFF AZ AIRPORT CLIMATE SUMMARY FOR AUGUST 3 2015...
VALID TODAY AS OF 0500 PM LOCAL TIME.

CLIMATE NORMAL PERIOD 1981 TO 2010
CLIMATE RECORD PERIOD 1898 TO 2015


WEATHER ITEM   OBSERVED TIME   RECORD YEAR NORMAL DEPARTURE LAST
                VALUE   (LST)  VALUE       VALUE  FROM      YEAR
                                                  NORMAL
..................................................................
TEMPERATURE (F)
 TODAY
  MAXIMUM         82    420 PM  91    1994  80      2       70
  MINIMUM         47    559 AM  37    1956  52     -5       55
  AVERAGE         65                        66     -1       63

PRECIPITATION (IN)
  TODAY            0.00          1.64 1907   0.11  -0.11     0.48
  MONTH TO DATE    0.02                      0.33  -0.31     1.14
  SINCE SEP 1     23.25                     19.08   4.17    15.78
  SINCE JAN 1     15.42                     11.41   4.01     8.67

SNOWFALL (IN)
  TODAY            0.0           0.0  2002   0.0    0.0      0.0
                                      2001
                                      2000
  MONTH TO DATE    0.0                       0.0    0.0      0.0
  SINCE SEP 1     62.9                     101.7  -38.8     44.4
  SNOW DEPTH       0

DEGREE DAYS
 HEATING
  TODAY            0                         1     -1        2
  MONTH TO DATE    0                         3     -3        5
  SINCE JUL 1     59                        35     24        6

 COOLING
  TODAY            0                         2     -2        0
  MONTH TO DATE    1                         6     -5        0
  SINCE JAN 1     77                        87    -10       98
..................................................................


WIND (MPH)
  HIGHEST WIND SPEED    18   HIGHEST WIND DIRECTION     S (200)
  HIGHEST GUST SPEED    25   HIGHEST GUST DIRECTION    SW (230)
  AVERAGE WIND SPEED     4.8


SKY COVER
  POSSIBLE SUNSHINE  MM
  AVERAGE SKY COVER 0.2


WEATHER CONDITIONS
 THE FOLLOWING WEATHER WAS RECORDED TODAY.
  NO SIGNIFICANT WEATHER WAS OBSERVED.


RELATIVE HUMIDITY (PERCENT)
 HIGHEST   100           300 AM
 LOWEST     20           200 PM
 AVERAGE    60

..........................................................


THE FLAGSTAFF AZ AIRPORT CLIMATE NORMALS FOR TOMORROW
                         NORMAL    RECORD    YEAR
 MAXIMUM TEMPERATURE (F)   79        91      1994
 MINIMUM TEMPERATURE (F)   52        35      1956


SUNRISE AND SUNSET
AUGUST  3 2015........SUNRISE   537 AM MST   SUNSET   728 PM MST
AUGUST  4 2015........SUNRISE   538 AM MST   SUNSET   727 PM MST


-  INDICATES NEGATIVE NUMBERS.
R  INDICATES RECORD WAS SET OR TIED.
MM INDICATES DATA IS MISSING.
T  INDICATES TRACE AMOUNT.




$$
&&

-------------------------------------------------------------------
SNOW DEPTH DATA FOR FLAGSTAFF AIRPORT IS REPORTED AT 5 AM MST


-------------------------------------------------------------------
SUPPLEMENTARY CLIMATE DATA FOR NWS BELLEMONT, ARIZONA

SNOW DEPTH (IN) AT 11 AM........................................ 0
WATER EQUIVALENT OF SNOW PACK (IN) AT 11 AM*.....................
* ONLY MEASURED IF SNOW DEPTH IS 2.0 INCHES OR GREATER
-------------------------------------------------------------------
