000
CDUS42 KMFL 180835
CLIFLL


CLIMATE REPORT
NATIONAL WEATHER SERVICE MIAMI, FL
433 AM EDT THU SEP 18 2014


...................................

...THE FORT LAUDERDALE CLIMATE SUMMARY FOR SEPTEMBER 17 2014...

CLIMATE NORMAL PERIOD 1981 TO 2010
CLIMATE RECORD PERIOD 1839 TO 2014


WEATHER ITEM   OBSERVED TIME   RECORD YEAR NORMAL DEPARTURE LAST
                VALUE   (LST)  VALUE       VALUE  FROM      YEAR
                                                  NORMAL
..................................................................
TEMPERATURE (F)
 YESTERDAY
  MAXIMUM         93    200 PM  94    1973  89      4       85
  MINIMUM         77    434 AM  67    1914  77      0       74
  AVERAGE         85                        83      2       80

PRECIPITATION (IN)
  YESTERDAY        T             6.80 1928   0.31  -0.31     1.42
  MONTH TO DATE    3.94                      4.85  -0.91     2.37
  SINCE JUN 1     27.47                     28.43  -0.96    34.62
  SINCE JAN 1     48.07                     45.92   2.15    59.40

SNOWFALL (IN)
  YESTERDAY        0.0
  MONTH TO DATE    0.0
  SINCE SEP 1      0.0
  SINCE JUL 1      0.0
  SNOW DEPTH       0

DEGREE DAYS
 HEATING
  YESTERDAY        0                         0      0        0
  MONTH TO DATE    0                         0      0        0
  SINCE SEP 1      0                         0      0        0
  SINCE JUL 1      0                         0      0        0

 COOLING
  YESTERDAY       20                        18      2       15
  MONTH TO DATE  327                       312     15      294
  SINCE SEP 1    327                       312     15      294
  SINCE JAN 1   3637                      3478    159     3341
..................................................................


WIND (MPH)
  HIGHEST WIND SPEED    22   HIGHEST WIND DIRECTION    NW (310)
  HIGHEST GUST SPEED    30   HIGHEST GUST DIRECTION    NW (310)
  AVERAGE WIND SPEED     4.0


SKY COVER
  AVERAGE SKY COVER 0.7


WEATHER CONDITIONS
 THE FOLLOWING WEATHER WAS RECORDED YESTERDAY.
  THUNDERSTORM
  LIGHT RAIN


RELATIVE HUMIDITY (PERCENT)
 HIGHEST    85
 LOWEST     49
 AVERAGE    67

..........................................................


THE FORT LAUDERDALE CLIMATE NORMALS FOR TODAY
                         NORMAL    RECORD    YEAR
 MAXIMUM TEMPERATURE (F)   89        96      1955
 MINIMUM TEMPERATURE (F)   77        68      1985


SUNRISE AND SUNSET
SEPTEMBER 18 2014.....SUNRISE   708 AM EDT   SUNSET   721 PM EDT
SEPTEMBER 19 2014.....SUNRISE   708 AM EDT   SUNSET   720 PM EDT


-  INDICATES NEGATIVE NUMBERS.
R  INDICATES RECORD WAS SET OR TIED.
MM INDICATES DATA IS MISSING.
T  INDICATES TRACE AMOUNT.




$$
