000
CDUS42 KMFL 172123
CLIFLL


CLIMATE REPORT
NATIONAL WEATHER SERVICE MIAMI, FL
423 PM EST SAT FEB 17 2018


...................................

...THE FORT LAUDERDALE CLIMATE SUMMARY FOR FEBRUARY 17 2018...
VALID TODAY AS OF 0400 PM LOCAL TIME.

CLIMATE NORMAL PERIOD 1981 TO 2010
CLIMATE RECORD PERIOD 1912 TO 2018


WEATHER ITEM   OBSERVED TIME   RECORD YEAR NORMAL DEPARTURE LAST
                VALUE   (LST)  VALUE       VALUE  FROM      YEAR
                                                  NORMAL
..................................................................
TEMPERATURE (F)
 TODAY
  MAXIMUM         81    256 PM  89    1935  78      3       78
  MINIMUM         65    640 AM  36    1919  64      1       57
  AVERAGE         73                        71      2       68

PRECIPITATION (IN)
  TODAY            0.00          1.45 1994   0.11  -0.11     0.00
  MONTH TO DATE    0.30                      1.94  -1.64     0.13
  SINCE NOV 1      9.25                     11.27  -2.02     6.47
  SINCE JAN 1      2.62                      5.57  -2.95     1.84

SNOWFALL (IN)
  TODAY            0.0
  MONTH TO DATE    0.0
  SINCE DEC 1      0.0
  SINCE JUL 1      0.0
  SNOW DEPTH       0

DEGREE DAYS
 HEATING
  TODAY            0                         1     -1        0
  MONTH TO DATE    0                        17    -17        0
  SINCE DEC 1    124                        95     29       29
  SINCE JUL 1    126                        97     29       29

 COOLING
  TODAY            8                         7      1        3
  MONTH TO DATE  162                       110     52      134
  SINCE DEC 1    494                       496     -2      690
  SINCE JAN 1    287                       280      7      347
..................................................................


WIND (MPH)
  HIGHEST WIND SPEED    17   HIGHEST WIND DIRECTION    SE (120)
  HIGHEST GUST SPEED    22   HIGHEST GUST DIRECTION    SE (140)
  AVERAGE WIND SPEED     5.4


SKY COVER
  AVERAGE SKY COVER 0.2


WEATHER CONDITIONS
 THE FOLLOWING WEATHER WAS RECORDED TODAY.
  NO SIGNIFICANT WEATHER WAS OBSERVED.


RELATIVE HUMIDITY (PERCENT)
 HIGHEST   100
 LOWEST     62
 AVERAGE    81

..........................................................


THE FORT LAUDERDALE CLIMATE NORMALS FOR TOMORROW
                         NORMAL    RECORD    YEAR
 MAXIMUM TEMPERATURE (F)   78        87      1959
 MINIMUM TEMPERATURE (F)   64        38      1996


SUNRISE AND SUNSET
FEBRUARY 17 2018......SUNRISE   654 AM EST   SUNSET   615 PM EST
FEBRUARY 18 2018......SUNRISE   654 AM EST   SUNSET   616 PM EST


-  INDICATES NEGATIVE NUMBERS.
R  INDICATES RECORD WAS SET OR TIED.
MM INDICATES DATA IS MISSING.
T  INDICATES TRACE AMOUNT.




$$
