000
CDUS42 KMFL 210922
CLIFLL


CLIMATE REPORT
NATIONAL WEATHER SERVICE MIAMI, FL
421 AM EST TUE NOV 21 2017


...................................

...THE FORT LAUDERDALE CLIMATE SUMMARY FOR NOVEMBER 20 2017...

CLIMATE NORMAL PERIOD 1981 TO 2010
CLIMATE RECORD PERIOD 1912 TO 2017


WEATHER ITEM   OBSERVED TIME   RECORD YEAR NORMAL DEPARTURE LAST
                VALUE   (LST)  VALUE       VALUE  FROM      YEAR
                                                  NORMAL
..................................................................
TEMPERATURE (F)
 YESTERDAY
  MAXIMUM         78    317 PM  88    1986  81     -3       78
  MINIMUM         68    608 AM  44    1968  69     -1       61
  AVERAGE         73                        75     -2       70

PRECIPITATION (IN)
  YESTERDAY        T             1.41 1992   0.09  -0.09     0.00
  MONTH TO DATE    1.59                      2.37  -0.78     0.86
  SINCE NOV 1      1.59                      2.37  -0.78     0.86
  SINCE JAN 1     64.26                     58.85   5.41    46.53

SNOWFALL (IN)
  YESTERDAY        0.0
  MONTH TO DATE    0.0
  SINCE SEP 1      0.0
  SINCE JUL 1      0.0
  SNOW DEPTH       0

DEGREE DAYS
 HEATING
  YESTERDAY        0                         0      0        0
  MONTH TO DATE    0                         0      0        0
  SINCE SEP 1      2                         0      2        0
  SINCE JUL 1      2                         0      2        0

 COOLING
  YESTERDAY        8                        10     -2        5
  MONTH TO DATE  225                       226     -1      204
  SINCE SEP 1   1257                      1254      3     1226
  SINCE JAN 1   4584                      4420    164     4427
..................................................................


WIND (MPH)
  HIGHEST WIND SPEED    20   HIGHEST WIND DIRECTION     E (70)
  HIGHEST GUST SPEED    27   HIGHEST GUST DIRECTION     E (70)
  AVERAGE WIND SPEED    11.9


SKY COVER
  AVERAGE SKY COVER 0.7


WEATHER CONDITIONS
 THE FOLLOWING WEATHER WAS RECORDED YESTERDAY.
  LIGHT RAIN


RELATIVE HUMIDITY (PERCENT)
 HIGHEST   100
 LOWEST     69
 AVERAGE    85

..........................................................


THE FORT LAUDERDALE CLIMATE NORMALS FOR TODAY
                         NORMAL    RECORD    YEAR
 MAXIMUM TEMPERATURE (F)   81        87      1986
 MINIMUM TEMPERATURE (F)   69        38      1914


SUNRISE AND SUNSET
NOVEMBER 21 2017......SUNRISE   644 AM EST   SUNSET   529 PM EST
NOVEMBER 22 2017......SUNRISE   644 AM EST   SUNSET   529 PM EST


-  INDICATES NEGATIVE NUMBERS.
R  INDICATES RECORD WAS SET OR TIED.
MM INDICATES DATA IS MISSING.
T  INDICATES TRACE AMOUNT.




$$
