000
CDUS42 KMFL 292017
CLIFLL


CLIMATE REPORT
NATIONAL WEATHER SERVICE MIAMI, FL
416 PM EDT WED MAR 29 2017


...................................

...THE FORT LAUDERDALE CLIMATE SUMMARY FOR MARCH 29 2017...
VALID TODAY AS OF 0400 PM LOCAL TIME.

CLIMATE NORMAL PERIOD 1981 TO 2010
CLIMATE RECORD PERIOD 1912 TO 2017


WEATHER ITEM   OBSERVED TIME   RECORD YEAR NORMAL DEPARTURE LAST
                VALUE   (LST)  VALUE       VALUE  FROM      YEAR
                                                  NORMAL
..................................................................
TEMPERATURE (F)
 TODAY
  MAXIMUM         84   1225 PM  90    1970  81      3       85
                                      1935
  MINIMUM         72    643 AM  50    1925  67      5       69
  AVERAGE         78                        74      4       77

PRECIPITATION (IN)
  TODAY            0.00          4.50 1940   0.13  -0.13     0.67
  MONTH TO DATE    1.50                      3.09  -1.59     1.69
  SINCE NOV 1      9.41                     15.38  -5.97    23.64
  SINCE JAN 1      4.78                      9.68  -4.90    12.42

SNOWFALL (IN)
  TODAY            0.0
  MONTH TO DATE    0.0
  SINCE MAR 1      0.0
  SINCE JUL 1      0.0
  SNOW DEPTH       0

DEGREE DAYS
 HEATING
  TODAY            0                         0      0        0
  MONTH TO DATE    6                         7     -1        2
  SINCE MAR 1      6                         7     -1        2
  SINCE JUL 1     35                       109    -74       87

 COOLING
  TODAY           13                         9      4       12
  MONTH TO DATE  225                       236    -11      300
  SINCE MAR 1    225                       236    -11      300
  SINCE JAN 1    681                       592     89      559
..................................................................


WIND (MPH)
  HIGHEST WIND SPEED    14   HIGHEST WIND DIRECTION    SE (130)
  HIGHEST GUST SPEED    20   HIGHEST GUST DIRECTION    SE (130)
  AVERAGE WIND SPEED     5.4


SKY COVER
  AVERAGE SKY COVER 0.4


WEATHER CONDITIONS
 THE FOLLOWING WEATHER WAS RECORDED TODAY.
  NO SIGNIFICANT WEATHER WAS OBSERVED.


RELATIVE HUMIDITY (PERCENT)
 HIGHEST    79
 LOWEST     47
 AVERAGE    63

..........................................................


THE FORT LAUDERDALE CLIMATE NORMALS FOR TOMORROW
                         NORMAL    RECORD    YEAR
 MAXIMUM TEMPERATURE (F)   81        90      1974
 MINIMUM TEMPERATURE (F)   68        41      1953


SUNRISE AND SUNSET
MARCH 29 2017.........SUNRISE   715 AM EDT   SUNSET   736 PM EDT
MARCH 30 2017.........SUNRISE   714 AM EDT   SUNSET   737 PM EDT


-  INDICATES NEGATIVE NUMBERS.
R  INDICATES RECORD WAS SET OR TIED.
MM INDICATES DATA IS MISSING.
T  INDICATES TRACE AMOUNT.




$$
