000
CDUS42 KMFL 202116
CLIFLL


CLIMATE REPORT
NATIONAL WEATHER SERVICE MIAMI, FL
415 PM EST FRI JAN 20 2017


...................................

...THE FORT LAUDERDALE CLIMATE SUMMARY FOR JANUARY 20 2017...
VALID TODAY AS OF 0400 PM LOCAL TIME.

CLIMATE NORMAL PERIOD 1981 TO 2010
CLIMATE RECORD PERIOD 1912 TO 2017


WEATHER ITEM   OBSERVED TIME   RECORD YEAR NORMAL DEPARTURE LAST
                VALUE   (LST)  VALUE       VALUE  FROM      YEAR
                                                  NORMAL
..................................................................
TEMPERATURE (F)
 TODAY
  MAXIMUM         82    107 PM  88    1947  76      6       72
                                      1925
  MINIMUM         63    654 AM  28    1977  62      1       52
  AVERAGE         73                        69      4       62

PRECIPITATION (IN)
  TODAY            0.00          2.04 1983   0.12  -0.12     0.00
  MONTH TO DATE    0.65                      1.73  -1.08     2.98
  SINCE NOV 1      5.28                      7.43  -2.15    14.20
  SINCE JAN 1      0.65                      1.73  -1.08     2.98

SNOWFALL (IN)
  TODAY            0.0
  MONTH TO DATE    0.0
  SINCE DEC 1      0.0
  SINCE JUL 1      0.0
  SNOW DEPTH      MM

DEGREE DAYS
 HEATING
  TODAY            0                         1     -1        3
  MONTH TO DATE   11                        36    -25       15
  SINCE DEC 1     13                        66    -53       15
  SINCE JUL 1     13                        68    -55       15

 COOLING
  TODAY            8                         5      3        0
  MONTH TO DATE  158                       109     49       93
  SINCE DEC 1    501                       325    176      490
  SINCE JAN 1    158                       109     49       93
..................................................................


WIND (MPH)
  HIGHEST WIND SPEED    15   HIGHEST WIND DIRECTION    SE (140)
  HIGHEST GUST SPEED    19   HIGHEST GUST DIRECTION    SW (210)
  AVERAGE WIND SPEED    MM


SKY COVER
  AVERAGE SKY COVER  MM


WEATHER CONDITIONS
 THE FOLLOWING WEATHER WAS RECORDED TODAY.
  NO SIGNIFICANT WEATHER WAS OBSERVED.


RELATIVE HUMIDITY (PERCENT)
 HIGHEST    MM
 LOWEST     MM
 AVERAGE    MM

..........................................................


THE FORT LAUDERDALE CLIMATE NORMALS FOR TOMORROW
                         NORMAL    RECORD    YEAR
 MAXIMUM TEMPERATURE (F)   76        86      1925
                                             1922
 MINIMUM TEMPERATURE (F)   62        32      1977
                                             1971


SUNRISE AND SUNSET
JANUARY 20 2017.......SUNRISE   709 AM EST   SUNSET   555 PM EST
JANUARY 21 2017.......SUNRISE   708 AM EST   SUNSET   556 PM EST


-  INDICATES NEGATIVE NUMBERS.
R  INDICATES RECORD WAS SET OR TIED.
MM INDICATES DATA IS MISSING.
T  INDICATES TRACE AMOUNT.




$$
