000
CDUS42 KMFL 182118
CLIFLL


CLIMATE REPORT
NATIONAL WEATHER SERVICE MIAMI, FL
418 PM EST THU DEC 18 2014


...................................

...THE FORT LAUDERDALE CLIMATE SUMMARY FOR DECEMBER 18 2014...
VALID TODAY AS OF 0400 PM LOCAL TIME.

CLIMATE NORMAL PERIOD 1981 TO 2010
CLIMATE RECORD PERIOD 1839 TO 2014


WEATHER ITEM   OBSERVED TIME   RECORD YEAR NORMAL DEPARTURE LAST
                VALUE   (LST)  VALUE       VALUE  FROM      YEAR
                                                  NORMAL
..................................................................
TEMPERATURE (F)
 TODAY
  MAXIMUM         80    300 PM  87    1989  78      2       76
  MINIMUM         61    653 AM  38    1973  64     -3       59
  AVERAGE         71                        71      0       68

PRECIPITATION (IN)
  TODAY            0.00          2.45 2009   0.09  -0.09     0.00
  MONTH TO DATE    1.73                      1.55   0.18     1.13
  SINCE NOV 1      4.65                      4.79  -0.14    12.05
  SINCE JAN 1     61.09                     61.27  -0.18    76.38

SNOWFALL (IN)
  TODAY            0.0
  MONTH TO DATE    0.0
  SINCE DEC 1      0.0
  SINCE JUL 1      0.0
  SNOW DEPTH       0

DEGREE DAYS
 HEATING
  TODAY            0                         1     -1
  MONTH TO DATE   16                        13      3
  SINCE DEC 1     16                        13      3
  SINCE JUL 1     26                        15     11

 COOLING
  TODAY            6                         7     -1
  MONTH TO DATE  103                       139    -36
  SINCE DEC 1    103                       139    -36
  SINCE JAN 1   4704                      4652     52
..................................................................


WIND (MPH)
  HIGHEST WIND SPEED     9   HIGHEST WIND DIRECTION    NW (300)
  HIGHEST GUST SPEED    MM   HIGHEST GUST DIRECTION    MM
  AVERAGE WIND SPEED     6.2


SKY COVER
  AVERAGE SKY COVER 0.4


WEATHER CONDITIONS
 THE FOLLOWING WEATHER WAS RECORDED TODAY.
  NO SIGNIFICANT WEATHER WAS OBSERVED.


RELATIVE HUMIDITY (PERCENT)
 HIGHEST    90
 LOWEST     51
 AVERAGE    71

..........................................................


THE FORT LAUDERDALE CLIMATE NORMALS FOR TOMORROW
                         NORMAL    RECORD    YEAR
 MAXIMUM TEMPERATURE (F)   77        86      1961
 MINIMUM TEMPERATURE (F)   64        32      1950


SUNRISE AND SUNSET
DECEMBER 18 2014......SUNRISE   702 AM EST   SUNSET   533 PM EST
DECEMBER 19 2014......SUNRISE   702 AM EST   SUNSET   533 PM EST


-  INDICATES NEGATIVE NUMBERS.
R  INDICATES RECORD WAS SET OR TIED.
MM INDICATES DATA IS MISSING.
T  INDICATES TRACE AMOUNT.

$$
