000
CDUS42 KMFL 052118
CLIFLL


CLIMATE REPORT
NATIONAL WEATHER SERVICE MIAMI, FL
418 PM EST MON DEC 5 2016


...................................

...THE FORT LAUDERDALE CLIMATE SUMMARY FOR DECEMBER 5 2016...
VALID TODAY AS OF 0400 PM LOCAL TIME.

CLIMATE NORMAL PERIOD 1981 TO 2010
CLIMATE RECORD PERIOD 1912 TO 2016


WEATHER ITEM   OBSERVED TIME   RECORD YEAR NORMAL DEPARTURE LAST
                VALUE   (LST)  VALUE       VALUE  FROM      YEAR
                                                  NORMAL
..................................................................
TEMPERATURE (F)
 TODAY
  MAXIMUM         83   1131 AM  87    1978  79      4       79
  MINIMUM         77    704 AM  40    1957  66     11       74
  AVERAGE         80                        73      7       77

PRECIPITATION (IN)
  TODAY            0.00          1.47 1985   0.09  -0.09     0.55
  MONTH TO DATE    0.67                      0.41   0.26     4.72
  SINCE NOV 1      1.71                      3.65  -1.94     9.60
  SINCE JAN 1     47.38                     60.13 -12.75    46.33

SNOWFALL (IN)
  TODAY            0.0
  MONTH TO DATE    0.0
  SINCE DEC 1      0.0
  SINCE JUL 1      0.0
  SNOW DEPTH       0

DEGREE DAYS
 HEATING
  TODAY            0                         0      0        0
  MONTH TO DATE    0                         0      0        0
  SINCE DEC 1      0                         0      0        0
  SINCE JUL 1      0                         2     -2        0

 COOLING
  TODAY           15                         8      7       12
  MONTH TO DATE   62                        41     21       52
  SINCE DEC 1     62                        41     21       52
  SINCE JAN 1   4588                      4554     34     4845
..................................................................


WIND (MPH)
  HIGHEST WIND SPEED    23   HIGHEST WIND DIRECTION    SE (140)
  HIGHEST GUST SPEED    29   HIGHEST GUST DIRECTION    SE (140)
  AVERAGE WIND SPEED    14.7


SKY COVER
  AVERAGE SKY COVER 0.7


WEATHER CONDITIONS
 THE FOLLOWING WEATHER WAS RECORDED TODAY.
  NO SIGNIFICANT WEATHER WAS OBSERVED.


RELATIVE HUMIDITY (PERCENT)
 HIGHEST    82
 LOWEST     69
 AVERAGE    76

..........................................................


THE FORT LAUDERDALE CLIMATE NORMALS FOR TOMORROW
                         NORMAL    RECORD    YEAR
 MAXIMUM TEMPERATURE (F)   79        88      1947
 MINIMUM TEMPERATURE (F)   66        42      1968


SUNRISE AND SUNSET
DECEMBER  5 2016......SUNRISE   654 AM EST   SUNSET   529 PM EST
DECEMBER  6 2016......SUNRISE   655 AM EST   SUNSET   529 PM EST


-  INDICATES NEGATIVE NUMBERS.
R  INDICATES RECORD WAS SET OR TIED.
MM INDICATES DATA IS MISSING.
T  INDICATES TRACE AMOUNT.




$$
