000
CDUS42 KMFL 230823
CLIFLL


CLIMATE REPORT
NATIONAL WEATHER SERVICE MIAMI, FL
422 AM EDT SAT SEP 23 2017


...................................

...THE FORT LAUDERDALE CLIMATE SUMMARY FOR SEPTEMBER 22 2017...

CLIMATE NORMAL PERIOD 1981 TO 2010
CLIMATE RECORD PERIOD 1912 TO 2017


WEATHER ITEM   OBSERVED TIME   RECORD YEAR NORMAL DEPARTURE LAST
                VALUE   (LST)  VALUE       VALUE  FROM      YEAR
                                                  NORMAL
..................................................................
TEMPERATURE (F)
 YESTERDAY
  MAXIMUM         87    921 AM  95    1943  89     -2       90
  MINIMUM         75    826 PM  65    1938  77     -2       78
  AVERAGE         81                        83     -2       84

PRECIPITATION (IN)
  YESTERDAY        0.61          5.80 1935   0.31   0.30     0.01
  MONTH TO DATE    8.56                      6.42   2.14     2.89
  SINCE JUN 1     40.68                     30.00  10.68    21.52
  SINCE JAN 1     52.28                     47.49   4.79    40.47

SNOWFALL (IN)
  YESTERDAY        0.0
  MONTH TO DATE    0.0
  SINCE SEP 1      0.0
  SINCE JUL 1      0.0
  SNOW DEPTH       0

DEGREE DAYS
 HEATING
  YESTERDAY        0                         0      0        0
  MONTH TO DATE    0                         0      0        0
  SINCE SEP 1      0                         0      0        0
  SINCE JUL 1      0                         0      0        0

 COOLING
  YESTERDAY       16                        18     -2       19
  MONTH TO DATE  420                       402     18      407
  SINCE SEP 1    420                       402     18      407
  SINCE JAN 1   3747                      3568    179     3608
..................................................................


WIND (MPH)
  HIGHEST WIND SPEED    22   HIGHEST WIND DIRECTION    NE (60)
  HIGHEST GUST SPEED    28   HIGHEST GUST DIRECTION    NE (50)
  AVERAGE WIND SPEED     5.6


SKY COVER
  AVERAGE SKY COVER 0.6


WEATHER CONDITIONS
 THE FOLLOWING WEATHER WAS RECORDED YESTERDAY.
  THUNDERSTORM
  RAIN
  LIGHT RAIN
  FOG


RELATIVE HUMIDITY (PERCENT)
 HIGHEST   100
 LOWEST     75
 AVERAGE    88

..........................................................


THE FORT LAUDERDALE CLIMATE NORMALS FOR TODAY
                         NORMAL    RECORD    YEAR
 MAXIMUM TEMPERATURE (F)   89        96      1943
 MINIMUM TEMPERATURE (F)   77        68      1922


SUNRISE AND SUNSET
SEPTEMBER 23 2017.....SUNRISE   710 AM EDT   SUNSET   716 PM EDT
SEPTEMBER 24 2017.....SUNRISE   710 AM EDT   SUNSET   714 PM EDT


-  INDICATES NEGATIVE NUMBERS.
R  INDICATES RECORD WAS SET OR TIED.
MM INDICATES DATA IS MISSING.
T  INDICATES TRACE AMOUNT.




$$
