000
CDUS42 KMFL 030825
CLIFLL


CLIMATE REPORT
NATIONAL WEATHER SERVICE MIAMI, FL
420 AM EDT MON AUG 3 2015


...................................

...THE FORT LAUDERDALE CLIMATE SUMMARY FOR AUGUST 2 2015...

CLIMATE NORMAL PERIOD 1981 TO 2010
CLIMATE RECORD PERIOD 1839 TO 2015


WEATHER ITEM   OBSERVED TIME   RECORD YEAR NORMAL DEPARTURE LAST
                VALUE   (LST)  VALUE       VALUE  FROM      YEAR
                                                  NORMAL
..................................................................
TEMPERATURE (F)
 YESTERDAY
  MAXIMUM         90   1202 PM  96    1944  91     -1       92
  MINIMUM         75    729 PM  68    1923  79     -4       79
                                      1920
  AVERAGE         83                        85     -2       86

PRECIPITATION (IN)
  YESTERDAY        0.69          2.96 2001   0.21   0.48     0.25
  MONTH TO DATE    0.69                      0.42   0.27     0.25
  SINCE JUN 1      4.81                     16.56 -11.75    18.07
  SINCE JAN 1     18.86                     34.05 -15.19    38.67

SNOWFALL (IN)
  YESTERDAY        0.0
  MONTH TO DATE    0.0
  SINCE JUN 1      0.0
  SINCE JUL 1      0.0
  SNOW DEPTH       0

DEGREE DAYS
 HEATING
  YESTERDAY        0                         0      0        0
  MONTH TO DATE    0                         0      0        0
  SINCE JUN 1      0                         0      0        0
  SINCE JUL 1      0                         0      0        0

 COOLING
  YESTERDAY       18                        20     -2       21
  MONTH TO DATE   38                        40     -2       42
  SINCE JUN 1   1222                      1181     41     1173
  SINCE JAN 1   2758                      2599    159     2708
..................................................................


WIND (MPH)
  HIGHEST WIND SPEED    23   HIGHEST WIND DIRECTION    SE (130)
  HIGHEST GUST SPEED    27   HIGHEST GUST DIRECTION    SE (120)
  AVERAGE WIND SPEED     7.8


SKY COVER
  AVERAGE SKY COVER 0.8


WEATHER CONDITIONS
 THE FOLLOWING WEATHER WAS RECORDED YESTERDAY.
  THUNDERSTORM
  HEAVY RAIN
  RAIN
  LIGHT RAIN
  FOG


RELATIVE HUMIDITY (PERCENT)
 HIGHEST    94
 LOWEST     56
 AVERAGE    75

..........................................................


THE FORT LAUDERDALE CLIMATE NORMALS FOR TODAY
                         NORMAL    RECORD    YEAR
 MAXIMUM TEMPERATURE (F)   91        95      1982
                                             1954
                                             1944
 MINIMUM TEMPERATURE (F)   79        67      1965


SUNRISE AND SUNSET
AUGUST  3 2015........SUNRISE   647 AM EDT   SUNSET   806 PM EDT
AUGUST  4 2015........SUNRISE   648 AM EDT   SUNSET   805 PM EDT


-  INDICATES NEGATIVE NUMBERS.
R  INDICATES RECORD WAS SET OR TIED.
MM INDICATES DATA IS MISSING.
T  INDICATES TRACE AMOUNT.




$$
