000
CDUS42 KMFL 240831
CLIFLL


CLIMATE REPORT
NATIONAL WEATHER SERVICE MIAMI, FL
430 AM EDT SUN JUL 24 2016


...................................

...THE FORT LAUDERDALE CLIMATE SUMMARY FOR JULY 23 2016...

CLIMATE NORMAL PERIOD 1981 TO 2010
CLIMATE RECORD PERIOD 1912 TO 2016


WEATHER ITEM   OBSERVED TIME   RECORD YEAR NORMAL DEPARTURE LAST
                VALUE   (LST)  VALUE       VALUE  FROM      YEAR
                                                  NORMAL
..................................................................
TEMPERATURE (F)
 YESTERDAY
  MAXIMUM         89   1134 AM  97    1924  91     -2       94
  MINIMUM         77   1151 PM  69    1990  79     -2       80
                                      1954
                                      1917
  AVERAGE         83                        85     -2       87

PRECIPITATION (IN)
  YESTERDAY        T             3.83 1985   0.19  -0.19     0.00
  MONTH TO DATE    1.46                      4.57  -3.11     1.64
  SINCE JUN 1     10.51                     14.73  -4.22     2.73
  SINCE JAN 1     29.46                     32.22  -2.76    16.78

SNOWFALL (IN)
  YESTERDAY        0.0
  MONTH TO DATE    0.0
  SINCE JUN 1      0.0
  SINCE JUL 1      0.0
  SNOW DEPTH       0

DEGREE DAYS
 HEATING
  YESTERDAY        0                         0      0        0
  MONTH TO DATE    0                         0      0        0
  SINCE JUN 1      0                         0      0        0
  SINCE JUL 1      0                         0      0        0

 COOLING
  YESTERDAY       18                        20     -2       22
  MONTH TO DATE  474                       441     33      458
  SINCE JUN 1   1035                       984     51     1020
  SINCE JAN 1   2449                      2402     47     2556
..................................................................


WIND (MPH)
  HIGHEST WIND SPEED    13   HIGHEST WIND DIRECTION     E (70)
  HIGHEST GUST SPEED    16   HIGHEST GUST DIRECTION     E (70)
  AVERAGE WIND SPEED     5.1


SKY COVER
  AVERAGE SKY COVER 0.6


WEATHER CONDITIONS
 THE FOLLOWING WEATHER WAS RECORDED YESTERDAY.
  THUNDERSTORM


RELATIVE HUMIDITY (PERCENT)
 HIGHEST    88
 LOWEST     63
 AVERAGE    76

..........................................................


THE FORT LAUDERDALE CLIMATE NORMALS FOR TODAY
                         NORMAL    RECORD    YEAR
 MAXIMUM TEMPERATURE (F)   91        97      1924
 MINIMUM TEMPERATURE (F)   79        69      1933


SUNRISE AND SUNSET
JULY 24 2016..........SUNRISE   643 AM EDT   SUNSET   811 PM EDT
JULY 25 2016..........SUNRISE   643 AM EDT   SUNSET   811 PM EDT


-  INDICATES NEGATIVE NUMBERS.
R  INDICATES RECORD WAS SET OR TIED.
MM INDICATES DATA IS MISSING.
T  INDICATES TRACE AMOUNT.




$$
