000
CDUS42 KILM 250841
CLIFLO


CLIMATE REPORT
NATIONAL WEATHER SERVICE WILMINGTON NC
441 AM EDT TUE APR 25 2017


...................................

...THE FLORENCE SC CLIMATE SUMMARY FOR APRIL 24 2017...

CLIMATE NORMAL PERIOD 1981 TO 2010
CLIMATE RECORD PERIOD 1948 TO 2017


WEATHER ITEM   OBSERVED TIME   RECORD YEAR NORMAL DEPARTURE LAST
                VALUE   (LST)  VALUE       VALUE  FROM      YEAR
                                                  NORMAL
..................................................................
TEMPERATURE (F)
 YESTERDAY
  MAXIMUM         62    257 PM  92    2006  78    -16       77
                                      1976
  MINIMUM         57   1159 PM  35    1982  53      4       55
  AVERAGE         60                        65     -5       66

PRECIPITATION (IN)
  YESTERDAY        1.70R         0.41 1995   0.09   1.61     0.00
  MONTH TO DATE    4.53                      2.10   2.43     5.34
  SINCE MAR 1      6.13                      5.43   0.70     6.97
  SINCE JAN 1     11.00                     11.58  -0.58    14.43

SNOWFALL (IN)
  YESTERDAY       MM
  MONTH TO DATE   MM
  SINCE MAR 1     MM
  SINCE JUL 1     MM
  SNOW DEPTH      MM

DEGREE DAYS
 HEATING
  YESTERDAY        5                         3      2        0
  MONTH TO DATE   45                       110    -65      113
  SINCE MAR 1    376                       420    -44      278
  SINCE JUL 1   1821                      2486   -665     1938

 COOLING
  YESTERDAY        0                         3     -3        1
  MONTH TO DATE   83                        50     33       32
  SINCE MAR 1    123                        68     55       80
  SINCE JAN 1    136                        74     62       81
..................................................................


WIND (MPH)
  HIGHEST WIND SPEED    20   HIGHEST WIND DIRECTION    NE (40)
  HIGHEST GUST SPEED    29   HIGHEST GUST DIRECTION    NE (40)
  AVERAGE WIND SPEED    11.2


SKY COVER
  POSSIBLE SUNSHINE  MM
  AVERAGE SKY COVER 1.0


WEATHER CONDITIONS
 THE FOLLOWING WEATHER WAS RECORDED YESTERDAY.
  THUNDERSTORM
  HEAVY RAIN
  RAIN
  LIGHT RAIN
  FOG


RELATIVE HUMIDITY (PERCENT)
 HIGHEST   100          1200 AM
 LOWEST     93           300 PM
 AVERAGE    97

..........................................................


THE FLORENCE SC CLIMATE NORMALS FOR TODAY
                         NORMAL    RECORD    YEAR
 MAXIMUM TEMPERATURE (F)   78        92      1960
 MINIMUM TEMPERATURE (F)   53        39      2005


SUNRISE AND SUNSET
APRIL 25 2017.........SUNRISE   636 AM EDT   SUNSET   758 PM EDT
APRIL 26 2017.........SUNRISE   634 AM EDT   SUNSET   759 PM EDT


-  INDICATES NEGATIVE NUMBERS.
R  INDICATES RECORD WAS SET OR TIED.
MM INDICATES DATA IS MISSING.
T  INDICATES TRACE AMOUNT.




$$
