000
CDUS42 KILM 180852
CLIFLO


CLIMATE REPORT
NATIONAL WEATHER SERVICE WILMINGTON NC
451 AM EDT FRI APR 18 2014


...................................

...THE FLORENCE SC CLIMATE SUMMARY FOR APRIL 17 2014...

CLIMATE NORMAL PERIOD 1981 TO 2010
CLIMATE RECORD PERIOD 1948 TO 2014


WEATHER ITEM   OBSERVED TIME   RECORD YEAR NORMAL DEPARTURE LAST
                VALUE   (LST)  VALUE       VALUE  FROM      YEAR
                                                  NORMAL
..................................................................
TEMPERATURE (F)
 YESTERDAY
  MAXIMUM         68    459 PM  93    2006  76     -8       84
  MINIMUM         37    403 AM  33    1949  51    -14       55
  AVERAGE         53                        64    -11       70

PRECIPITATION (IN)
  YESTERDAY        0.00          0.84 2000   0.08  -0.08     0.00
  MONTH TO DATE    1.59                      1.46   0.13     1.50
  SINCE MAR 1      6.14                      4.79   1.35     3.99
  SINCE JAN 1     11.86                     10.94   0.92    10.51

SNOWFALL (IN)
  YESTERDAY       MM
  MONTH TO DATE   MM
  SINCE MAR 1     MM
  SINCE JUL 1     MM
  SNOW DEPTH      MM

DEGREE DAYS
 HEATING
  YESTERDAY       12                         4      8        0
  MONTH TO DATE   57                        88    -31       65
  SINCE MAR 1    500                       398    102      529
  SINCE JUL 1   2629                      2464    165     2276

 COOLING
  YESTERDAY        0                         2     -2        5
  MONTH TO DATE   36                        31      5       44
  SINCE MAR 1     40                        49     -9       52
  SINCE JAN 1     46                        55     -9       73
..................................................................


WIND (MPH)
  HIGHEST WIND SPEED    16   HIGHEST WIND DIRECTION    NE (50)
  HIGHEST GUST SPEED    21   HIGHEST GUST DIRECTION    NE (60)
  AVERAGE WIND SPEED     7.9


SKY COVER
  POSSIBLE SUNSHINE  MM
  AVERAGE SKY COVER 0.0


WEATHER CONDITIONS
 THE FOLLOWING WEATHER WAS RECORDED YESTERDAY.
  NO SIGNIFICANT WEATHER WAS OBSERVED.


RELATIVE HUMIDITY (PERCENT)
 HIGHEST    82           300 AM
 LOWEST     42           200 PM
 AVERAGE    62

..........................................................


THE FLORENCE SC CLIMATE NORMALS FOR TODAY
                         NORMAL    RECORD    YEAR
 MAXIMUM TEMPERATURE (F)   76        93      1981
 MINIMUM TEMPERATURE (F)   51        35      2001


SUNRISE AND SUNSET
APRIL 18 2014.........SUNRISE   644 AM EDT   SUNSET   753 PM EDT
APRIL 19 2014.........SUNRISE   643 AM EDT   SUNSET   754 PM EDT


-  INDICATES NEGATIVE NUMBERS.
R  INDICATES RECORD WAS SET OR TIED.
MM INDICATES DATA IS MISSING.
T  INDICATES TRACE AMOUNT.




$$
