000
CDUS42 KILM 280944
CLIFLO


CLIMATE REPORT
NATIONAL WEATHER SERVICE WILMINGTON NC
443 AM EST TUE FEB 28 2017


...................................

...THE FLORENCE SC CLIMATE SUMMARY FOR FEBRUARY 27 2017...

CLIMATE NORMAL PERIOD 1981 TO 2010
CLIMATE RECORD PERIOD 1948 TO 2017


WEATHER ITEM   OBSERVED TIME   RECORD YEAR NORMAL DEPARTURE LAST
                VALUE   (LST)  VALUE       VALUE  FROM      YEAR
                                                  NORMAL
..................................................................
TEMPERATURE (F)
 YESTERDAY
  MAXIMUM         70    428 PM  85    1997  63      7       54
  MINIMUM         34    536 AM  16    1963  40     -6       30
  AVERAGE         52                        51      1       42

PRECIPITATION (IN)
  YESTERDAY        0.00          1.95 1987   0.10  -0.10     0.00
  MONTH TO DATE    1.60                      2.81  -1.21     5.33
  SINCE DEC 1      9.43                      9.05   0.38    14.55
  SINCE JAN 1      4.86                      6.04  -1.18     7.46

SNOWFALL (IN)
  YESTERDAY       MM
  MONTH TO DATE   MM
  SINCE DEC 1     MM
  SINCE JUL 1     MM
  SNOW DEPTH      MM

DEGREE DAYS
 HEATING
  YESTERDAY       13                        14     -1       23
  MONTH TO DATE  248                       450   -202      482
  SINCE DEC 1   1132                      1630   -498     1378
  SINCE JUL 1   1445                      2052   -607     1642

 COOLING
  YESTERDAY        0                         0      0        0
  MONTH TO DATE   10                         0     10        1
  SINCE DEC 1     14                         6      8       58
  SINCE JAN 1     10                         2      8        1
..................................................................


WIND (MPH)
  HIGHEST WIND SPEED    20   HIGHEST WIND DIRECTION     S (170)
  HIGHEST GUST SPEED    24   HIGHEST GUST DIRECTION    SE (150)
  AVERAGE WIND SPEED     6.1


SKY COVER
  POSSIBLE SUNSHINE  MM
  AVERAGE SKY COVER 0.0


WEATHER CONDITIONS
 THE FOLLOWING WEATHER WAS RECORDED YESTERDAY.
  NO SIGNIFICANT WEATHER WAS OBSERVED.


RELATIVE HUMIDITY (PERCENT)
 HIGHEST    92           500 AM
 LOWEST     42           300 PM
 AVERAGE    67

..........................................................


THE FLORENCE SC CLIMATE NORMALS FOR TODAY
                         NORMAL    RECORD    YEAR
 MAXIMUM TEMPERATURE (F)   63        84      2011
                                             1962
 MINIMUM TEMPERATURE (F)   40        19      2002


SUNRISE AND SUNSET
FEBRUARY 28 2017......SUNRISE   649 AM EST   SUNSET   615 PM EST
MARCH  1 2017.........SUNRISE   647 AM EST   SUNSET   615 PM EST


-  INDICATES NEGATIVE NUMBERS.
R  INDICATES RECORD WAS SET OR TIED.
MM INDICATES DATA IS MISSING.
T  INDICATES TRACE AMOUNT.




$$
