000
CDUS42 KILM 250841
CLIFLO


CLIMATE REPORT
NATIONAL WEATHER SERVICE WILMINGTON NC
441 AM EDT MON MAY 25 2015


...................................

...THE FLORENCE SC CLIMATE SUMMARY FOR MAY 24 2015...

CLIMATE NORMAL PERIOD 1981 TO 2010
CLIMATE RECORD PERIOD 1948 TO 2015


WEATHER ITEM   OBSERVED TIME   RECORD YEAR NORMAL DEPARTURE LAST
                VALUE   (LST)  VALUE       VALUE  FROM      YEAR
                                                  NORMAL
..................................................................
TEMPERATURE (F)
 YESTERDAY
  MAXIMUM         85    224 PM  97    1994  84      1       85
  MINIMUM         57    536 AM  47    1963  62     -5       62
  AVERAGE         71                        73     -2       74

PRECIPITATION (IN)
  YESTERDAY        0.00          0.94 1996   0.12  -0.12     0.00
  MONTH TO DATE    1.09                      2.37  -1.28     2.54
  SINCE MAR 1      7.89                      8.32  -0.43    11.56
  SINCE JAN 1     14.82                     14.47   0.35    17.28

DEGREE DAYS
 HEATING
  YESTERDAY        0                         0      0        0
  MONTH TO DATE    1                        22    -21        9
  SINCE MAR 1    306                       456   -150      540
  SINCE JUL 1   2544                      2522     22     2669

 COOLING
  YESTERDAY        6                         8     -2        9
  MONTH TO DATE  184                       144     40      202
  SINCE MAR 1    298                       234     64      295
  SINCE JAN 1    301                       240     61      301
..................................................................


WIND (MPH)
  HIGHEST WIND SPEED    20   HIGHEST WIND DIRECTION    SE (150)
  HIGHEST GUST SPEED    23   HIGHEST GUST DIRECTION    SE (150)
  AVERAGE WIND SPEED     6.1


SKY COVER
  POSSIBLE SUNSHINE  MM
  AVERAGE SKY COVER 0.1


WEATHER CONDITIONS
 THE FOLLOWING WEATHER WAS RECORDED YESTERDAY.
  NO SIGNIFICANT WEATHER WAS OBSERVED.


RELATIVE HUMIDITY (PERCENT)
 HIGHEST    93           500 AM
 LOWEST     37           300 PM
 AVERAGE    65

..........................................................


THE FLORENCE SC CLIMATE NORMALS FOR TODAY
                         NORMAL    RECORD    YEAR
 MAXIMUM TEMPERATURE (F)   85       100      1953
 MINIMUM TEMPERATURE (F)   62        44      2013


SUNRISE AND SUNSET
MAY 25 2015...........SUNRISE   611 AM EDT   SUNSET   821 PM EDT
MAY 26 2015...........SUNRISE   611 AM EDT   SUNSET   822 PM EDT


-  INDICATES NEGATIVE NUMBERS.
R  INDICATES RECORD WAS SET OR TIED.
MM INDICATES DATA IS MISSING.
T  INDICATES TRACE AMOUNT.




$$
