000
CDUS42 KILM 230841
CLIFLO


CLIMATE REPORT
NATIONAL WEATHER SERVICE WILMINGTON NC
440 AM EDT TUE SEP 23 2014


...................................

...THE FLORENCE SC CLIMATE SUMMARY FOR SEPTEMBER 22 2014...

CLIMATE NORMAL PERIOD 1981 TO 2010
CLIMATE RECORD PERIOD 1948 TO 2014


WEATHER ITEM   OBSERVED TIME   RECORD YEAR NORMAL DEPARTURE LAST
                VALUE   (LST)  VALUE       VALUE  FROM      YEAR
                                                  NORMAL
..................................................................
TEMPERATURE (F)
 YESTERDAY
  MAXIMUM         81   1237 PM  96    1980  83     -2       80
  MINIMUM         65   1159 PM  47    1999  62      3       62
  AVERAGE         73                        72      1       71

PRECIPITATION (IN)
  YESTERDAY        0.12          2.00 1989   0.11   0.01     0.01
  MONTH TO DATE    7.77                      2.75   5.02     0.62
  SINCE SEP 1      7.77                      2.75   5.02     0.62
  SINCE JAN 1     35.76                     33.23   2.53    47.08

DEGREE DAYS
 HEATING
  YESTERDAY        0                         0      0        0
  MONTH TO DATE    0                         0      0        0
  SINCE SEP 1      0                         0      0        0
  SINCE JUL 1      0                         0      0        0

 COOLING
  YESTERDAY        8                         8      0        6
  MONTH TO DATE  295                       234     61      271
  SINCE SEP 1    295                       234     61      271
  SINCE JAN 1   2127                      1904    223     1898
..................................................................


WIND (MPH)
  HIGHEST WIND SPEED    17   HIGHEST WIND DIRECTION     N (10)
  HIGHEST GUST SPEED    20   HIGHEST GUST DIRECTION     N (350)
  AVERAGE WIND SPEED     6.3


SKY COVER
  POSSIBLE SUNSHINE  MM
  AVERAGE SKY COVER 0.7


WEATHER CONDITIONS
 THE FOLLOWING WEATHER WAS RECORDED YESTERDAY.
  LIGHT RAIN
  FOG


RELATIVE HUMIDITY (PERCENT)
 HIGHEST    84           600 PM
 LOWEST     48           100 PM
 AVERAGE    66

..........................................................


THE FLORENCE SC CLIMATE NORMALS FOR TODAY
                         NORMAL    RECORD    YEAR
 MAXIMUM TEMPERATURE (F)   82       100      1980
 MINIMUM TEMPERATURE (F)   62        44      1999


SUNRISE AND SUNSET
SEPTEMBER 23 2014.....SUNRISE   708 AM EDT   SUNSET   714 PM EDT
SEPTEMBER 24 2014.....SUNRISE   708 AM EDT   SUNSET   713 PM EDT


-  INDICATES NEGATIVE NUMBERS.
R  INDICATES RECORD WAS SET OR TIED.
MM INDICATES DATA IS MISSING.
T  INDICATES TRACE AMOUNT.




$$
