000
CDUS42 KILM 270846
CLIFLO


CLIMATE REPORT
NATIONAL WEATHER SERVICE WILMINGTON NC
446 AM EDT WED JUL 27 2016


...................................

...THE FLORENCE SC CLIMATE SUMMARY FOR JULY 26 2016...

CLIMATE NORMAL PERIOD 1981 TO 2010
CLIMATE RECORD PERIOD 1948 TO 2016


WEATHER ITEM   OBSERVED TIME   RECORD YEAR NORMAL DEPARTURE LAST
                VALUE   (LST)  VALUE       VALUE  FROM      YEAR
                                                  NORMAL
..................................................................
TEMPERATURE (F)
 YESTERDAY
  MAXIMUM         97    408 PM 101    2012  91      6       93
                                      2005
  MINIMUM         76    628 AM  64    1957  72      4       68
  AVERAGE         87                        81      6       81

PRECIPITATION (IN)
  YESTERDAY        0.00          2.44 1977   0.18  -0.18     0.00
  MONTH TO DATE    5.87                      4.36   1.51     3.40
  SINCE JUN 1      9.83                      8.98   0.85     6.90
  SINCE JAN 1     30.92                     24.34   6.58    21.92

DEGREE DAYS
 HEATING
  YESTERDAY        0                         0      0        0
  MONTH TO DATE    0                         0      0        0
  SINCE JUN 1      0                         1     -1        0
  SINCE JUL 1      0                         0      0        0

 COOLING
  YESTERDAY       22                        16      6       16
  MONTH TO DATE  518                       416    102      492
  SINCE JUN 1   1005                       813    192     1033
  SINCE JAN 1   1352                      1120    232     1418
..................................................................


WIND (MPH)
  HIGHEST WIND SPEED    13   HIGHEST WIND DIRECTION    SW (220)
  HIGHEST GUST SPEED    16   HIGHEST GUST DIRECTION    SW (240)
  AVERAGE WIND SPEED     7.1


SKY COVER
  POSSIBLE SUNSHINE  MM
  AVERAGE SKY COVER 0.1


WEATHER CONDITIONS
 THE FOLLOWING WEATHER WAS RECORDED YESTERDAY.
  NO SIGNIFICANT WEATHER WAS OBSERVED.


RELATIVE HUMIDITY (PERCENT)
 HIGHEST    94           500 AM
 LOWEST     40           400 PM
 AVERAGE    67

..........................................................


THE FLORENCE SC CLIMATE NORMALS FOR TODAY
                         NORMAL    RECORD    YEAR
 MAXIMUM TEMPERATURE (F)   91       101      2005
 MINIMUM TEMPERATURE (F)   72        65      1962


SUNRISE AND SUNSET
JULY 27 2016..........SUNRISE   627 AM EDT   SUNSET   824 PM EDT
JULY 28 2016..........SUNRISE   627 AM EDT   SUNSET   823 PM EDT


-  INDICATES NEGATIVE NUMBERS.
R  INDICATES RECORD WAS SET OR TIED.
MM INDICATES DATA IS MISSING.
T  INDICATES TRACE AMOUNT.




$$
