000
CDUS42 KILM 200844
CLIFLO


CLIMATE REPORT
NATIONAL WEATHER SERVICE WILMINGTON NC
443 AM EDT MON OCT 20 2014


...................................

...THE FLORENCE SC CLIMATE SUMMARY FOR OCTOBER 19 2014...

CLIMATE NORMAL PERIOD 1981 TO 2010
CLIMATE RECORD PERIOD 1948 TO 2014


WEATHER ITEM   OBSERVED TIME   RECORD YEAR NORMAL DEPARTURE LAST
                VALUE   (LST)  VALUE       VALUE  FROM      YEAR
                                                  NORMAL
..................................................................
TEMPERATURE (F)
 YESTERDAY
  MAXIMUM         71    307 PM  89    1998  75     -4       78
  MINIMUM         47   1117 PM  34    1948  52     -5       61
  AVERAGE         59                        63     -4       70

PRECIPITATION (IN)
  YESTERDAY        0.00          2.97 1968   0.10  -0.10     0.04
  MONTH TO DATE    1.08                      2.05  -0.97     0.81
  SINCE SEP 1      9.50                      5.72   3.78     1.70
  SINCE JAN 1     37.49                     36.20   1.29    48.16

DEGREE DAYS
 HEATING
  YESTERDAY        6                         4      2        0
  MONTH TO DATE   23                        45    -22        3
  SINCE SEP 1     29                        54    -25        3
  SINCE JUL 1     29                        54    -25        3

 COOLING
  YESTERDAY        0                         2     -2        5
  MONTH TO DATE   99                        66     33      103
  SINCE SEP 1    426                       352     74      401
  SINCE JAN 1   2258                      2022    236     2028
..................................................................


WIND (MPH)
  HIGHEST WIND SPEED    17   HIGHEST WIND DIRECTION     N (360)
  HIGHEST GUST SPEED    22   HIGHEST GUST DIRECTION     N (10)
  AVERAGE WIND SPEED     5.9


SKY COVER
  POSSIBLE SUNSHINE  MM
  AVERAGE SKY COVER 0.1


WEATHER CONDITIONS
 THE FOLLOWING WEATHER WAS RECORDED YESTERDAY.
  NO SIGNIFICANT WEATHER WAS OBSERVED.


RELATIVE HUMIDITY (PERCENT)
 HIGHEST    86          1000 PM
 LOWEST     37           300 PM
 AVERAGE    62

..........................................................


THE FLORENCE SC CLIMATE NORMALS FOR TODAY
                         NORMAL    RECORD    YEAR
 MAXIMUM TEMPERATURE (F)   74        88      1969
 MINIMUM TEMPERATURE (F)   52        34      1992


SUNRISE AND SUNSET
OCTOBER 20 2014.......SUNRISE   728 AM EDT   SUNSET   639 PM EDT
OCTOBER 21 2014.......SUNRISE   729 AM EDT   SUNSET   637 PM EDT


-  INDICATES NEGATIVE NUMBERS.
R  INDICATES RECORD WAS SET OR TIED.
MM INDICATES DATA IS MISSING.
T  INDICATES TRACE AMOUNT.




$$
