000
CDUS42 KILM 232043
CLIFLO


CLIMATE REPORT
NATIONAL WEATHER SERVICE WILMINGTON NC
443 PM EDT WED JUL 23 2014


...................................

...THE FLORENCE SC CLIMATE SUMMARY FOR JULY 23 2014...
VALID TODAY AS OF 0400 PM LOCAL TIME.

CLIMATE NORMAL PERIOD 1981 TO 2010
CLIMATE RECORD PERIOD 1948 TO 2014


WEATHER ITEM   OBSERVED TIME   RECORD YEAR NORMAL DEPARTURE LAST
                VALUE   (LST)  VALUE       VALUE  FROM      YEAR
                                                  NORMAL
..................................................................
TEMPERATURE (F)
 TODAY
  MAXIMUM         93    257 PM 104    1952  91      2       92
  MINIMUM         73    610 AM  59    2007  72      1       76
                                      1966
  AVERAGE         83                        81      2       84

PRECIPITATION (IN)
  TODAY            0.00          2.52 1996   0.19  -0.19     0.00
  MONTH TO DATE    4.93                      3.82   1.11     8.67
  SINCE JUN 1      5.91                      8.44  -2.53    16.95
  SINCE JAN 1     23.27                     23.80  -0.53    35.78

DEGREE DAYS
 HEATING
  TODAY            0                         0      0        0
  MONTH TO DATE    0                         0      0        0
  SINCE JUN 1      0                         1     -1        0
  SINCE JUL 1      0                         0      0        0

 COOLING
  TODAY           18                        16      2       19
  MONTH TO DATE  380                       368     12      373
  SINCE JUN 1    862                       765     97      797
  SINCE JAN 1   1244                      1072    172     1064
..................................................................


WIND (MPH)
  HIGHEST WIND SPEED    12   HIGHEST WIND DIRECTION    SW (210)
  HIGHEST GUST SPEED    15   HIGHEST GUST DIRECTION    SW (220)
  AVERAGE WIND SPEED     3.5


SKY COVER
  POSSIBLE SUNSHINE  MM
  AVERAGE SKY COVER 0.4


WEATHER CONDITIONS
 THE FOLLOWING WEATHER WAS RECORDED TODAY.
  FOG
  FOG W/VISIBILITY <= 1/4 MILE


RELATIVE HUMIDITY (PERCENT)
 HIGHEST    94           100 AM
 LOWEST     52           100 PM
 AVERAGE    73

..........................................................


THE FLORENCE SC CLIMATE NORMALS FOR TOMORROW
                         NORMAL    RECORD    YEAR
 MAXIMUM TEMPERATURE (F)   91       104      1952
 MINIMUM TEMPERATURE (F)   72        62      2007


SUNRISE AND SUNSET
JULY 23 2014..........SUNRISE   624 AM EDT   SUNSET   827 PM EDT
JULY 24 2014..........SUNRISE   624 AM EDT   SUNSET   826 PM EDT


-  INDICATES NEGATIVE NUMBERS.
R  INDICATES RECORD WAS SET OR TIED.
MM INDICATES DATA IS MISSING.
T  INDICATES TRACE AMOUNT.




$$
