000
CDUS42 KILM 010841
CLIFLO


CLIMATE REPORT
NATIONAL WEATHER SERVICE WILMINGTON NC
441 AM EDT FRI AUG 1 2014


...................................

...THE FLORENCE SC CLIMATE SUMMARY FOR JULY 31 2014...

CLIMATE NORMAL PERIOD 1981 TO 2010
CLIMATE RECORD PERIOD 1948 TO 2014


WEATHER ITEM   OBSERVED TIME   RECORD YEAR NORMAL DEPARTURE LAST
                VALUE   (LST)  VALUE       VALUE  FROM      YEAR
                                                  NORMAL
..................................................................
TEMPERATURE (F)
 YESTERDAY
  MAXIMUM         86    139 PM 103    1999  91     -5       86
  MINIMUM         70    606 AM  62    1997  72     -2       72
  AVERAGE         78                        81     -3       79

PRECIPITATION (IN)
  YESTERDAY        0.12          1.19 1949   0.18  -0.06     1.09
  MONTH TO DATE    5.76                      5.26   0.50    14.91
  SINCE JUN 1      6.74                      9.88  -3.14    23.19
  SINCE JAN 1     24.10                     25.24  -1.14    42.02

DEGREE DAYS
 HEATING
  YESTERDAY        0                         0      0        0
  MONTH TO DATE    0                         0      0        0
  SINCE JUN 1      0                         1     -1        0
  SINCE JUL 1      0                         0      0        0

 COOLING
  YESTERDAY       13                        16     -3       14
  MONTH TO DATE  500                       502     -2      494
  SINCE JUN 1    982                       899     83      918
  SINCE JAN 1   1364                      1206    158     1185
..................................................................


WIND (MPH)
  HIGHEST WIND SPEED    16   HIGHEST WIND DIRECTION     E (80)
  HIGHEST GUST SPEED    19   HIGHEST GUST DIRECTION     E (80)
  AVERAGE WIND SPEED     7.4


SKY COVER
  POSSIBLE SUNSHINE  MM
  AVERAGE SKY COVER 0.5


WEATHER CONDITIONS
 THE FOLLOWING WEATHER WAS RECORDED YESTERDAY.
  HEAVY RAIN
  LIGHT RAIN
  FOG


RELATIVE HUMIDITY (PERCENT)
 HIGHEST    93          1100 PM
 LOWEST     55           100 PM
 AVERAGE    74

..........................................................


THE FLORENCE SC CLIMATE NORMALS FOR TODAY
                         NORMAL    RECORD    YEAR
 MAXIMUM TEMPERATURE (F)   91       106      1980
 MINIMUM TEMPERATURE (F)   71        61      1997


SUNRISE AND SUNSET
AUGUST  1 2014........SUNRISE   630 AM EDT   SUNSET   820 PM EDT
AUGUST  2 2014........SUNRISE   631 AM EDT   SUNSET   819 PM EDT


-  INDICATES NEGATIVE NUMBERS.
R  INDICATES RECORD WAS SET OR TIED.
MM INDICATES DATA IS MISSING.
T  INDICATES TRACE AMOUNT.




$$
