000
CDUS42 KILM 220843
CLIFLO


CLIMATE REPORT
NATIONAL WEATHER SERVICE WILMINGTON NC
443 AM EDT FRI SEP 22 2017


...................................

...THE FLORENCE SC CLIMATE SUMMARY FOR SEPTEMBER 21 2017...

CLIMATE NORMAL PERIOD 1981 TO 2010
CLIMATE RECORD PERIOD 1948 TO 2017


WEATHER ITEM   OBSERVED TIME   RECORD YEAR NORMAL DEPARTURE LAST
                VALUE   (LST)  VALUE       VALUE  FROM      YEAR
                                                  NORMAL
..................................................................
TEMPERATURE (F)
 YESTERDAY
  MAXIMUM         91    155 PM  97    1954  83      8       77
  MINIMUM         67    527 AM  45    1962  63      4       71
  AVERAGE         79                        73      6       74

PRECIPITATION (IN)
  YESTERDAY        0.08          2.03 1989   0.11  -0.03     1.70
  MONTH TO DATE    4.12                      2.64   1.48     8.70
  SINCE SEP 1      4.12                      2.64   1.48     8.70
  SINCE JAN 1     35.70                     33.12   2.58    41.58

DEGREE DAYS
 HEATING
  YESTERDAY        0                         0      0        0
  MONTH TO DATE    0                         0      0        0
  SINCE SEP 1      0                         0      0        0
  SINCE JUL 1      0                         0      0        0

 COOLING
  YESTERDAY       14                         8      6        9
  MONTH TO DATE  196                       226    -30      293
  SINCE SEP 1    196                       226    -30      293
  SINCE JAN 1   1978                      1896     82     2330
..................................................................


WIND (MPH)
  HIGHEST WIND SPEED    16   HIGHEST WIND DIRECTION     E (110)
  HIGHEST GUST SPEED    19   HIGHEST GUST DIRECTION     E (100)
  AVERAGE WIND SPEED     3.3


SKY COVER
  POSSIBLE SUNSHINE  MM
  AVERAGE SKY COVER 0.1


WEATHER CONDITIONS
 THE FOLLOWING WEATHER WAS RECORDED YESTERDAY.
  THUNDERSTORM
  HEAVY RAIN
  LIGHT RAIN
  FOG
  FOG W/VISIBILITY <= 1/4 MILE


RELATIVE HUMIDITY (PERCENT)
 HIGHEST   100           100 AM
 LOWEST     44           200 PM
 AVERAGE    72

..........................................................


THE FLORENCE SC CLIMATE NORMALS FOR TODAY
                         NORMAL    RECORD    YEAR
 MAXIMUM TEMPERATURE (F)   83        96      1980
 MINIMUM TEMPERATURE (F)   62        47      1999


SUNRISE AND SUNSET
SEPTEMBER 22 2017.....SUNRISE   707 AM EDT   SUNSET   715 PM EDT
SEPTEMBER 23 2017.....SUNRISE   708 AM EDT   SUNSET   714 PM EDT


-  INDICATES NEGATIVE NUMBERS.
R  INDICATES RECORD WAS SET OR TIED.
MM INDICATES DATA IS MISSING.
T  INDICATES TRACE AMOUNT.




$$
