000
CDUS42 KTBW 250834
CLIFMY


CLIMATE REPORT
NATIONAL WEATHER SERVICE TAMPA BAY FL
433 AM EDT SUN JUN 25 2017


...................................

...THE FORT MYERS CLIMATE SUMMARY FOR JUNE 24 2017...

CLIMATE NORMAL PERIOD 1981 TO 2010
CLIMATE RECORD PERIOD 1902 TO 2017


WEATHER ITEM   OBSERVED TIME   RECORD YEAR NORMAL DEPARTURE LAST
                VALUE   (LST)  VALUE       VALUE  FROM      YEAR
                                                  NORMAL
..................................................................
TEMPERATURE (F)
 YESTERDAY
  MAXIMUM         92    243 PM  97    1948  92      0       92
  MINIMUM         76    556 AM  68    1964  74      2       77
                                      1917
  AVERAGE         84                        83      1       85

PRECIPITATION (IN)
  YESTERDAY        0.04          4.50 1951   0.37  -0.33     0.67
  MONTH TO DATE    9.83                      7.88   1.95    10.42
  SINCE JUN 1      9.83                      7.88   1.95    10.42
  SINCE JAN 1     16.01                     19.68  -3.67    31.29

DEGREE DAYS
 HEATING
  YESTERDAY        0                         0      0        0
  MONTH TO DATE    0                         0      0        0
  SINCE JUN 1      0                         0      0        0
  SINCE JUL 1     76                       287   -211      204

 COOLING
  YESTERDAY       19                        18      1       20
  MONTH TO DATE  380                       420    -40      433
  SINCE JUN 1    380                       420    -40      433
  SINCE JAN 1   1662                      1486    176     1531
..................................................................


WIND (MPH)
  RESULTANT WIND SPEED   2   RESULTANT WIND DIRECTION   E (110)
  HIGHEST WIND SPEED    16   HIGHEST WIND DIRECTION     W (280)
  HIGHEST GUST SPEED    20   HIGHEST GUST DIRECTION     W (270)
  AVERAGE WIND SPEED     4.6


SKY COVER
  POSSIBLE SUNSHINE  MM
  AVERAGE SKY COVER 0.5


WEATHER CONDITIONS
 THE FOLLOWING WEATHER WAS RECORDED YESTERDAY.
  THUNDERSTORM
  LIGHT RAIN


RELATIVE HUMIDITY (PERCENT)
 HIGHEST   100           100 AM
 LOWEST     52          1200 PM

..........................................................


THE FORT MYERS CLIMATE NORMALS FOR TODAY
                         NORMAL    RECORD    YEAR
 MAXIMUM TEMPERATURE (F)   92        98      2007
 MINIMUM TEMPERATURE (F)   74        69      2000
                                             1964
                                             1917


SUNRISE AND SUNSET
JUNE 25 2017..........SUNRISE   636 AM EDT   SUNSET   824 PM EDT
JUNE 26 2017..........SUNRISE   636 AM EDT   SUNSET   824 PM EDT


-  INDICATES NEGATIVE NUMBERS.
R  INDICATES RECORD WAS SET OR TIED.
MM INDICATES DATA IS MISSING.
T  INDICATES TRACE AMOUNT.




$$


&&
------------------------------------------------------------------
******************** SUPPLEMENTAL DATA ***************************

...GULF WATER TEMPERATURE AT FORT MYERS BEACH 87 DEGREES
