000
CDUS42 KTBW 252120
CLIFMY


CLIMATE REPORT
NATIONAL WEATHER SERVICE TAMPA BAY FL
518 PM EDT THU AUG 25 2016


...................................

...THE FORT MYERS CLIMATE SUMMARY FOR AUGUST 25 2016...
VALID TODAY AS OF 0500 PM LOCAL TIME.

CLIMATE NORMAL PERIOD 1981 TO 2010
CLIMATE RECORD PERIOD 1902 TO 2016


WEATHER ITEM   OBSERVED TIME   RECORD YEAR NORMAL DEPARTURE LAST
                VALUE   (LST)  VALUE       VALUE  FROM      YEAR
                                                  NORMAL
..................................................................
TEMPERATURE (F)
 TODAY
  MAXIMUM         91    256 PM  96    1989  92     -1       92
                                      1947
  MINIMUM         78    647 AM  69    1942  75      3       76
                                      1917
  AVERAGE         85                        83      2       84

PRECIPITATION (IN)
  TODAY            T             3.57 1995   0.34  -0.34     0.05
  MONTH TO DATE    8.28                      8.14   0.14     7.59
  SINCE JUN 1     29.88                     27.27   2.61    29.26
  SINCE JAN 1     50.75                     39.07  11.68    38.11

DEGREE DAYS
 HEATING
  TODAY            0                         0      0        0
  MONTH TO DATE    0                         0      0        0
  SINCE JUN 1      0                         0      0        0
  SINCE JUL 1      0                         0      0        0

 COOLING
  TODAY           20                        18      2       19
  MONTH TO DATE  484                       450     34      473
  SINCE JUN 1   1638                      1539     99     1562
  SINCE JAN 1   2736                      2605    131     2916
..................................................................


WIND (MPH)
  RESULTANT WIND SPEED   9   RESULTANT WIND DIRECTION  NE (60)
  HIGHEST WIND SPEED    20   HIGHEST WIND DIRECTION     E (70)
  HIGHEST GUST SPEED    25   HIGHEST GUST DIRECTION     E (80)
  AVERAGE WIND SPEED     9.1


SKY COVER
  POSSIBLE SUNSHINE  MM
  AVERAGE SKY COVER 0.3


WEATHER CONDITIONS
 THE FOLLOWING WEATHER WAS RECORDED TODAY.
  THUNDERSTORM
  LIGHT RAIN


RELATIVE HUMIDITY (PERCENT)
 HIGHEST    91           100 AM
 LOWEST     60           300 PM

..........................................................


THE FORT MYERS CLIMATE NORMALS FOR TOMORROW
                         NORMAL    RECORD    YEAR
 MAXIMUM TEMPERATURE (F)   92        97      1987
                                             1941
 MINIMUM TEMPERATURE (F)   75        68      1917


SUNRISE AND SUNSET
AUGUST 25 2016........SUNRISE   704 AM EDT   SUNSET   754 PM EDT
AUGUST 26 2016........SUNRISE   705 AM EDT   SUNSET   753 PM EDT


-  INDICATES NEGATIVE NUMBERS.
R  INDICATES RECORD WAS SET OR TIED.
MM INDICATES DATA IS MISSING.
T  INDICATES TRACE AMOUNT.




$$


&&
------------------------------------------------------------------
******************** SUPPLEMENTAL DATA ***************************

...GULF WATER TEMPERATURE AT FORT MYERS BEACH 88 DEGREES
