000
CDUS42 KTBW 140930
CLIFMY


CLIMATE REPORT
NATIONAL WEATHER SERVICE TAMPA BAY FL
428 AM EST SUN FEB 14 2016


...................................

...THE FORT MYERS CLIMATE SUMMARY FOR FEBRUARY 13 2016...

CLIMATE NORMAL PERIOD 1981 TO 2010
CLIMATE RECORD PERIOD 1902 TO 2016


WEATHER ITEM   OBSERVED TIME   RECORD YEAR NORMAL DEPARTURE LAST
                VALUE   (LST)  VALUE       VALUE  FROM      YEAR
                                                  NORMAL
..................................................................
TEMPERATURE (F)
 YESTERDAY
  MAXIMUM         75    258 PM  88    1959  77     -2       68
  MINIMUM         50    518 AM  32    1955  56     -6       45
  AVERAGE         63                        66     -3       57

PRECIPITATION (IN)
  YESTERDAY        0.00          1.89 1913   0.08  -0.08     0.00
  MONTH TO DATE    1.08                      0.92   0.16     0.79
  SINCE DEC 1     17.66                      4.57  13.09     1.41
  SINCE JAN 1     14.06                      2.86  11.20     1.36

DEGREE DAYS
 HEATING
  YESTERDAY        2                         2      0        8
  MONTH TO DATE   61                        32     29       31
  SINCE DEC 1    168                       215    -47      134
  SINCE JUL 1    168                       233    -65      175

 COOLING
  YESTERDAY        0                         4     -4        0
  MONTH TO DATE   37                        42     -5        6
  SINCE DEC 1    359                       246    113      244
  SINCE JAN 1     81                       125    -44      106
..................................................................


WIND (MPH)
  RESULTANT WIND SPEED   5   RESULTANT WIND DIRECTION  NW (320)
  HIGHEST WIND SPEED    17   HIGHEST WIND DIRECTION    NW (310)
  HIGHEST GUST SPEED    22   HIGHEST GUST DIRECTION    NW (310)
  AVERAGE WIND SPEED     5.8


SKY COVER
  POSSIBLE SUNSHINE  MM
  AVERAGE SKY COVER 0.1


WEATHER CONDITIONS
 THE FOLLOWING WEATHER WAS RECORDED YESTERDAY.
  NO SIGNIFICANT WEATHER WAS OBSERVED.


RELATIVE HUMIDITY (PERCENT)
 HIGHEST   100           400 AM
 LOWEST     41           500 PM

..........................................................


THE FORT MYERS CLIMATE NORMALS FOR TODAY
                         NORMAL    RECORD    YEAR
 MAXIMUM TEMPERATURE (F)   77        89      1909
 MINIMUM TEMPERATURE (F)   56        30      1958


SUNRISE AND SUNSET
FEBRUARY 14 2016......SUNRISE   705 AM EST   SUNSET   619 PM EST
FEBRUARY 15 2016......SUNRISE   704 AM EST   SUNSET   620 PM EST


-  INDICATES NEGATIVE NUMBERS.
R  INDICATES RECORD WAS SET OR TIED.
MM INDICATES DATA IS MISSING.
T  INDICATES TRACE AMOUNT.




$$


&&
------------------------------------------------------------------
******************** SUPPLEMENTAL DATA ***************************

...GULF WATER TEMPERATURE AT FORT MYERS BEACH 63 DEGREES
