000
CDUS42 KTBW 220930
CLIFMY


CLIMATE REPORT
NATIONAL WEATHER SERVICE TAMPA BAY FL
427 AM EST MON DEC 22 2014


...................................

...THE FORT MYERS CLIMATE SUMMARY FOR DECEMBER 21 2014...

CLIMATE NORMAL PERIOD 1981 TO 2010
CLIMATE RECORD PERIOD 1902 TO 2014


WEATHER ITEM   OBSERVED TIME   RECORD YEAR NORMAL DEPARTURE LAST
                VALUE   (LST)  VALUE       VALUE  FROM      YEAR
                                                  NORMAL
..................................................................
TEMPERATURE (F)
 YESTERDAY
  MAXIMUM         80    237 PM  87    2013  76      4       87
                                      1990
  MINIMUM         60    521 AM  35    2000  55      5       66
  AVERAGE         70                        66      4       77

PRECIPITATION (IN)
  YESTERDAY        0.03          2.38 1994   0.06  -0.03     0.00
  MONTH TO DATE    0.04                      1.09  -1.05     0.32
  SINCE DEC 1      0.04                      1.09  -1.05     0.32
  SINCE JAN 1     42.31                     55.31 -13.00    53.61

DEGREE DAYS
 HEATING
  YESTERDAY        0                         3     -3        0
  MONTH TO DATE   48                        41      7        4
  SINCE DEC 1     48                        41      7        4
  SINCE JUL 1     89                        59     30       13

 COOLING
  YESTERDAY        5                         4      1       12
  MONTH TO DATE   65                        91    -26      143
  SINCE DEC 1     65                        91    -26      143
  SINCE JAN 1   3992                      3954     38     4017
..................................................................


WIND (MPH)
  RESULTANT WIND SPEED   4   RESULTANT WIND DIRECTION   S (170)
  HIGHEST WIND SPEED    13   HIGHEST WIND DIRECTION    SW (210)
  HIGHEST GUST SPEED    18   HIGHEST GUST DIRECTION    SE (150)
  AVERAGE WIND SPEED     4.1


SKY COVER
  POSSIBLE SUNSHINE  MM
  AVERAGE SKY COVER 0.4


WEATHER CONDITIONS
 THE FOLLOWING WEATHER WAS RECORDED YESTERDAY.
  LIGHT RAIN
  FOG


RELATIVE HUMIDITY (PERCENT)
 HIGHEST    93          1200 AM
 LOWEST     62           100 PM

..........................................................


THE FORT MYERS CLIMATE NORMALS FOR TODAY
                         NORMAL    RECORD    YEAR
 MAXIMUM TEMPERATURE (F)   76        86      2013
                                             1990
                                             1956
 MINIMUM TEMPERATURE (F)   55        35      1973
                                             1960


SUNRISE AND SUNSET
DECEMBER 22 2014......SUNRISE   712 AM EST   SUNSET   540 PM EST
DECEMBER 23 2014......SUNRISE   712 AM EST   SUNSET   541 PM EST


-  INDICATES NEGATIVE NUMBERS.
R  INDICATES RECORD WAS SET OR TIED.
MM INDICATES DATA IS MISSING.
T  INDICATES TRACE AMOUNT.




$$


&&
------------------------------------------------------------------
******************** SUPPLEMENTAL DATA ***************************

...GULF WATER TEMPERATURE AT FORT MYERS BEACH 67
