000
CDUS42 KTBW 240930
CLIFMY


CLIMATE REPORT
NATIONAL WEATHER SERVICE TAMPA BAY FL
427 AM EST SAT FEB 24 2018


...................................

...THE FORT MYERS CLIMATE SUMMARY FOR FEBRUARY 23 2018...

CLIMATE NORMAL PERIOD 1981 TO 2010
CLIMATE RECORD PERIOD 1902 TO 2018


WEATHER ITEM   OBSERVED TIME   RECORD YEAR NORMAL DEPARTURE LAST
                VALUE   (LST)  VALUE       VALUE  FROM      YEAR
                                                  NORMAL
..................................................................
TEMPERATURE (F)
 YESTERDAY
  MAXIMUM         88    324 PM  89    1962  78     10       75
  MINIMUM         69    519 AM  32    1978  57     12       59
  AVERAGE         79                        68     11       67

PRECIPITATION (IN)
  YESTERDAY        0.00          2.27 1990   0.08  -0.08      T
  MONTH TO DATE    0.74                      1.72  -0.98     0.72
  SINCE DEC 1      3.35                      5.37  -2.02     2.49
  SINCE JAN 1      1.90                      3.66  -1.76     2.25

DEGREE DAYS
 HEATING
  YESTERDAY        0                         2     -2        0
  MONTH TO DATE    0                        52    -52        1
  SINCE DEC 1    181                       235    -54       60
  SINCE JUL 1    186                       253    -67       65

 COOLING
  YESTERDAY       14                         4     10        2
  MONTH TO DATE  225                        82    143      133
  SINCE DEC 1    474                       286    188      562
  SINCE JAN 1    305                       165    140      286
..................................................................


WIND (MPH)
  RESULTANT WIND SPEED   8   RESULTANT WIND DIRECTION   E (100)
  HIGHEST WIND SPEED    17   HIGHEST WIND DIRECTION     E (110)
  HIGHEST GUST SPEED    24   HIGHEST GUST DIRECTION    SE (130)
  AVERAGE WIND SPEED     8.5


SKY COVER
  POSSIBLE SUNSHINE  MM
  AVERAGE SKY COVER 0.4


WEATHER CONDITIONS
 THE FOLLOWING WEATHER WAS RECORDED YESTERDAY.
  NO SIGNIFICANT WEATHER WAS OBSERVED.


RELATIVE HUMIDITY (PERCENT)
 HIGHEST    97           300 AM
 LOWEST     48           300 PM

..........................................................


THE FORT MYERS CLIMATE NORMALS FOR TODAY
                         NORMAL    RECORD    YEAR
 MAXIMUM TEMPERATURE (F)   78        88      2001
 MINIMUM TEMPERATURE (F)   57        37      1989


SUNRISE AND SUNSET
FEBRUARY 24 2018......SUNRISE   656 AM EST   SUNSET   626 PM EST
FEBRUARY 25 2018......SUNRISE   655 AM EST   SUNSET   626 PM EST


-  INDICATES NEGATIVE NUMBERS.
R  INDICATES RECORD WAS SET OR TIED.
MM INDICATES DATA IS MISSING.
T  INDICATES TRACE AMOUNT.




$$


&&
------------------------------------------------------------------
******************** SUPPLEMENTAL DATA ***************************

...GULF WATER TEMPERATURE AT FORT MYERS BEACH 75 DEGREES
