000
CDUS43 KDTX 290540
CLIFNT


CLIMATE REPORT
NATIONAL WEATHER SERVICE DETROIT/PONTIAC MI
139 AM EDT THU SEP 29 2016


...................................

...THE FLINT MI CLIMATE SUMMARY FOR SEPTEMBER 28 2016...

CLIMATE NORMAL PERIOD 1981 TO 2010
CLIMATE RECORD PERIOD 1921 TO 2016


WEATHER ITEM   OBSERVED TIME   RECORD YEAR NORMAL DEPARTURE LAST
                VALUE   (LST)  VALUE       VALUE  FROM      YEAR
                                                  NORMAL
..................................................................
TEMPERATURE (F)
 YESTERDAY
  MAXIMUM         62    413 PM  87    1946  67     -5       80
  MINIMUM         46    548 AM  26    1991  45      1       68
  AVERAGE         54                        56     -2       74

PRECIPITATION (IN)
  YESTERDAY        0.08          1.04 1944   0.11  -0.03     0.02
  MONTH TO DATE    2.85                      3.52  -0.67     3.50
  SINCE SEP 1      2.85                      3.52  -0.67     3.50
  SINCE JAN 1     22.40                     24.08  -1.68    22.87

SNOWFALL (IN)
  YESTERDAY        0.0           0.0    MM   0.0    0.0      0.0
  MONTH TO DATE    0.0                       0.0    0.0      0.0
  SINCE SEP 1      0.0                       0.0    0.0      0.0
  SINCE JUL 1      0.0                       0.0    0.0      0.0
  SNOW DEPTH       0

DEGREE DAYS
 HEATING
  YESTERDAY       11                        10      1        0
  MONTH TO DATE   59                       145    -86       42
  SINCE SEP 1     59                       145    -86       42
  SINCE JUL 1     59                       189   -130       64

 COOLING
  YESTERDAY        0                         1     -1        9
  MONTH TO DATE   72                        47     25      148
  SINCE SEP 1     72                        47     25      148
  SINCE JAN 1   1011                       524    487      761
..................................................................


WIND (MPH)
  HIGHEST WIND SPEED    15   HIGHEST WIND DIRECTION     E (100)
  HIGHEST GUST SPEED    24   HIGHEST GUST DIRECTION    NE (50)
  AVERAGE WIND SPEED     5.8


SKY COVER
  POSSIBLE SUNSHINE  MM
  AVERAGE SKY COVER 0.5


WEATHER CONDITIONS
 THE FOLLOWING WEATHER WAS RECORDED YESTERDAY.
  THUNDERSTORM
  LIGHT RAIN


RELATIVE HUMIDITY (PERCENT)
 HIGHEST    93           400 AM
 LOWEST     62           900 AM
 AVERAGE    78

..........................................................


THE FLINT MI CLIMATE NORMALS FOR TODAY
                         NORMAL    RECORD    YEAR
 MAXIMUM TEMPERATURE (F)   67        84      1939
 MINIMUM TEMPERATURE (F)   45        28      1951


SUNRISE AND SUNSET
SEPTEMBER 29 2016.....SUNRISE   730 AM EDT   SUNSET   719 PM EDT
SEPTEMBER 30 2016.....SUNRISE   732 AM EDT   SUNSET   717 PM EDT


-  INDICATES NEGATIVE NUMBERS.
R  INDICATES RECORD WAS SET OR TIED.
MM INDICATES DATA IS MISSING.
T  INDICATES TRACE AMOUNT.




$$
