000
CDUS43 KFSD 030622
CLIFSD


CLIMATE REPORT
NATIONAL WEATHER SERVICE SIOUX FALLS SD
1222 AM CST TUE MAR 3 2015


...................................

...THE SIOUX FALLS SD CLIMATE SUMMARY FOR MARCH 2 2015...

CLIMATE NORMAL PERIOD 1981 TO 2010
CLIMATE RECORD PERIOD 1893 TO 2015


WEATHER ITEM   OBSERVED TIME   RECORD YEAR NORMAL DEPARTURE LAST
                VALUE   (LST)  VALUE       VALUE  FROM      YEAR
                                                  NORMAL
..................................................................
TEMPERATURE (F)
 YESTERDAY
  MAXIMUM         30    831 PM  74    1974  37     -7        0
  MINIMUM          2    700 AM -17    1913  17    -15      -16
  AVERAGE         16                        27    -11       -8

PRECIPITATION (IN)
  YESTERDAY        0.00          1.52 1951   0.04  -0.04      T
  MONTH TO DATE    0.00                      0.07  -0.07     0.16
  SINCE MAR 1      0.00                      0.07  -0.07     0.16
  SINCE JAN 1      1.22                      1.23  -0.01     1.15

SNOWFALL (IN)
  YESTERDAY        0.0          14.7  1951   0.3   -0.3       T
  MONTH TO DATE    0.0                       0.6   -0.6      2.2
  SINCE MAR 1      0.0                       0.6   -0.6      2.2
  SINCE JUL 1     30.2                      32.1   -1.9     36.4
  SNOW DEPTH       T

DEGREE DAYS
 HEATING
  YESTERDAY       49                        38     11       73
  MONTH TO DATE   93                        76     17      139
  SINCE MAR 1     93                        76     17      139
  SINCE JUL 1   5842                      5926    -84     6486

 COOLING
  YESTERDAY        0                         0      0        0
  MONTH TO DATE    0                         0      0        0
  SINCE MAR 1      0                         0      0        0
  SINCE JAN 1      0                         0      0        0
..................................................................


WIND (MPH)
  HIGHEST WIND SPEED    23   HIGHEST WIND DIRECTION    SE (150)
  HIGHEST GUST SPEED    39   HIGHEST GUST DIRECTION    SE (150)
  AVERAGE WIND SPEED    10.7


SKY COVER
  POSSIBLE SUNSHINE  MM
  AVERAGE SKY COVER 0.7


WEATHER CONDITIONS
 THE FOLLOWING WEATHER WAS RECORDED YESTERDAY.
  NO SIGNIFICANT WEATHER WAS OBSERVED.


RELATIVE HUMIDITY (PERCENT)
 HIGHEST    92           200 AM
 LOWEST     58           300 PM
 AVERAGE    75

..........................................................


THE SIOUX FALLS SD CLIMATE NORMALS FOR TODAY
                         NORMAL    RECORD    YEAR
 MAXIMUM TEMPERATURE (F)   37        73      1905
 MINIMUM TEMPERATURE (F)   18       -15      2014
                                             1916


SUNRISE AND SUNSET
MARCH  3 2015.........SUNRISE   700 AM CST   SUNSET   618 PM CST
MARCH  4 2015.........SUNRISE   659 AM CST   SUNSET   619 PM CST


-  INDICATES NEGATIVE NUMBERS.
R  INDICATES RECORD WAS SET OR TIED.
MM INDICATES DATA IS MISSING.
T  INDICATES TRACE AMOUNT.




$$
