000
CDUS44 KTSA 052118
CLIFSM

ZCZC OKCCLIFSM



CLIMATE REPORT
NATIONAL WEATHER SERVICE TULSA OK
418 PM CDT SUN JUL 5 2015


...................................

...THE FORT SMITH ARKANSAS CLIMATE SUMMARY FOR JULY 5 2015...
VALID TODAY AS OF 0400 PM LOCAL TIME.

CLIMATE NORMAL PERIOD 1981 TO 2010
CLIMATE RECORD PERIOD 1882 TO 2015


WEATHER ITEM   OBSERVED TIME   RECORD YEAR NORMAL DEPARTURE LAST
                VALUE   (LST)  VALUE       VALUE  FROM      YEAR
                                                  NORMAL
..................................................................
TEMPERATURE (F)
 TODAY
  MAXIMUM         91    133 PM 105    2012  92     -1       88
                                      2011
  MINIMUM         72    532 AM  56    1972  71      1       67
  AVERAGE         82                        82      0       78

PRECIPITATION (IN)
  TODAY            0.00          1.85 1967   0.12  -0.12     0.00
  MONTH TO DATE    1.70                      0.61   1.09     0.06
  SINCE JUN 1      4.83                      4.89  -0.06     4.51
  SINCE JAN 1     38.08                     24.08  14.00    19.25

DEGREE DAYS
 COOLING
  TODAY           17                        17      0       13
  MONTH TO DATE   83                        81      2       69
  SINCE JUN 1    566                       466    100      507
  SINCE JAN 1    806                       710     96      785
..................................................................


WIND (MPH)
  HIGHEST WIND SPEED    12   HIGHEST WIND DIRECTION     S (200)
  HIGHEST GUST SPEED    16   HIGHEST GUST DIRECTION    SW (220)
  AVERAGE WIND SPEED     4.5


SKY COVER
  POSSIBLE SUNSHINE  MM
  AVERAGE SKY COVER 0.3


WEATHER CONDITIONS
 THE FOLLOWING WEATHER WAS RECORDED TODAY.
  FOG


RELATIVE HUMIDITY (PERCENT)
 HIGHEST    87           100 AM
 LOWEST     59           100 PM
 AVERAGE    73

..........................................................


THE FORT SMITH ARKANSAS CLIMATE NORMALS FOR TOMORROW
                         NORMAL    RECORD    YEAR
 MAXIMUM TEMPERATURE (F)   92       106      2012
 MINIMUM TEMPERATURE (F)   71        50      1972


SUNRISE AND SUNSET
JULY  5 2015..........SUNRISE   608 AM CDT   SUNSET   836 PM CDT
JULY  6 2015..........SUNRISE   609 AM CDT   SUNSET   836 PM CDT


-  INDICATES NEGATIVE NUMBERS.
R  INDICATES RECORD WAS SET OR TIED.
MM INDICATES DATA IS MISSING.
T  INDICATES TRACE AMOUNT.




$$

&&
...........................................................

THE ARKANSAS RIVER AT VAN BUREN

                   OBSERVED      24 HOUR     24 HOUR
                    VALUE        CHANGE      FORECAST

 STAGE (FEET)
  THIS AFTERNOON     21.3         -0.5

MEAN FLOW (CFS)
  TODAY                                        132600
...........................................................
ALL DATA MEASURED AT THE FORT SMITH REGIONAL AIRPORT
