000
CDUS44 KTSA 230802
CLIFSM

CLIMATE REPORT
NATIONAL WEATHER SERVICE TULSA OK
147 AM CDT SAT JUL 23 2016


...................................

...THE FORT SMITH ARKANSAS CLIMATE SUMMARY FOR JULY 22 2016...

CLIMATE NORMAL PERIOD 1981 TO 2010
CLIMATE RECORD PERIOD 1882 TO 2016


WEATHER ITEM   OBSERVED TIME   RECORD YEAR NORMAL DEPARTURE LAST
                VALUE   (LST)  VALUE       VALUE  FROM      YEAR
                                                  NORMAL
..................................................................
TEMPERATURE (F)
 YESTERDAY
  MAXIMUM        101    403 PM 106    2011  94      7       91
                                      1943
  MINIMUM         79    607 AM  51    1970  72      7       75
  AVERAGE         90                        83      7       83

PRECIPITATION (IN)
  YESTERDAY        0.00          3.88 1950   0.10  -0.10     0.40
  MONTH TO DATE    3.60                      2.38   1.22     8.79
  SINCE JUN 1      5.51                      6.66  -1.15    11.92
  SINCE JAN 1     22.72                     25.85  -3.13    45.17

DEGREE DAYS
 COOLING
  YESTERDAY       25                        18      7       18
  MONTH TO DATE  428                       376     52      412
  SINCE JUN 1    931                       761    170      895
  SINCE JAN 1   1116                      1005    111     1135
..................................................................


WIND (MPH)
  HIGHEST WIND SPEED    10   HIGHEST WIND DIRECTION     E (70)
  HIGHEST GUST SPEED    15   HIGHEST GUST DIRECTION     W (290)
  AVERAGE WIND SPEED     3.1


SKY COVER
  POSSIBLE SUNSHINE  MM
  AVERAGE SKY COVER 0.1


WEATHER CONDITIONS
 THE FOLLOWING WEATHER WAS RECORDED YESTERDAY.
  FOG


RELATIVE HUMIDITY (PERCENT)
 HIGHEST    91           400 AM
 LOWEST     38           200 PM
 AVERAGE    65

..........................................................


THE FORT SMITH ARKANSAS CLIMATE NORMALS FOR TODAY
                         NORMAL    RECORD    YEAR
 MAXIMUM TEMPERATURE (F)   94       107      2011
 MINIMUM TEMPERATURE (F)   72        54      1947


SUNRISE AND SUNSET
JULY 23 2016..........SUNRISE   620 AM CDT   SUNSET   828 PM CDT
JULY 24 2016..........SUNRISE   621 AM CDT   SUNSET   827 PM CDT


-  INDICATES NEGATIVE NUMBERS.
R  INDICATES RECORD WAS SET OR TIED.
MM INDICATES DATA IS MISSING.
T  INDICATES TRACE AMOUNT.




$$

&&
...........................................................

THE ARKANSAS RIVER AT VAN BUREN

                   OBSERVED      24 HOUR     24 HOUR
                    VALUE        CHANGE      FORECAST

 STAGE (FEET)
  THIS MORNING       19.2         -0.2

MEAN FLOW (CFS)
  TODAY                                        -99
...........................................................
ALL DATA MEASURED AT THE FORT SMITH REGIONAL AIRPORT
