000
CDUS44 KTSA 270800
CLIFSM

CLIMATE REPORT
NATIONAL WEATHER SERVICE TULSA OK
147 AM CDT THU AUG 27 2015


...................................

...THE FORT SMITH ARKANSAS CLIMATE SUMMARY FOR AUGUST 26 2015...

CLIMATE NORMAL PERIOD 1981 TO 2010
CLIMATE RECORD PERIOD 1882 TO 2015


WEATHER ITEM   OBSERVED TIME   RECORD YEAR NORMAL DEPARTURE LAST
                VALUE   (LST)  VALUE       VALUE  FROM      YEAR
                                                  NORMAL
..................................................................
TEMPERATURE (F)
 YESTERDAY
  MAXIMUM         88    457 PM 106    1999  92     -4       97
                                      1963
  MINIMUM         62    524 AM  55    1985  70     -8       74
                                      1962
  AVERAGE         75                        81     -6       86

PRECIPITATION (IN)
  YESTERDAY        0.00          2.70 1944   0.08  -0.08     0.00
  MONTH TO DATE    4.40                      2.17   2.23     1.39
  SINCE JUN 1     16.32                      9.75   6.57     8.52
  SINCE JAN 1     49.57                     28.94  20.63    23.26

DEGREE DAYS
 COOLING
  YESTERDAY       10                        16     -6       21
  MONTH TO DATE  411                       455    -44      438
  SINCE JUN 1   1508                      1376    132     1295
  SINCE JAN 1   1748                      1620    128     1573
..................................................................


WIND (MPH)
  HIGHEST WIND SPEED     8   HIGHEST WIND DIRECTION    NE (30)
  HIGHEST GUST SPEED    11   HIGHEST GUST DIRECTION    NE (30)
  AVERAGE WIND SPEED     1.3


SKY COVER
  POSSIBLE SUNSHINE  MM
  AVERAGE SKY COVER 0.0


WEATHER CONDITIONS
 THE FOLLOWING WEATHER WAS RECORDED YESTERDAY.
  NO SIGNIFICANT WEATHER WAS OBSERVED.


RELATIVE HUMIDITY (PERCENT)
 HIGHEST    90           600 AM
 LOWEST     34           400 PM
 AVERAGE    62

..........................................................


THE FORT SMITH ARKANSAS CLIMATE NORMALS FOR TODAY
                         NORMAL    RECORD    YEAR
 MAXIMUM TEMPERATURE (F)   92       105      2000
 MINIMUM TEMPERATURE (F)   69        58      1967
                                             1887


SUNRISE AND SUNSET
AUGUST 27 2015........SUNRISE   646 AM CDT   SUNSET   751 PM CDT
AUGUST 28 2015........SUNRISE   647 AM CDT   SUNSET   750 PM CDT


-  INDICATES NEGATIVE NUMBERS.
R  INDICATES RECORD WAS SET OR TIED.
MM INDICATES DATA IS MISSING.
T  INDICATES TRACE AMOUNT.




$$

&&
...........................................................

THE ARKANSAS RIVER AT VAN BUREN

                   OBSERVED      24 HOUR     24 HOUR
                    VALUE        CHANGE      FORECAST

 STAGE (FEET)
  THIS MORNING       19.4         -0.4

MEAN FLOW (CFS)
  TODAY                                        25000
...........................................................
ALL DATA MEASURED AT THE FORT SMITH REGIONAL AIRPORT
