000
CDUS44 KTSA 180803
CLIFSM

CLIMATE REPORT
NATIONAL WEATHER SERVICE TULSA OK
302 AM CDT FRI APR 18 2014


...................................

...THE FORT SMITH ARKANSAS CLIMATE SUMMARY FOR APRIL 17 2014...

CLIMATE NORMAL PERIOD 1981 TO 2010
CLIMATE RECORD PERIOD 1882 TO 2014


WEATHER ITEM   OBSERVED TIME   RECORD YEAR NORMAL DEPARTURE LAST
                VALUE   (LST)  VALUE       VALUE  FROM      YEAR
                                                  NORMAL
..................................................................
TEMPERATURE (F)
 YESTERDAY
  MAXIMUM         72    300 PM  95    2006  74     -2       87
  MINIMUM         42    349 AM  29    1951  50     -8       70
  AVERAGE         57                        62     -5       79

PRECIPITATION (IN)
  YESTERDAY        T             1.76 1991   0.14  -0.14      T
  MONTH TO DATE    2.01                      2.28  -0.27     1.88
  SINCE MAR 1      5.86                      6.13  -0.27     5.30
  SINCE JAN 1      7.63                     11.70  -4.07    13.73

SNOWFALL (IN)
  YESTERDAY       MM                                         0.0
  MONTH TO DATE    0.0                                       0.0
  SINCE MAR 1      0.5                                       0.0
  SINCE JUL 1     10.7                                       8.0

DEGREE DAYS
 HEATING
  YESTERDAY        8                         5      3        0
  MONTH TO DATE  122                       111     11      104
  SINCE MAR 1    581                       497     84      573
  SINCE JUL 1   3526                      3170    356     2896

 COOLING
  YESTERDAY        0                         2     -2       14
  MONTH TO DATE   28                        24      4       56
  SINCE MAR 1     28                        35     -7       58
  SINCE JAN 1     28                        36     -8       59
..................................................................


WIND (MPH)
  HIGHEST WIND SPEED    14   HIGHEST WIND DIRECTION     N (10)
  HIGHEST GUST SPEED    16   HIGHEST GUST DIRECTION     N (10)
  AVERAGE WIND SPEED     5.6


SKY COVER
  POSSIBLE SUNSHINE  MM
  AVERAGE SKY COVER 0.3


WEATHER CONDITIONS
 THE FOLLOWING WEATHER WAS RECORDED YESTERDAY.
  NO SIGNIFICANT WEATHER WAS OBSERVED.


RELATIVE HUMIDITY (PERCENT)
 HIGHEST    82           400 AM
 LOWEST     29           300 PM
 AVERAGE    56

..........................................................


THE FORT SMITH ARKANSAS CLIMATE NORMALS FOR TODAY
                         NORMAL    RECORD    YEAR
 MAXIMUM TEMPERATURE (F)   75        96      2006
 MINIMUM TEMPERATURE (F)   50        33      1999


SUNRISE AND SUNSET
APRIL 18 2014.........SUNRISE   641 AM CDT   SUNSET   753 PM CDT
APRIL 19 2014.........SUNRISE   640 AM CDT   SUNSET   754 PM CDT


-  INDICATES NEGATIVE NUMBERS.
R  INDICATES RECORD WAS SET OR TIED.
MM INDICATES DATA IS MISSING.
T  INDICATES TRACE AMOUNT.




$$

&&
...........................................................

THE ARKANSAS RIVER AT VAN BUREN

                   OBSERVED      24 HOUR     24 HOUR
                    VALUE        CHANGE      FORECAST

 STAGE (FEET)
  THIS MORNING       19.5         +0.1

MEAN FLOW (CFS)
  TODAY                                        13800
...........................................................
ALL DATA MEASURED AT THE FORT SMITH REGIONAL AIRPORT
