000
CDUS42 KFFC 060824
CLIFTY


CLIMATE REPORT
NATIONAL WEATHER SERVICE PEACHTREE CITY GA
423 AM EDT MON JUL 6 2015


...................................

...THE FULTON COUNTY AIRPORT CLIMATE SUMMARY FOR JULY 5 2015...

CLIMATE NORMAL PERIOD 1981 TO 2010
CLIMATE RECORD PERIOD 9999 TO 9999


WEATHER ITEM   OBSERVED TIME   RECORD YEAR NORMAL DEPARTURE LAST
                VALUE   (LST)  VALUE       VALUE  FROM      YEAR
                                                  NORMAL
..................................................................
TEMPERATURE (F)
 YESTERDAY
  MAXIMUM         86    322 PM  MM      MM  89     -3       87
  MINIMUM         69    655 AM  MM      MM  69      0       64
  AVERAGE         78                        79     -1       76

PRECIPITATION (IN)
  YESTERDAY        0.00         MM      MM   0.19  -0.19     0.00
  MONTH TO DATE    0.98                      0.94   0.04     0.00
  SINCE JUN 1      1.98                      5.07  -3.09     2.72
  SINCE JAN 1     21.36                     26.56  -5.20    21.52

DEGREE DAYS
 COOLING
  YESTERDAY       13                        14     -1       11
  MONTH TO DATE   60                        70    -10       68
  SINCE JUN 1    486                       420     66      446
  SINCE JAN 1    761                       620    141      662
..................................................................


WIND (MPH)
  RESULTANT WIND SPEED   5   RESULTANT WIND DIRECTION  SW (230)
  HIGHEST WIND SPEED    15   HIGHEST WIND DIRECTION    SW (230)
  HIGHEST GUST SPEED    20   HIGHEST GUST DIRECTION    SW (210)
  AVERAGE WIND SPEED     6.0


SKY COVER
  AVERAGE SKY COVER 0.5


WEATHER CONDITIONS
 THE FOLLOWING WEATHER WAS RECORDED YESTERDAY.
  NO SIGNIFICANT WEATHER WAS OBSERVED.


RELATIVE HUMIDITY (PERCENT)
 HIGHEST    90          1200 AM
 LOWEST     51           400 PM
 AVERAGE    71

..........................................................


THE FULTON COUNTY AIRPORT CLIMATE NORMALS FOR TODAY
                         NORMAL    RECORD    YEAR
 MAXIMUM TEMPERATURE (F)   90        MM        MM
 MINIMUM TEMPERATURE (F)   69        MM        MM


SUNRISE AND SUNSET
JULY  6 2015..........SUNRISE   633 AM EDT   SUNSET   852 PM EDT
JULY  7 2015..........SUNRISE   634 AM EDT   SUNSET   852 PM EDT


-  INDICATES NEGATIVE NUMBERS.
R  INDICATES RECORD WAS SET OR TIED.
MM INDICATES DATA IS MISSING.
T  INDICATES TRACE AMOUNT.




$$
