000
CDUS42 KFFC 222040
CLIFTY


CLIMATE REPORT
NATIONAL WEATHER SERVICE PEACHTREE CITY GA
440 PM EDT WED MAR 22 2017


...................................

...THE FULTON COUNTY AIRPORT CLIMATE SUMMARY FOR MARCH 22 2017...
VALID TODAY AS OF 0400 PM LOCAL TIME.

CLIMATE NORMAL PERIOD 1981 TO 2010
CLIMATE RECORD PERIOD 9999 TO 9999


WEATHER ITEM   OBSERVED TIME   RECORD YEAR NORMAL DEPARTURE LAST
                VALUE   (LST)  VALUE       VALUE  FROM      YEAR
                                                  NORMAL
..................................................................
TEMPERATURE (F)
 TODAY
  MAXIMUM         67    331 PM  MM      MM  67      0       68
  MINIMUM         55    744 AM  MM      MM  43     12       31
  AVERAGE         61                        55      6       50

PRECIPITATION (IN)
  TODAY            T            MM      MM   0.15  -0.15     0.00
  MONTH TO DATE    1.97                      3.53  -1.56     1.26
  SINCE MAR 1      1.97                      3.53  -1.56     1.26
  SINCE JAN 1     10.02                     12.70  -2.68    11.37

SNOWFALL (IN)
  TODAY            0.0          MM      MM  MM     MM        0.0
  MONTH TO DATE    0.0                      MM     MM        0.0
  SINCE MAR 1      0.0                      MM     MM        0.0
  SINCE JUL 1      0.0                      MM     MM        0.1
  SNOW DEPTH       0

DEGREE DAYS
 HEATING
  TODAY            4                        10     -6       15
  MONTH TO DATE  284                       280      4      180
  SINCE MAR 1    284                       280      4      180
  SINCE JUL 1   1700                      2620   -920     2089

 COOLING
  TODAY            0                         0      0        0
  MONTH TO DATE    9                         0      9       19
  SINCE MAR 1      9                         0      9       19
  SINCE JAN 1      9                         0      9       19
..................................................................


WIND (MPH)
  RESULTANT WIND SPEED   4   RESULTANT WIND DIRECTION  NW (310)
  HIGHEST WIND SPEED    15   HIGHEST WIND DIRECTION     N (350)
  HIGHEST GUST SPEED    22   HIGHEST GUST DIRECTION    NW (300)
  AVERAGE WIND SPEED     5.3


SKY COVER
  AVERAGE SKY COVER 0.1


WEATHER CONDITIONS
 THE FOLLOWING WEATHER WAS RECORDED TODAY.
  LIGHT RAIN


RELATIVE HUMIDITY (PERCENT)
 HIGHEST    90          1200 AM
 LOWEST     42           300 PM
 AVERAGE    66

..........................................................


THE FULTON COUNTY AIRPORT CLIMATE NORMALS FOR TOMORROW
                         NORMAL    RECORD    YEAR
 MAXIMUM TEMPERATURE (F)   67        MM        MM
 MINIMUM TEMPERATURE (F)   44        MM        MM


SUNRISE AND SUNSET
MARCH 22 2017.........SUNRISE   739 AM EDT   SUNSET   751 PM EDT
MARCH 23 2017.........SUNRISE   737 AM EDT   SUNSET   752 PM EDT


-  INDICATES NEGATIVE NUMBERS.
R  INDICATES RECORD WAS SET OR TIED.
MM INDICATES DATA IS MISSING.
T  INDICATES TRACE AMOUNT.




$$
