000
CDUS42 KFFC 280818
CLIFTY


CLIMATE REPORT
NATIONAL WEATHER SERVICE PEACHTREE CITY GA
418 AM EDT THU MAY 28 2015


...................................

...THE FULTON COUNTY AIRPORT CLIMATE SUMMARY FOR MAY 27 2015...

CLIMATE NORMAL PERIOD 1981 TO 2010
CLIMATE RECORD PERIOD 9999 TO 9999


WEATHER ITEM   OBSERVED TIME   RECORD YEAR NORMAL DEPARTURE LAST
                VALUE   (LST)  VALUE       VALUE  FROM      YEAR
                                                  NORMAL
..................................................................
TEMPERATURE (F)
 YESTERDAY
  MAXIMUM         84    421 PM  MM      MM  83      1       84
  MINIMUM         64    141 AM  MM      MM  62      2       63
  AVERAGE         74                        73      1       74

PRECIPITATION (IN)
  YESTERDAY        0.07         MM      MM   0.12  -0.05     0.00
  MONTH TO DATE    2.16                      3.30  -1.14     3.68
  SINCE MAR 1     11.91                     11.85   0.06    12.96
  SINCE JAN 1     18.70                     21.02  -2.32    18.63

DEGREE DAYS
 COOLING
  YESTERDAY        9                         8      1        9
  MONTH TO DATE  172                       128     44      141
  SINCE MAR 1    238                       167     71      173
  SINCE JAN 1    238                       167     71      173
..................................................................


WIND (MPH)
  RESULTANT WIND SPEED   1   RESULTANT WIND DIRECTION   E (80)
  HIGHEST WIND SPEED    23   HIGHEST WIND DIRECTION    NW (300)
  HIGHEST GUST SPEED    30   HIGHEST GUST DIRECTION    NW (300)
  AVERAGE WIND SPEED     3.2


SKY COVER
  AVERAGE SKY COVER 0.7


WEATHER CONDITIONS
 THE FOLLOWING WEATHER WAS RECORDED YESTERDAY.
  THUNDERSTORM
  RAIN
  LIGHT RAIN
  FOG


RELATIVE HUMIDITY (PERCENT)
 HIGHEST   100          1200 AM
 LOWEST     55           400 PM
 AVERAGE    78

..........................................................


THE FULTON COUNTY AIRPORT CLIMATE NORMALS FOR TODAY
                         NORMAL    RECORD    YEAR
 MAXIMUM TEMPERATURE (F)   84        MM        MM
 MINIMUM TEMPERATURE (F)   62        MM        MM


SUNRISE AND SUNSET
MAY 28 2015...........SUNRISE   630 AM EDT   SUNSET   841 PM EDT
MAY 29 2015...........SUNRISE   630 AM EDT   SUNSET   842 PM EDT


-  INDICATES NEGATIVE NUMBERS.
R  INDICATES RECORD WAS SET OR TIED.
MM INDICATES DATA IS MISSING.
T  INDICATES TRACE AMOUNT.




$$
