305
CDUS42 KFFC 240817
CLIFTY


CLIMATE REPORT
NATIONAL WEATHER SERVICE PEACHTREE CITY GA
416 AM EDT MON APR 24 2017


...................................

...THE FULTON COUNTY AIRPORT CLIMATE SUMMARY FOR APRIL 23 2017...

CLIMATE NORMAL PERIOD 1981 TO 2010
CLIMATE RECORD PERIOD 9999 TO 9999


WEATHER ITEM   OBSERVED TIME   RECORD YEAR NORMAL DEPARTURE LAST
                VALUE   (LST)  VALUE       VALUE  FROM      YEAR
                                                  NORMAL
..................................................................
TEMPERATURE (F)
 YESTERDAY
  MAXIMUM         67   1215 PM  MM      MM  75     -8       76
  MINIMUM         54   1159 PM  MM      MM  51      3       55
  AVERAGE         61                        63     -2       66

PRECIPITATION (IN)
  YESTERDAY        0.57         MM      MM   0.14   0.43     0.00
  MONTH TO DATE    5.48                      2.84   2.64     2.66
  SINCE MAR 1      8.15                      7.65   0.50     4.48
  SINCE JAN 1     16.20                     16.82  -0.62    14.59

SNOWFALL (IN)
  YESTERDAY        0.0          MM      MM  MM     MM       MM
  MONTH TO DATE    0.0                      MM     MM        0.0
  SINCE MAR 1      0.0                      MM     MM        0.0
  SINCE JUL 1      0.0                      MM     MM        0.1
  SNOW DEPTH       0

DEGREE DAYS
 HEATING
  YESTERDAY        4                         4      0        0
  MONTH TO DATE   52                       133    -81      123
  SINCE MAR 1    350                       492   -142      345
  SINCE JUL 1   1766                      2832  -1066     2254

 COOLING
  YESTERDAY        0                         1     -1        1
  MONTH TO DATE   65                        21     44        7
  SINCE MAR 1     94                        27     67       28
  SINCE JAN 1     94                        27     67       28
..................................................................


WIND (MPH)
  RESULTANT WIND SPEED   5   RESULTANT WIND DIRECTION   E (90)
  HIGHEST WIND SPEED    20   HIGHEST WIND DIRECTION    NW (300)
  HIGHEST GUST SPEED    24   HIGHEST GUST DIRECTION    NW (300)
  AVERAGE WIND SPEED     6.2


SKY COVER
  AVERAGE SKY COVER 0.9


WEATHER CONDITIONS
 THE FOLLOWING WEATHER WAS RECORDED YESTERDAY.
  HEAVY RAIN
  RAIN
  LIGHT RAIN
  FOG


RELATIVE HUMIDITY (PERCENT)
 HIGHEST   100           100 PM
 LOWEST     84           400 AM
 AVERAGE    92

..........................................................


THE FULTON COUNTY AIRPORT CLIMATE NORMALS FOR TODAY
                         NORMAL    RECORD    YEAR
 MAXIMUM TEMPERATURE (F)   75        MM        MM
 MINIMUM TEMPERATURE (F)   51        MM        MM


SUNRISE AND SUNSET
APRIL 24 2017.........SUNRISE   656 AM EDT   SUNSET   816 PM EDT
APRIL 25 2017.........SUNRISE   655 AM EDT   SUNSET   817 PM EDT


-  INDICATES NEGATIVE NUMBERS.
R  INDICATES RECORD WAS SET OR TIED.
MM INDICATES DATA IS MISSING.
T  INDICATES TRACE AMOUNT.




$$
