371
CDUS46 KSGX 280025
CLIFUL


CLIMATE REPORT
NATIONAL WEATHER SERVICE SAN DIEGO, CA
525 PM PDT FRI MAY 27 2016


...................................

...THE FULLERTON AIRPORT CA CLIMATE SUMMARY FOR MAY 27 2016...
VALID TODAY AS OF 0500 PM LOCAL TIME.

CLIMATE NORMAL PERIOD 1981 TO 2010
CLIMATE RECORD PERIOD 1998 TO 2016


WEATHER ITEM   OBSERVED TIME   RECORD YEAR NORMAL DEPARTURE LAST
                VALUE   (LST)  VALUE       VALUE  FROM      YEAR
                                                  NORMAL
..................................................................
TEMPERATURE (F)
 TODAY
  MAXIMUM         75    213 PM  90    2000  75      0       75
  MINIMUM         60    248 AM  53    2008  59      1       60
  AVERAGE         68                        67      1       68

PRECIPITATION (IN)
  TODAY            0.00          0.01 2001   0.00   0.00     0.00
  MONTH TO DATE    0.05                      0.24  -0.19     0.80
  SINCE OCT 1      5.26                     13.45  -8.19     6.35
  SINCE JAN 1      4.21                      9.55  -5.34     2.53

DEGREE DAYS
 HEATING
  TODAY            0                         0      0        0
  MONTH TO DATE   10                        31    -21       26
  SINCE MAR 1     91                       303   -212       90
  SINCE JUL 1    770                      1225   -455      453

 COOLING
  TODAY            3                         3      0        3
  MONTH TO DATE   48                        59    -11       39
  SINCE MAR 1    153                       102     51      276
  SINCE JAN 1    225                       111    114      327
..................................................................


WIND (MPH)
  RESULTANT WIND SPEED   3   RESULTANT WIND DIRECTION   S (200)
  HIGHEST WIND SPEED    13   HIGHEST WIND DIRECTION     S (200)
  HIGHEST GUST SPEED    18   HIGHEST GUST DIRECTION     S (180)
  AVERAGE WIND SPEED     3.3


SKY COVER
  POSSIBLE SUNSHINE  MM
  AVERAGE SKY COVER 0.5


WEATHER CONDITIONS
 THE FOLLOWING WEATHER WAS RECORDED TODAY.
  NO SIGNIFICANT WEATHER WAS OBSERVED.


RELATIVE HUMIDITY (PERCENT)
 HIGHEST    84          1200 AM
 LOWEST     46           200 PM
 AVERAGE    65

..........................................................


THE FULLERTON AIRPORT CA CLIMATE NORMALS FOR TOMORROW
                         NORMAL    RECORD    YEAR
 MAXIMUM TEMPERATURE (F)   75        91      2003
 MINIMUM TEMPERATURE (F)   59        52      2008


SUNRISE AND SUNSET
MAY 27 2016...........SUNRISE   544 AM PDT   SUNSET   755 PM PDT
MAY 28 2016...........SUNRISE   543 AM PDT   SUNSET   756 PM PDT


-  INDICATES NEGATIVE NUMBERS.
R  INDICATES RECORD WAS SET OR TIED.
MM INDICATES DATA IS MISSING.
T  INDICATES TRACE AMOUNT.




$$
