000
CDUS46 KSGX 301418
CLIFUL


CLIMATE REPORT
NATIONAL WEATHER SERVICE SAN DIEGO, CA
717 AM PDT SUN AUG 30 2015


...................................

...THE FULLERTON AIRPORT CA CLIMATE SUMMARY FOR AUGUST 29 2015...

CLIMATE NORMAL PERIOD 1981 TO 2010
CLIMATE RECORD PERIOD 1998 TO 2015


WEATHER ITEM   OBSERVED TIME   RECORD YEAR NORMAL DEPARTURE LAST
                VALUE   (LST)  VALUE       VALUE  FROM      YEAR
                                                  NORMAL
..................................................................
TEMPERATURE (F)
 YESTERDAY
  MAXIMUM         95    408 PM 102    1998  86      9       88
  MINIMUM         72    550 AM  60    2010  65      7       66
  AVERAGE         84                        76      8       77

PRECIPITATION (IN)
  YESTERDAY        0.00          0.00   MM   0.01  -0.01     0.00
  MONTH TO DATE    0.00                      0.05  -0.05     0.10
  SINCE OCT 1      6.83                     13.64  -6.81     4.87
  SINCE JAN 1      3.01                      9.74  -6.73     3.56

DEGREE DAYS
 HEATING
  YESTERDAY        0                         0      0        0
  MONTH TO DATE    0                         0      0        0
  SINCE JUN 1      0                         2     -2        0
  SINCE JUL 1      0                         0      0        0

 COOLING
  YESTERDAY       19                        11      8       12
  MONTH TO DATE  408                       302    106      364
  SINCE JUN 1   1011                       721    290      976
  SINCE JAN 1   1353                       844    509     1334
..................................................................


WIND (MPH)
  RESULTANT WIND SPEED   2   RESULTANT WIND DIRECTION   S (160)
  HIGHEST WIND SPEED    10   HIGHEST WIND DIRECTION    SW (210)
  HIGHEST GUST SPEED    14   HIGHEST GUST DIRECTION    SW (210)
  AVERAGE WIND SPEED     2.8


SKY COVER
  POSSIBLE SUNSHINE  MM
  AVERAGE SKY COVER 0.0


WEATHER CONDITIONS
 THE FOLLOWING WEATHER WAS RECORDED YESTERDAY.
  NO SIGNIFICANT WEATHER WAS OBSERVED.


RELATIVE HUMIDITY (PERCENT)
 HIGHEST    79           500 AM
 LOWEST     32          1200 PM
 AVERAGE    56

..........................................................


THE FULLERTON AIRPORT CA CLIMATE NORMALS FOR TODAY
                         NORMAL    RECORD    YEAR
 MAXIMUM TEMPERATURE (F)   86       103      1998
 MINIMUM TEMPERATURE (F)   65        57      2010


SUNRISE AND SUNSET
AUGUST 30 2015........SUNRISE   624 AM PDT   SUNSET   720 PM PDT
AUGUST 31 2015........SUNRISE   625 AM PDT   SUNSET   719 PM PDT


-  INDICATES NEGATIVE NUMBERS.
R  INDICATES RECORD WAS SET OR TIED.
MM INDICATES DATA IS MISSING.
T  INDICATES TRACE AMOUNT.




$$
