000
CDUS41 KCAR 290528
CLIFVE


CLIMATE REPORT
NATIONAL WEATHER SERVICE CARIBOU, ME
127 AM EDT FRI AUG 29 2014


...................................

...THE FRENCHVILLE ME CLIMATE SUMMARY FOR AUGUST 28 2014...

CLIMATE NORMAL PERIOD 1981 TO 2010
CLIMATE RECORD PERIOD 9999 TO 9999


WEATHER ITEM   OBSERVED TIME   RECORD YEAR NORMAL DEPARTURE LAST
                VALUE   (LST)  VALUE       VALUE  FROM      YEAR
                                                  NORMAL
..................................................................
TEMPERATURE (F)
 YESTERDAY
  MAXIMUM         62   1110 AM              70     -8
  MINIMUM         46   1159 PM              51     -5
  AVERAGE         54                        60     -6

PRECIPITATION (IN)
  YESTERDAY        0.03         MM      MM   0.14  -0.11     0.05
  MONTH TO DATE    1.84                      3.55  -1.71     6.82
  SINCE JUN 1     12.30                     11.71   0.59    14.58
  SINCE JAN 1     22.67                     21.61   1.06    24.47

SNOWFALL (IN)
  YESTERDAY       MM            MM      MM  MM     MM       MM
  MONTH TO DATE   MM                        MM     MM       MM
  SINCE JUN 1     MM                        MM     MM       MM
  SINCE JUL 1     MM                        MM     MM       MM
  SNOW DEPTH      MM

DEGREE DAYS
 HEATING
  YESTERDAY       11                                5
  MONTH TO DATE   68                              -34
  SINCE JUL 1    118                              -54

 COOLING
  YESTERDAY        0                               -1
  MONTH TO DATE   30                              -12
  SINCE JAN 1    130                                6
..................................................................


WIND (MPH)
  HIGHEST WIND SPEED    24   HIGHEST WIND DIRECTION     N (350)
  HIGHEST GUST SPEED    29   HIGHEST GUST DIRECTION     N (350)
  AVERAGE WIND SPEED    11.9




..........................................................


THE FRENCHVILLE ME CLIMATE NORMALS FOR TODAY
                         NORMAL
 MAXIMUM TEMPERATURE (F)   70
 MINIMUM TEMPERATURE (F)   50


SUNRISE AND SUNSET
AUGUST 29 2014........SUNRISE   548 AM EDT   SUNSET   719 PM EDT
AUGUST 30 2014........SUNRISE   550 AM EDT   SUNSET   717 PM EDT


-  INDICATES NEGATIVE NUMBERS.
R  INDICATES RECORD WAS SET OR TIED.
MM INDICATES DATA IS MISSING.
T  INDICATES TRACE AMOUNT.




$$
