000
CDUS41 KCAR 170542
CLIFVE


CLIMATE REPORT
NATIONAL WEATHER SERVICE CARIBOU, ME
1236 AM EST WED JAN 17 2018


...................................

...THE FRENCHVILLE ME CLIMATE SUMMARY FOR JANUARY 16 2018...

CLIMATE NORMAL PERIOD 1981 TO 2010
CLIMATE RECORD PERIOD 9999 TO 9999


WEATHER ITEM   OBSERVED TIME   RECORD YEAR NORMAL DEPARTURE LAST
                VALUE   (LST)  VALUE       VALUE  FROM      YEAR
                                                  NORMAL
..................................................................
TEMPERATURE (F)
 YESTERDAY
  MAXIMUM          6    309 PM              17    -11
  MINIMUM         -9    456 AM               0     -9
  AVERAGE         -1                         8     -9

PRECIPITATION (IN)
  YESTERDAY        T            MM      MM   0.03  -0.03      T
  MONTH TO DATE    0.91                      1.33  -0.42     0.82
  SINCE DEC 1      2.80                      3.87  -1.07     2.39
  SINCE JAN 1      0.91                      1.33  -0.42     0.82

SNOWFALL (IN)
  YESTERDAY       MM            MM      MM  MM     MM       MM
  MONTH TO DATE   MM                        MM     MM       MM
  SINCE DEC 1     MM                        MM     MM       MM
  SINCE JUL 1     MM                        MM     MM       MM
  SNOW DEPTH      MM

DEGREE DAYS
 HEATING
  YESTERDAY       66                                9
  MONTH TO DATE  941                               53
  SINCE JUL 1   4668                              -27

 COOLING
  YESTERDAY        0                                0
  MONTH TO DATE    0                                0
  SINCE JAN 1      0                                0
..................................................................


WIND (MPH)
  HIGHEST WIND SPEED     8   HIGHEST WIND DIRECTION    SE (140)
  HIGHEST GUST SPEED     9   HIGHEST GUST DIRECTION     N (350)
  AVERAGE WIND SPEED     3.8




..........................................................


THE FRENCHVILLE ME CLIMATE NORMALS FOR TODAY
                         NORMAL
 MAXIMUM TEMPERATURE (F)   17
 MINIMUM TEMPERATURE (F)    0


SUNRISE AND SUNSET
JANUARY 17 2018.......SUNRISE   714 AM EST   SUNSET   413 PM EST
JANUARY 18 2018.......SUNRISE   713 AM EST   SUNSET   414 PM EST


-  INDICATES NEGATIVE NUMBERS.
R  INDICATES RECORD WAS SET OR TIED.
MM INDICATES DATA IS MISSING.
T  INDICATES TRACE AMOUNT.




$$
