000
CDUS41 KCAR 070527
CLIFVE


CLIMATE REPORT
NATIONAL WEATHER SERVICE CARIBOU, ME
126 AM EDT TUE JUL 7 2015


...................................

...THE FRENCHVILLE ME CLIMATE SUMMARY FOR JULY 6 2015...

CLIMATE NORMAL PERIOD 1981 TO 2010
CLIMATE RECORD PERIOD 9999 TO 9999


WEATHER ITEM   OBSERVED TIME   RECORD YEAR NORMAL DEPARTURE LAST
                VALUE   (LST)  VALUE       VALUE  FROM      YEAR
                                                  NORMAL
..................................................................
TEMPERATURE (F)
 YESTERDAY
  MAXIMUM         80    224 PM              73      7
  MINIMUM         54    328 AM              54      0
  AVERAGE         67                        64      3

PRECIPITATION (IN)
  YESTERDAY        0.00         MM      MM   0.16  -0.16     0.07
  MONTH TO DATE    0.49                      0.96  -0.47     1.70
  SINCE JUN 1      5.24                      4.81   0.43     5.81
  SINCE JAN 1     10.78                     14.71  -3.93    16.18

SNOWFALL (IN)
  YESTERDAY       MM            MM      MM  MM     MM       MM
  MONTH TO DATE   MM                        MM     MM       MM
  SINCE JUN 1     MM                        MM     MM       MM
  SINCE JUL 1     MM                        MM     MM       MM
  SNOW DEPTH      MM

DEGREE DAYS
 HEATING
  YESTERDAY        0                               -3
  MONTH TO DATE   19                                1
  SINCE JUL 1     19                                1

 COOLING
  YESTERDAY        2                                0
  MONTH TO DATE    2                               -9
  SINCE JAN 1     13                              -26
..................................................................


WIND (MPH)
  HIGHEST WIND SPEED    12   HIGHEST WIND DIRECTION    SW (230)
  HIGHEST GUST SPEED    17   HIGHEST GUST DIRECTION    SW (230)
  AVERAGE WIND SPEED     4.2




..........................................................


THE FRENCHVILLE ME CLIMATE NORMALS FOR TODAY
                         NORMAL
 MAXIMUM TEMPERATURE (F)   74
 MINIMUM TEMPERATURE (F)   55


SUNRISE AND SUNSET
JULY  7 2015..........SUNRISE   445 AM EDT   SUNSET   831 PM EDT
JULY  8 2015..........SUNRISE   446 AM EDT   SUNSET   830 PM EDT


-  INDICATES NEGATIVE NUMBERS.
R  INDICATES RECORD WAS SET OR TIED.
MM INDICATES DATA IS MISSING.
T  INDICATES TRACE AMOUNT.




$$
