000
CDUS43 KIWX 260528
CLIFWA


CLIMATE REPORT
NATIONAL WEATHER SERVICE NORTHERN INDIANA
126 AM EDT THU MAY 26 2016


...................................

...THE FORT WAYNE CLIMATE SUMMARY FOR MAY 25 2016...

CLIMATE NORMAL PERIOD 1981 TO 2010
CLIMATE RECORD PERIOD 1897 TO 2016


WEATHER ITEM   OBSERVED TIME   RECORD YEAR NORMAL DEPARTURE LAST
                VALUE   (LST)  VALUE       VALUE  FROM      YEAR
                                                  NORMAL
..................................................................
TEMPERATURE (F)
 YESTERDAY
  MAXIMUM         85    519 PM  95    1911  74     11       81
  MINIMUM         61    616 AM  33    1925  52      9       67
  AVERAGE         73                        63     10       74

PRECIPITATION (IN)
  YESTERDAY        T             3.46 2011   0.16  -0.16     0.01
  MONTH TO DATE    4.13                      3.28   0.85     2.63
  SINCE MAR 1     11.14                      9.51   1.63     7.98
  SINCE JAN 1     14.19                     13.81   0.38    11.75

SNOWFALL (IN)
  YESTERDAY        0.0           0.0  2002   0.0    0.0      0.0
                                      2001
  MONTH TO DATE    0.0                       0.0    0.0      0.0
  SINCE MAR 1      3.9                       5.1   -1.2      8.6
  SINCE JUL 1     20.1                      33.5  -13.4     45.1
  SNOW DEPTH       0

DEGREE DAYS
 HEATING
  YESTERDAY        0                         4     -4        0
  MONTH TO DATE  198                       171     27      103
  SINCE MAR 1   1289                      1455   -166     1492
  SINCE JUL 1   5116                      6053   -937     6641

 COOLING
  YESTERDAY        8                         2      6        9
  MONTH TO DATE   12                        31    -19       67
  SINCE MAR 1     12                        39    -27       67
  SINCE JAN 1     12                        39    -27       67
..................................................................


WIND (MPH)
  HIGHEST WIND SPEED    18   HIGHEST WIND DIRECTION     S (200)
  HIGHEST GUST SPEED    28   HIGHEST GUST DIRECTION     S (200)
  AVERAGE WIND SPEED     9.0


SKY COVER
  AVERAGE SKY COVER 0.7


WEATHER CONDITIONS
 THE FOLLOWING WEATHER WAS RECORDED YESTERDAY.
  HAZE


RELATIVE HUMIDITY (PERCENT)
 HIGHEST    78           600 AM
 LOWEST     40           300 PM
 AVERAGE    59

..........................................................


THE FORT WAYNE CLIMATE NORMALS FOR TODAY
                         NORMAL    RECORD    YEAR
 MAXIMUM TEMPERATURE (F)   75        97      1911
 MINIMUM TEMPERATURE (F)   53        35      1961


SUNRISE AND SUNSET
MAY 26 2016...........SUNRISE   614 AM EDT   SUNSET   902 PM EDT
MAY 27 2016...........SUNRISE   613 AM EDT   SUNSET   903 PM EDT


-  INDICATES NEGATIVE NUMBERS.
R  INDICATES RECORD WAS SET OR TIED.
MM INDICATES DATA IS MISSING.
T  INDICATES TRACE AMOUNT.




$$
