000
CDUS43 KIWX 290528
CLIFWA


CLIMATE REPORT
NATIONAL WEATHER SERVICE NORTHERN INDIANA
1226 AM EST MON DEC 29 2014


...................................

...THE FORT WAYNE CLIMATE SUMMARY FOR DECEMBER 28 2014...

CLIMATE NORMAL PERIOD 1981 TO 2010
CLIMATE RECORD PERIOD 1897 TO 2014


WEATHER ITEM   OBSERVED TIME   RECORD YEAR NORMAL DEPARTURE LAST
                VALUE   (LST)  VALUE       VALUE  FROM      YEAR
                                                  NORMAL
..................................................................
TEMPERATURE (F)
 YESTERDAY
  MAXIMUM         35    143 PM  65    1984  33      2       49
  MINIMUM         25   1159 PM -17    1924  19      6       33
  AVERAGE         30                        26      4       41

PRECIPITATION (IN)
  YESTERDAY        T             0.98 1948   0.09  -0.09     0.00
  MONTH TO DATE    1.72                      2.52  -0.80     2.81
  SINCE DEC 1      1.72                      2.52  -0.80     2.81
  SINCE JAN 1     42.84                     38.09   4.75    42.16

SNOWFALL (IN)
  YESTERDAY        T             5.9  1981   0.3   -0.3      0.0
  MONTH TO DATE    0.4                       7.5   -7.1      8.8
  SINCE DEC 1      0.4                       7.5   -7.1      8.8
  SINCE JUL 1      4.6                       9.6   -5.0      9.8
  SNOW DEPTH       0

DEGREE DAYS
 HEATING
  YESTERDAY       35                        39     -4       24
  MONTH TO DATE  862                       994   -132     1032
  SINCE DEC 1    862                       994   -132     1032
  SINCE JUL 1   2308                      2211     97     2333

 COOLING
  YESTERDAY        0                         0      0        0
  MONTH TO DATE    0                         0      0        0
  SINCE DEC 1      0                         0      0        0
  SINCE JAN 1    731                       809    -78      855
..................................................................


WIND (MPH)
  HIGHEST WIND SPEED    14   HIGHEST WIND DIRECTION    NW (300)
  HIGHEST GUST SPEED    19   HIGHEST GUST DIRECTION     W (280)
  AVERAGE WIND SPEED     7.2


SKY COVER
  AVERAGE SKY COVER 0.7


WEATHER CONDITIONS
 THE FOLLOWING WEATHER WAS RECORDED YESTERDAY.
  LIGHT SNOW
  FOG


RELATIVE HUMIDITY (PERCENT)
 HIGHEST    92           800 PM
 LOWEST     75           100 PM
 AVERAGE    84

..........................................................


THE FORT WAYNE CLIMATE NORMALS FOR TODAY
                         NORMAL    RECORD    YEAR
 MAXIMUM TEMPERATURE (F)   33        63      1984
 MINIMUM TEMPERATURE (F)   19        -5      1909


SUNRISE AND SUNSET
DECEMBER 29 2014......SUNRISE   805 AM EST   SUNSET   521 PM EST
DECEMBER 30 2014......SUNRISE   805 AM EST   SUNSET   521 PM EST


-  INDICATES NEGATIVE NUMBERS.
R  INDICATES RECORD WAS SET OR TIED.
MM INDICATES DATA IS MISSING.
T  INDICATES TRACE AMOUNT.




$$
