000
CDUS43 KIWX 170522
CLIFWA


CLIMATE REPORT
NATIONAL WEATHER SERVICE NORTHERN INDIANA
122 AM EDT TUE OCT 17 2017


...................................

...THE FORT WAYNE CLIMATE SUMMARY FOR OCTOBER 16 2017...

CLIMATE NORMAL PERIOD 1981 TO 2010
CLIMATE RECORD PERIOD 1897 TO 2017


WEATHER ITEM   OBSERVED TIME   RECORD YEAR NORMAL DEPARTURE LAST
                VALUE   (LST)  VALUE       VALUE  FROM      YEAR
                                                  NORMAL
..................................................................
TEMPERATURE (F)
 YESTERDAY
  MAXIMUM         61    413 PM  84    1963  63     -2       71
                                      1910
  MINIMUM         42   1159 PM  26    1991  42      0       60
  AVERAGE         52                        52      0       66

PRECIPITATION (IN)
  YESTERDAY        0.02          1.14 2001   0.09  -0.07     0.65
  MONTH TO DATE    1.31                      1.51  -0.20     1.51
  SINCE SEP 1      2.98                      4.31  -1.33     6.95
  SINCE JAN 1     41.26                     31.15  10.11    30.76

DEGREE DAYS
 HEATING
  YESTERDAY       13                        13      0        0
  MONTH TO DATE   48                       167   -119       85
  SINCE SEP 1    128                       271   -143      109
  SINCE JUL 1    143                       283   -140      112

 COOLING
  YESTERDAY        0                         0      0        1
  MONTH TO DATE   29                         8     21       18
  SINCE SEP 1    146                        91     55      161
  SINCE JAN 1    834                       808     26     1087
..................................................................


WIND (MPH)
  HIGHEST WIND SPEED    15   HIGHEST WIND DIRECTION     W (280)
  HIGHEST GUST SPEED    21   HIGHEST GUST DIRECTION     W (260)
  AVERAGE WIND SPEED     5.6


SKY COVER
  AVERAGE SKY COVER 0.4


WEATHER CONDITIONS
 THE FOLLOWING WEATHER WAS RECORDED YESTERDAY.
  LIGHT RAIN


RELATIVE HUMIDITY (PERCENT)
 HIGHEST    93           300 AM
 LOWEST     36           400 PM
 AVERAGE    65

..........................................................


THE FORT WAYNE CLIMATE NORMALS FOR TODAY
                         NORMAL    RECORD    YEAR
 MAXIMUM TEMPERATURE (F)   63        85      1950
                                             1910
 MINIMUM TEMPERATURE (F)   41        24      1977


SUNRISE AND SUNSET
OCTOBER 17 2017.......SUNRISE   755 AM EDT   SUNSET   657 PM EDT
OCTOBER 18 2017.......SUNRISE   756 AM EDT   SUNSET   655 PM EDT


-  INDICATES NEGATIVE NUMBERS.
R  INDICATES RECORD WAS SET OR TIED.
MM INDICATES DATA IS MISSING.
T  INDICATES TRACE AMOUNT.




$$
