000
CDUS43 KIWX 040522
CLIFWA


CLIMATE REPORT
NATIONAL WEATHER SERVICE NORTHERN INDIANA
122 AM EDT TUE AUG 4 2015


...................................

...THE FORT WAYNE CLIMATE SUMMARY FOR AUGUST 3 2015...

CLIMATE NORMAL PERIOD 1981 TO 2010
CLIMATE RECORD PERIOD 1897 TO 2015


WEATHER ITEM   OBSERVED TIME   RECORD YEAR NORMAL DEPARTURE LAST
                VALUE   (LST)  VALUE       VALUE  FROM      YEAR
                                                  NORMAL
..................................................................
TEMPERATURE (F)
 YESTERDAY
  MAXIMUM         84    236 PM  97    1964  83      1       84
                                      1944
  MINIMUM         61   1156 PM  42    1965  62     -1       58
  AVERAGE         73                        72      1       71

PRECIPITATION (IN)
  YESTERDAY        0.63          1.30 1975   0.12   0.51     0.00
  MONTH TO DATE    0.63                      0.37   0.26     0.13
  SINCE JUN 1     18.58                      8.77   9.81     7.94
  SINCE JAN 1     32.71                     23.57   9.14    24.64

SNOWFALL (IN)
  YESTERDAY        0.0           0.0  2002   0.0    0.0      0.0
                                      2001
  MONTH TO DATE    0.0                       0.0    0.0      0.0
  SINCE JUN 1      0.0                       0.0    0.0       T
  SINCE JUL 1      0.0                       0.0    0.0       T
  SNOW DEPTH       0

DEGREE DAYS
 HEATING
  YESTERDAY        0                         0      0        0
  MONTH TO DATE    0                         0      0        0
  SINCE JUN 1     28                        32     -4       28
  SINCE JUL 1      0                         3     -3       14

 COOLING
  YESTERDAY        8                         8      0        6
  MONTH TO DATE   27                        24      3       18
  SINCE JUN 1    420                       473    -53      398
  SINCE JAN 1    516                       530    -14      479
..................................................................


WIND (MPH)
  HIGHEST WIND SPEED    28   HIGHEST WIND DIRECTION     N (20)
  HIGHEST GUST SPEED    35   HIGHEST GUST DIRECTION     N (20)
  AVERAGE WIND SPEED     8.0


SKY COVER
  AVERAGE SKY COVER 0.6


WEATHER CONDITIONS
 THE FOLLOWING WEATHER WAS RECORDED YESTERDAY.
  THUNDERSTORM
  HEAVY RAIN
  RAIN
  LIGHT RAIN
  FOG


RELATIVE HUMIDITY (PERCENT)
 HIGHEST   100           400 AM
 LOWEST     45           600 PM
 AVERAGE    73

..........................................................


THE FORT WAYNE CLIMATE NORMALS FOR TODAY
                         NORMAL    RECORD    YEAR
 MAXIMUM TEMPERATURE (F)   83        98      1904
 MINIMUM TEMPERATURE (F)   62        49      1966


SUNRISE AND SUNSET
AUGUST  4 2015........SUNRISE   639 AM EDT   SUNSET   854 PM EDT
AUGUST  5 2015........SUNRISE   640 AM EDT   SUNSET   853 PM EDT


-  INDICATES NEGATIVE NUMBERS.
R  INDICATES RECORD WAS SET OR TIED.
MM INDICATES DATA IS MISSING.
T  INDICATES TRACE AMOUNT.




$$
