000
CDUS43 KIWX 190541
CLIFWA


CLIMATE REPORT
NATIONAL WEATHER SERVICE NORTHERN INDIANA
1240 AM EST MON FEB 19 2018


...................................

...THE FORT WAYNE CLIMATE SUMMARY FOR FEBRUARY 18 2018...

CLIMATE NORMAL PERIOD 1981 TO 2010
CLIMATE RECORD PERIOD 1897 TO 2018


WEATHER ITEM   OBSERVED TIME   RECORD YEAR NORMAL DEPARTURE LAST
                VALUE   (LST)  VALUE       VALUE  FROM      YEAR
                                                  NORMAL
..................................................................
TEMPERATURE (F)
 YESTERDAY
  MAXIMUM         41    531 PM  67    2017  37      4       67
  MINIMUM         27    730 AM -13    1936  21      6       42
  AVERAGE         34                        29      5       55

PRECIPITATION (IN)
  YESTERDAY        0.00          0.68 1938   0.08  -0.08     0.00
  MONTH TO DATE    0.90                      1.28  -0.38     1.24
  SINCE DEC 1      3.16                      6.31  -3.15     8.26
  SINCE JAN 1      2.15                      3.54  -1.39     5.95

SNOWFALL (IN)
  YESTERDAY        0.0           5.8  1928   0.2   -0.2      0.0
  MONTH TO DATE    9.6                       5.3    4.3      2.4
  SINCE DEC 1     28.2                      23.9    4.3     14.6
  SINCE JUL 1     28.2                      26.0    2.2     15.0
  SNOW DEPTH       2

DEGREE DAYS
 HEATING
  YESTERDAY       31                        36     -5       10
  MONTH TO DATE  695                       684     11      532
  SINCE DEC 1   3092                      3038     54     2682
  SINCE JUL 1   4145                      4255   -110     3527

 COOLING
  YESTERDAY        0                         0      0        0
  MONTH TO DATE    0                         0      0        0
  SINCE DEC 1      0                         0      0        0
  SINCE JAN 1      0                         0      0        0
..................................................................


WIND (MPH)
  HIGHEST WIND SPEED    17   HIGHEST WIND DIRECTION     S (170)
  HIGHEST GUST SPEED    21   HIGHEST GUST DIRECTION     W (280)
  AVERAGE WIND SPEED     9.7


SKY COVER
  AVERAGE SKY COVER 0.9


WEATHER CONDITIONS
 THE FOLLOWING WEATHER WAS RECORDED YESTERDAY.
  FOG
  HAZE


RELATIVE HUMIDITY (PERCENT)
 HIGHEST    85           100 AM
 LOWEST     76           300 PM
 AVERAGE    81

..........................................................


THE FORT WAYNE CLIMATE NORMALS FOR TODAY
                         NORMAL    RECORD    YEAR
 MAXIMUM TEMPERATURE (F)   37        67      1930
 MINIMUM TEMPERATURE (F)   21        -7      1978


SUNRISE AND SUNSET
FEBRUARY 19 2018......SUNRISE   730 AM EST   SUNSET   620 PM EST
FEBRUARY 20 2018......SUNRISE   728 AM EST   SUNSET   621 PM EST


-  INDICATES NEGATIVE NUMBERS.
R  INDICATES RECORD WAS SET OR TIED.
MM INDICATES DATA IS MISSING.
T  INDICATES TRACE AMOUNT.




$$
