000
CDUS43 KIWX 300525
CLIFWA


CLIMATE REPORT
NATIONAL WEATHER SERVICE NORTHERN INDIANA
124 AM EDT THU OCT 30 2014


...................................

...THE FORT WAYNE CLIMATE SUMMARY FOR OCTOBER 29 2014...

CLIMATE NORMAL PERIOD 1981 TO 2010
CLIMATE RECORD PERIOD 1897 TO 2014


WEATHER ITEM   OBSERVED TIME   RECORD YEAR NORMAL DEPARTURE LAST
                VALUE   (LST)  VALUE       VALUE  FROM      YEAR
                                                  NORMAL
..................................................................
TEMPERATURE (F)
 YESTERDAY
  MAXIMUM         48    121 PM  78    1991  58    -10       54
                                      1946
                                      1922
  MINIMUM         39    528 AM  20    1925  39      0       33
  AVERAGE         44                        48     -4       44

PRECIPITATION (IN)
  YESTERDAY        0.00          1.96 1917   0.09  -0.09     0.00
  MONTH TO DATE    2.65                      2.66  -0.01     1.83
  SINCE SEP 1      7.55                      5.46   2.09     3.72
  SINCE JAN 1     37.94                     32.30   5.64    36.06

SNOWFALL (IN)
  YESTERDAY        0.0           0.3  1925   0.1   -0.1      0.0
  MONTH TO DATE    T                         0.3   -0.3       T
  SINCE SEP 1      T                         0.3   -0.3       T
  SINCE JUL 1      T                         0.3   -0.3       T
  SNOW DEPTH       0

DEGREE DAYS
 HEATING
  YESTERDAY       21                        17      4       21
  MONTH TO DATE  359                       359      0      366
  SINCE SEP 1    479                       463     16      464
  SINCE JUL 1    503                       475     28      484

 COOLING
  YESTERDAY        0                         0      0        0
  MONTH TO DATE    3                         8     -5       28
  SINCE SEP 1     57                        91    -34      126
  SINCE JAN 1    731                       808    -77      855
..................................................................


WIND (MPH)
  HIGHEST WIND SPEED    18   HIGHEST WIND DIRECTION     W (280)
  HIGHEST GUST SPEED    25   HIGHEST GUST DIRECTION     W (260)
  AVERAGE WIND SPEED     9.6


SKY COVER
  AVERAGE SKY COVER 0.8


WEATHER CONDITIONS
 THE FOLLOWING WEATHER WAS RECORDED YESTERDAY.
  NO SIGNIFICANT WEATHER WAS OBSERVED.


RELATIVE HUMIDITY (PERCENT)
 HIGHEST    92           400 AM
 LOWEST     56           100 PM
 AVERAGE    74

..........................................................


THE FORT WAYNE CLIMATE NORMALS FOR TODAY
                         NORMAL    RECORD    YEAR
 MAXIMUM TEMPERATURE (F)   58        79      1950
                                             1927
 MINIMUM TEMPERATURE (F)   38        20      1988


SUNRISE AND SUNSET
OCTOBER 30 2014.......SUNRISE   809 AM EDT   SUNSET   639 PM EDT
OCTOBER 31 2014.......SUNRISE   810 AM EDT   SUNSET   638 PM EDT


-  INDICATES NEGATIVE NUMBERS.
R  INDICATES RECORD WAS SET OR TIED.
MM INDICATES DATA IS MISSING.
T  INDICATES TRACE AMOUNT.




$$
