000
CDUS43 KIWX 240523
CLIFWA


CLIMATE REPORT
NATIONAL WEATHER SERVICE NORTHERN INDIANA
1223 AM EST MON NOV 24 2014


...................................

...THE FORT WAYNE CLIMATE SUMMARY FOR NOVEMBER 23 2014...

CLIMATE NORMAL PERIOD 1981 TO 2010
CLIMATE RECORD PERIOD 1897 TO 2014


WEATHER ITEM   OBSERVED TIME   RECORD YEAR NORMAL DEPARTURE LAST
                VALUE   (LST)  VALUE       VALUE  FROM      YEAR
                                                  NORMAL
..................................................................
TEMPERATURE (F)
 YESTERDAY
  MAXIMUM         56    207 PM  71    1931  46     10       33
  MINIMUM         44    658 AM   3    1950  30     14       18
  AVERAGE         50                        38     12       26

PRECIPITATION (IN)
  YESTERDAY        1.56R         0.69 1979   0.11   1.45      T
  MONTH TO DATE    2.63                      2.34   0.29     1.46
  SINCE SEP 1     10.31                      7.98   2.33     7.01
  SINCE JAN 1     40.70                     34.82   5.88    39.35

SNOWFALL (IN)
  YESTERDAY        0.0           3.2  1938   0.0    0.0      0.1
  MONTH TO DATE    4.1                       1.0    3.1      0.6
  SINCE SEP 1      4.1                       1.3    2.8      0.6
  SINCE JUL 1      4.1                       1.3    2.8      0.6
  SNOW DEPTH       0

DEGREE DAYS
 HEATING
  YESTERDAY       15                        27    -12       39
  MONTH TO DATE  689                       507    182      539
  SINCE SEP 1   1212                      1004    208     1023
  SINCE JUL 1   1236                      1016    220     1043

 COOLING
  YESTERDAY        0                         0      0        0
  MONTH TO DATE    0                         0      0        0
  SINCE SEP 1     57                        92    -35      126
  SINCE JAN 1    731                       809    -78      855
..................................................................


WIND (MPH)
  HIGHEST WIND SPEED    21   HIGHEST WIND DIRECTION    SE (150)
  HIGHEST GUST SPEED    25   HIGHEST GUST DIRECTION    SE (150)
  AVERAGE WIND SPEED    11.0


SKY COVER
  AVERAGE SKY COVER 0.9


WEATHER CONDITIONS
 THE FOLLOWING WEATHER WAS RECORDED YESTERDAY.
  HEAVY RAIN
  RAIN
  LIGHT RAIN
  FOG


RELATIVE HUMIDITY (PERCENT)
 HIGHEST   100          1000 PM
 LOWEST     72           100 PM
 AVERAGE    86

..........................................................


THE FORT WAYNE CLIMATE NORMALS FOR TODAY
                         NORMAL    RECORD    YEAR
 MAXIMUM TEMPERATURE (F)   45        63      2001
                                             1973
                                             1931
 MINIMUM TEMPERATURE (F)   30        -1      1950


SUNRISE AND SUNSET
NOVEMBER 24 2014......SUNRISE   739 AM EST   SUNSET   516 PM EST
NOVEMBER 25 2014......SUNRISE   740 AM EST   SUNSET   516 PM EST


-  INDICATES NEGATIVE NUMBERS.
R  INDICATES RECORD WAS SET OR TIED.
MM INDICATES DATA IS MISSING.
T  INDICATES TRACE AMOUNT.




$$
