000
CDUS43 KIWX 280523
CLIFWA


CLIMATE REPORT
NATIONAL WEATHER SERVICE NORTHERN INDIANA
122 AM EDT TUE MAR 28 2017


...................................

...THE FORT WAYNE CLIMATE SUMMARY FOR MARCH 27 2017...

CLIMATE NORMAL PERIOD 1981 TO 2010
CLIMATE RECORD PERIOD 1897 TO 2017


WEATHER ITEM   OBSERVED TIME   RECORD YEAR NORMAL DEPARTURE LAST
                VALUE   (LST)  VALUE       VALUE  FROM      YEAR
                                                  NORMAL
..................................................................
TEMPERATURE (F)
 YESTERDAY
  MAXIMUM         61    426 PM  84    1910  53      8       74
  MINIMUM         51    750 AM   1    1965  32     19       32
  AVERAGE         56                        43     13       53

PRECIPITATION (IN)
  YESTERDAY        0.03          1.19 1921   0.10  -0.07     0.62
  MONTH TO DATE    2.81                      2.28   0.53     3.07
  SINCE MAR 1      2.81                      2.28   0.53     3.07
  SINCE JAN 1      9.28                      6.58   2.70     6.12

SNOWFALL (IN)
  YESTERDAY        0.0           5.0  1934   0.1   -0.1      0.0
  MONTH TO DATE    3.0                       3.8   -0.8      2.8
  SINCE MAR 1      3.0                       3.8   -0.8      2.8
  SINCE JUL 1     18.1                      32.2  -14.1     19.0
  SNOW DEPTH       0

DEGREE DAYS
 HEATING
  YESTERDAY        9                        22    -13       12
  MONTH TO DATE  710                       741    -31      561
  SINCE MAR 1    710                       741    -31      561
  SINCE JUL 1   4404                      5339   -935     4388

 COOLING
  YESTERDAY        0                         0      0        0
  MONTH TO DATE    0                         0      0        0
  SINCE MAR 1      0                         0      0        0
  SINCE JAN 1      0                         0      0        0
..................................................................


WIND (MPH)
  HIGHEST WIND SPEED    15   HIGHEST WIND DIRECTION     W (260)
  HIGHEST GUST SPEED    18   HIGHEST GUST DIRECTION     W (260)
  AVERAGE WIND SPEED     6.2


SKY COVER
  AVERAGE SKY COVER 0.9


WEATHER CONDITIONS
 THE FOLLOWING WEATHER WAS RECORDED YESTERDAY.
  LIGHT RAIN
  FOG


RELATIVE HUMIDITY (PERCENT)
 HIGHEST    96           300 AM
 LOWEST     69           300 PM
 AVERAGE    83

..........................................................


THE FORT WAYNE CLIMATE NORMALS FOR TODAY
                         NORMAL    RECORD    YEAR
 MAXIMUM TEMPERATURE (F)   53        84      1910
 MINIMUM TEMPERATURE (F)   33        10      1955


SUNRISE AND SUNSET
MARCH 28 2017.........SUNRISE   730 AM EDT   SUNSET   802 PM EDT
MARCH 29 2017.........SUNRISE   729 AM EDT   SUNSET   803 PM EDT


-  INDICATES NEGATIVE NUMBERS.
R  INDICATES RECORD WAS SET OR TIED.
MM INDICATES DATA IS MISSING.
T  INDICATES TRACE AMOUNT.




$$
