000
CDUS43 KIWX 050525
CLIFWA


CLIMATE REPORT
NATIONAL WEATHER SERVICE NORTHERN INDIANA
124 AM EDT SUN JUL 5 2015


...................................

...THE FORT WAYNE CLIMATE SUMMARY FOR JULY 4 2015...

CLIMATE NORMAL PERIOD 1981 TO 2010
CLIMATE RECORD PERIOD 1897 TO 2015


WEATHER ITEM   OBSERVED TIME   RECORD YEAR NORMAL DEPARTURE LAST
                VALUE   (LST)  VALUE       VALUE  FROM      YEAR
                                                  NORMAL
..................................................................
TEMPERATURE (F)
 YESTERDAY
  MAXIMUM         80    518 PM 101    2012  85     -5       78
                                      1955
  MINIMUM         56    544 AM  48    1968  63     -7       52
  AVERAGE         68                        74     -6       65

PRECIPITATION (IN)
  YESTERDAY        0.00          2.46 1929   0.14  -0.14     0.00
  MONTH TO DATE    0.00                      0.52  -0.52     0.56
  SINCE JUN 1     11.98                      4.68   7.30     6.37
  SINCE JAN 1     26.11                     19.48   6.63    23.07

SNOWFALL (IN)
  YESTERDAY        0.0           0.0  2002   0.0    0.0      0.0
                                      2001
  MONTH TO DATE    0.0                       0.0    0.0       T
  SINCE JUN 1      0.0                       0.0    0.0       T
  SINCE JUL 1      0.0                       0.0    0.0       T
  SNOW DEPTH       0

DEGREE DAYS
 HEATING
  YESTERDAY        0                         0      0        0
  MONTH TO DATE    0                         0      0        0
  SINCE JUN 1     28                        29     -1       14
  SINCE JUL 1      0                         0      0        0

 COOLING
  YESTERDAY        3                         9     -6        0
  MONTH TO DATE   10                        36    -26       17
  SINCE JUN 1    186                       218    -32      247
  SINCE JAN 1    282                       275      7      328
..................................................................


WIND (MPH)
  HIGHEST WIND SPEED    10   HIGHEST WIND DIRECTION     W (260)
  HIGHEST GUST SPEED    13   HIGHEST GUST DIRECTION     W (270)
  AVERAGE WIND SPEED     2.0


SKY COVER
  AVERAGE SKY COVER 0.4


WEATHER CONDITIONS
 THE FOLLOWING WEATHER WAS RECORDED YESTERDAY.
  FOG
  HAZE


RELATIVE HUMIDITY (PERCENT)
 HIGHEST   100           300 AM
 LOWEST     42           400 PM
 AVERAGE    71

..........................................................


THE FORT WAYNE CLIMATE NORMALS FOR TODAY
                         NORMAL    RECORD    YEAR
 MAXIMUM TEMPERATURE (F)   85       101      2012
 MINIMUM TEMPERATURE (F)   63        48      1997
                                             1979
                                             1967


SUNRISE AND SUNSET
JULY  5 2015..........SUNRISE   614 AM EDT   SUNSET   916 PM EDT
JULY  6 2015..........SUNRISE   615 AM EDT   SUNSET   916 PM EDT


-  INDICATES NEGATIVE NUMBERS.
R  INDICATES RECORD WAS SET OR TIED.
MM INDICATES DATA IS MISSING.
T  INDICATES TRACE AMOUNT.




$$
