000
CDUS43 KIWX 280532
CLIFWA


CLIMATE REPORT
NATIONAL WEATHER SERVICE NORTHERN INDIANA
1232 AM EST WED JAN 28 2015


...................................

...THE FORT WAYNE CLIMATE SUMMARY FOR JANUARY 27 2015...

CLIMATE NORMAL PERIOD 1981 TO 2010
CLIMATE RECORD PERIOD 1897 TO 2015


WEATHER ITEM   OBSERVED TIME   RECORD YEAR NORMAL DEPARTURE LAST
                VALUE   (LST)  VALUE       VALUE  FROM      YEAR
                                                  NORMAL
..................................................................
TEMPERATURE (F)
 YESTERDAY
  MAXIMUM         27    414 PM  65    1916  33     -6       23
  MINIMUM         11   1159 PM -11    2000  17     -6       -9
  AVERAGE         19                        25     -6        7

PRECIPITATION (IN)
  YESTERDAY        0.00          0.89 1949   0.06  -0.06     0.03
  MONTH TO DATE    2.15                      1.98   0.17     2.70
  SINCE DEC 1      3.87                      4.75  -0.88     5.56
  SINCE JAN 1      2.15                      1.98   0.17     2.70

SNOWFALL (IN)
  YESTERDAY        0.0           7.4  2004   0.3   -0.3      0.9
  MONTH TO DATE   12.3                       8.7    3.6     30.8
  SINCE DEC 1     12.9                      17.2   -4.3     40.7
  SINCE JUL 1     17.1                      19.3   -2.2     41.7
  SNOW DEPTH       2

DEGREE DAYS
 HEATING
  YESTERDAY       46                        40      6       58
  MONTH TO DATE 1179                      1079    100     1267
  SINCE DEC 1   2172                      2190    -18     2422
  SINCE JUL 1   3618                      3407    211     3723

 COOLING
  YESTERDAY        0                         0      0        0
  MONTH TO DATE    0                         0      0        0
  SINCE DEC 1      0                         0      0        0
  SINCE JAN 1      0                         0      0        0
..................................................................


WIND (MPH)
  HIGHEST WIND SPEED    10   HIGHEST WIND DIRECTION    NW (330)
  HIGHEST GUST SPEED    13   HIGHEST GUST DIRECTION     N (340)
  AVERAGE WIND SPEED     4.6


SKY COVER
  AVERAGE SKY COVER 0.5


WEATHER CONDITIONS
 THE FOLLOWING WEATHER WAS RECORDED YESTERDAY.
  NO SIGNIFICANT WEATHER WAS OBSERVED.


RELATIVE HUMIDITY (PERCENT)
 HIGHEST    80           500 AM
 LOWEST     55           300 PM
 AVERAGE    68

..........................................................


THE FORT WAYNE CLIMATE NORMALS FOR TODAY
                         NORMAL    RECORD    YEAR
 MAXIMUM TEMPERATURE (F)   33        64      1914
 MINIMUM TEMPERATURE (F)   17       -16      2014
                                             1963


SUNRISE AND SUNSET
JANUARY 28 2015.......SUNRISE   755 AM EST   SUNSET   553 PM EST
JANUARY 29 2015.......SUNRISE   754 AM EST   SUNSET   554 PM EST


-  INDICATES NEGATIVE NUMBERS.
R  INDICATES RECORD WAS SET OR TIED.
MM INDICATES DATA IS MISSING.
T  INDICATES TRACE AMOUNT.




$$
