000
CDUS43 KIWX 250528
CLIFWA


CLIMATE REPORT
NATIONAL WEATHER SERVICE NORTHERN INDIANA
128 AM EDT SUN JUN 25 2017


...................................

...THE FORT WAYNE CLIMATE SUMMARY FOR JUNE 24 2017...

CLIMATE NORMAL PERIOD 1981 TO 2010
CLIMATE RECORD PERIOD 1897 TO 2017


WEATHER ITEM   OBSERVED TIME   RECORD YEAR NORMAL DEPARTURE LAST
                VALUE   (LST)  VALUE       VALUE  FROM      YEAR
                                                  NORMAL
..................................................................
TEMPERATURE (F)
 YESTERDAY
  MAXIMUM         76    415 PM  96    1923  83     -7       82
  MINIMUM         60   1159 PM  43    1902  62     -2       63
  AVERAGE         68                        72     -4       73

PRECIPITATION (IN)
  YESTERDAY        0.00          1.72 2000   0.14  -0.14     0.00
  MONTH TO DATE    4.08                      3.43   0.65     5.10
  SINCE JUN 1      4.08                      3.43   0.65     5.10
  SINCE JAN 1     27.53                     18.23   9.30    19.29

DEGREE DAYS
 HEATING
  YESTERDAY        0                         0      0        0
  MONTH TO DATE    2                        29    -27       11
  SINCE JUN 1      2                        29    -27       11
  SINCE JUL 1   4981                      6101  -1120     5127

 COOLING
  YESTERDAY        3                         8     -5        8
  MONTH TO DATE  192                       133     59      167
  SINCE JUN 1    192                       133     59      167
  SINCE JAN 1    256                       190     66      241
..................................................................


WIND (MPH)
  HIGHEST WIND SPEED    23   HIGHEST WIND DIRECTION     W (260)
  HIGHEST GUST SPEED    31   HIGHEST GUST DIRECTION     W (260)
  AVERAGE WIND SPEED    11.3


SKY COVER
  AVERAGE SKY COVER 0.4


WEATHER CONDITIONS
 THE FOLLOWING WEATHER WAS RECORDED YESTERDAY.
  NO SIGNIFICANT WEATHER WAS OBSERVED.


RELATIVE HUMIDITY (PERCENT)
 HIGHEST    84          1200 AM
 LOWEST     41           600 PM
 AVERAGE    63

..........................................................


THE FORT WAYNE CLIMATE NORMALS FOR TODAY
                         NORMAL    RECORD    YEAR
 MAXIMUM TEMPERATURE (F)   84       106      1988
 MINIMUM TEMPERATURE (F)   62        43      1902


SUNRISE AND SUNSET
JUNE 25 2017..........SUNRISE   610 AM EDT   SUNSET   917 PM EDT
JUNE 26 2017..........SUNRISE   610 AM EDT   SUNSET   917 PM EDT


-  INDICATES NEGATIVE NUMBERS.
R  INDICATES RECORD WAS SET OR TIED.
MM INDICATES DATA IS MISSING.
T  INDICATES TRACE AMOUNT.




$$
