000
CDUS44 KTSA 252225
CLIFYV

CLIMATE REPORT
NATIONAL WEATHER SERVICE TULSA OK
418 PM CST SUN JAN 25 2015


...................................

...THE FAYETTEVILLE ARKANSAS CLIMATE SUMMARY FOR JANUARY 25 2015...
VALID TODAY AS OF 0400 PM LOCAL TIME.

CLIMATE NORMAL PERIOD 1981 TO 2010
CLIMATE RECORD PERIOD 1905 TO 2015


WEATHER ITEM   OBSERVED TIME   RECORD YEAR NORMAL DEPARTURE LAST
                VALUE   (LST)  VALUE       VALUE  FROM      YEAR
                                                  NORMAL
..................................................................
TEMPERATURE (F)
 TODAY
  MAXIMUM         51    243 AM  77    1950  47      4       57
  MINIMUM         43    259 PM   7    1979  25     18       26
  AVERAGE         47                        36     11       42

PRECIPITATION (IN)
  TODAY            0.05                      0.09  -0.04     0.00
  MONTH TO DATE    1.08                      2.31  -1.23     1.64
  SINCE DEC 1      3.72                      5.55  -1.83     5.74
  SINCE JAN 1      1.08                      2.31  -1.23     1.64

SNOWFALL (IN)
  TODAY            0.0                                       0.0
  MONTH TO DATE    T                                         1.9
  SINCE DEC 1      T                                         8.9
  SINCE JUL 1      T                                         8.9

DEGREE DAYS
 HEATING
  TODAY           18                        29    -11       23
  MONTH TO DATE  784                       743     41      828
  SINCE DEC 1   1539                      1597    -58     1766
  SINCE JUL 1   2464                      2426     38     2655
..................................................................


WIND (MPH)
  HIGHEST WIND SPEED    28   HIGHEST WIND DIRECTION    NW (330)
  HIGHEST GUST SPEED    39   HIGHEST GUST DIRECTION    NW (330)
  AVERAGE WIND SPEED    15.3


SKY COVER
  POSSIBLE SUNSHINE  MM
  AVERAGE SKY COVER 0.8


WEATHER CONDITIONS
 THE FOLLOWING WEATHER WAS RECORDED TODAY.
  RAIN
  LIGHT RAIN


RELATIVE HUMIDITY (PERCENT)
 HIGHEST    83           600 AM
 LOWEST     56           100 AM
 AVERAGE    70

..........................................................


THE FAYETTEVILLE ARKANSAS CLIMATE NORMALS FOR TOMORROW
                         NORMAL    RECORD    YEAR
 MAXIMUM TEMPERATURE (F)   47        74      1952
 MINIMUM TEMPERATURE (F)   25         7      1985


SUNRISE AND SUNSET
JANUARY 25 2015.......SUNRISE   722 AM CST   SUNSET   536 PM CST
JANUARY 26 2015.......SUNRISE   722 AM CST   SUNSET   537 PM CST


-  INDICATES NEGATIVE NUMBERS.
R  INDICATES RECORD WAS SET OR TIED.
MM INDICATES DATA IS MISSING.
T  INDICATES TRACE AMOUNT.




$$
