000
CDUS44 KTSA 061519 RRA
CLIFYV

CLIMATE REPORT
NATIONAL WEATHER SERVICE TULSA OK
912 AM CST TUE DEC 6 2016


...................................

...THE FAYETTEVILLE ARKANSAS CLIMATE SUMMARY FOR DECEMBER 6 2016...
VALID AS OF 0900 AM LOCAL TIME.

CLIMATE NORMAL PERIOD 1981 TO 2010
CLIMATE RECORD PERIOD 1905 TO 2016


WEATHER ITEM   OBSERVED RECORD YEAR NORMAL DEPARTURE LAST
                VALUE   VALUE       VALUE  FROM      YEAR
                                           NORMAL
...........................................................
TEMPERATURE (F)
 TODAY
  MAXIMUM         44     72    1966  50
                               1956
                               1951
  MINIMUM         42     -5    1950  29
  AVERAGE         43

PRECIPITATION (IN)
  TODAY            0.02   1.12 1974   0.12  -0.10     0.00
  MONTH TO DATE    0.40               0.72  -0.32     0.00
  SINCE DEC 1      0.40               0.72  -0.32     0.00
  SINCE JAN 1     31.94              45.99 -14.05    54.76

SNOWFALL (IN)
  TODAY           MM                                  0.0
  MONTH TO DATE    0.0                                0.0
  SINCE DEC 1      0.0                                0.0
  SINCE JUL 1      0.0                                 T

DEGREE DAYS
 HEATING
  TODAY           22
...........................................................


WIND (MPH)
  RESULTANT WIND SPEED   5   RESULTANT WIND DIRECTION   N (340)
  HIGHEST WIND SPEED    13   HIGHEST WIND DIRECTION     N (340)
  HIGHEST GUST SPEED    16   HIGHEST GUST DIRECTION    NW (330)


SKY COVER
  POSSIBLE SUNSHINE  MM
  AVERAGE SKY COVER 1.0


WEATHER CONDITIONS
 THE FOLLOWING WEATHER WAS RECORDED TODAY.
  RAIN
  LIGHT RAIN
  FOG


RELATIVE HUMIDITY (PERCENT)
 HIGHEST   100
 LOWEST     89
 AVERAGE    95

..........................................................


THE FAYETTEVILLE ARKANSAS CLIMATE NORMALS FOR TOMORROW
                         NORMAL    RECORD    YEAR
 MAXIMUM TEMPERATURE (F)   50        76      1966
 MINIMUM TEMPERATURE (F)   29        -7      1950


SUNRISE AND SUNSET
DECEMBER  6 2016......SUNRISE   714 AM CST   SUNSET   502 PM CST
DECEMBER  7 2016......SUNRISE   714 AM CST   SUNSET   502 PM CST


-  INDICATES NEGATIVE NUMBERS.
R  INDICATES RECORD WAS SET OR TIED.
MM INDICATES DATA IS MISSING.
T  INDICATES TRACE AMOUNT.




$$
