000
CDUS44 KTSA 180903
CLIFYV

CLIMATE REPORT
NATIONAL WEATHER SERVICE TULSA OK
1247 AM CST MON DEC 18 2017


...................................

...THE FAYETTEVILLE ARKANSAS CLIMATE SUMMARY FOR DECEMBER 17 2017...

CLIMATE NORMAL PERIOD 1981 TO 2010
CLIMATE RECORD PERIOD 1905 TO 2017


WEATHER ITEM   OBSERVED TIME   RECORD YEAR NORMAL DEPARTURE LAST
                VALUE   (LST)  VALUE       VALUE  FROM      YEAR
                                                  NORMAL
..................................................................
TEMPERATURE (F)
 YESTERDAY
  MAXIMUM         49    348 PM  70    1976  47      2       57
  MINIMUM         42    140 AM   4    1979  26     16       13
  AVERAGE         46                        37      9       35

PRECIPITATION (IN)
  YESTERDAY        0.23                      0.09   0.14     0.01
  MONTH TO DATE    0.33                      1.87  -1.54     0.46
  SINCE DEC 1      0.33                      1.87  -1.54     0.46
  SINCE JAN 1     49.64                     47.14   2.50    32.08

SNOWFALL (IN)
  YESTERDAY        0.0                                       0.3
  MONTH TO DATE    0.0                                       0.3
  SINCE DEC 1      0.0                                       0.3
  SINCE JUL 1      0.0                                       0.3

DEGREE DAYS
 HEATING
  YESTERDAY       19                        28     -9       30
  MONTH TO DATE  415                       447    -32      474
  SINCE DEC 1    415                       447    -32      474
  SINCE JUL 1   1115                      1276   -161     1001
..................................................................


WIND (MPH)
  HIGHEST WIND SPEED    13   HIGHEST WIND DIRECTION     W (260)
  HIGHEST GUST SPEED    16   HIGHEST GUST DIRECTION     W (260)
  AVERAGE WIND SPEED     5.0


SKY COVER
  POSSIBLE SUNSHINE  MM
  AVERAGE SKY COVER 1.0


WEATHER CONDITIONS
 THE FOLLOWING WEATHER WAS RECORDED YESTERDAY.
  RAIN
  LIGHT RAIN
  FOG


RELATIVE HUMIDITY (PERCENT)
 HIGHEST   100           100 AM
 LOWEST     92           500 AM
 AVERAGE    96

..........................................................


THE FAYETTEVILLE ARKANSAS CLIMATE NORMALS FOR TODAY
                         NORMAL    RECORD    YEAR
 MAXIMUM TEMPERATURE (F)   47        70      1962
 MINIMUM TEMPERATURE (F)   26         2      1964


SUNRISE AND SUNSET
DECEMBER 18 2017......SUNRISE   722 AM CST   SUNSET   505 PM CST
DECEMBER 19 2017......SUNRISE   722 AM CST   SUNSET   505 PM CST


-  INDICATES NEGATIVE NUMBERS.
R  INDICATES RECORD WAS SET OR TIED.
MM INDICATES DATA IS MISSING.
T  INDICATES TRACE AMOUNT.




$$
