000
CDUS44 KTSA 292119 RRA
CLIFYV

CLIMATE REPORT
NATIONAL WEATHER SERVICE TULSA OK
419 PM CDT MON MAY 29 2017


...................................

...THE FAYETTEVILLE ARKANSAS CLIMATE SUMMARY FOR MAY 29 2017...
VALID TODAY AS OF 0400 PM LOCAL TIME.

CLIMATE NORMAL PERIOD 1981 TO 2010
CLIMATE RECORD PERIOD 1905 TO 2017


WEATHER ITEM   OBSERVED TIME   RECORD YEAR NORMAL DEPARTURE LAST
                VALUE   (LST)  VALUE       VALUE  FROM      YEAR
                                                  NORMAL
..................................................................
TEMPERATURE (F)
 TODAY
  MAXIMUM         82    258 PM  92    2012  79      3       83
  MINIMUM         52    520 AM  41    1952  58     -6       59
  AVERAGE         67                        68     -1       71

PRECIPITATION (IN)
  TODAY            0.00                      0.18  -0.18     0.02
  MONTH TO DATE    5.87                      5.69   0.18     4.84
  SINCE MAR 1     24.68                     14.21  10.47    12.50
  SINCE JAN 1     28.18                     19.86   8.32    13.65

DEGREE DAYS
 COOLING
  TODAY            2                         4     -2        6
  MONTH TO DATE   59                        74    -15       52
  SINCE MAR 1     91                       102    -11       65
  SINCE JAN 1     96                       102     -6       65
..................................................................


WIND (MPH)
  HIGHEST WIND SPEED    13   HIGHEST WIND DIRECTION    SW (230)
  HIGHEST GUST SPEED    16   HIGHEST GUST DIRECTION     W (260)
  AVERAGE WIND SPEED     5.8


SKY COVER
  POSSIBLE SUNSHINE  MM
  AVERAGE SKY COVER 0.0


WEATHER CONDITIONS
 THE FOLLOWING WEATHER WAS RECORDED TODAY.
  NO SIGNIFICANT WEATHER WAS OBSERVED.


RELATIVE HUMIDITY (PERCENT)
 HIGHEST   100          1200 AM
 LOWEST     40           300 PM
 AVERAGE    70

..........................................................


THE FAYETTEVILLE ARKANSAS CLIMATE NORMALS FOR TOMORROW
                         NORMAL    RECORD    YEAR
 MAXIMUM TEMPERATURE (F)   79        93      1977
 MINIMUM TEMPERATURE (F)   58        40      1984


SUNRISE AND SUNSET
MAY 29 2017...........SUNRISE   602 AM CDT   SUNSET   826 PM CDT
MAY 30 2017...........SUNRISE   602 AM CDT   SUNSET   827 PM CDT


-  INDICATES NEGATIVE NUMBERS.
R  INDICATES RECORD WAS SET OR TIED.
MM INDICATES DATA IS MISSING.
T  INDICATES TRACE AMOUNT.




$$
