000
CDUS44 KTSA 262156
CLIFYV

CLIMATE REPORT
NATIONAL WEATHER SERVICE TULSA OK
418 PM CDT THU MAR 26 2015


...................................

...THE FAYETTEVILLE ARKANSAS CLIMATE SUMMARY FOR MARCH 26 2015...
VALID TODAY AS OF 0400 PM LOCAL TIME.

CLIMATE NORMAL PERIOD 1981 TO 2010
CLIMATE RECORD PERIOD 1905 TO 2015


WEATHER ITEM   OBSERVED TIME   RECORD YEAR NORMAL DEPARTURE LAST
                VALUE   (LST)  VALUE       VALUE  FROM      YEAR
                                                  NORMAL
..................................................................
TEMPERATURE (F)
 TODAY
  MAXIMUM         54    241 PM  80    2012  63     -9       54
                                      1991
  MINIMUM         41    850 AM   9    1955  39      2       22
  AVERAGE         48                        51     -3       38

PRECIPITATION (IN)
  TODAY            0.18                      0.13   0.05     0.11
  MONTH TO DATE    4.60                      3.24   1.36     4.47
  SINCE MAR 1      4.60                      3.24   1.36     4.47
  SINCE JAN 1      7.66                      8.89  -1.23     6.95

SNOWFALL (IN)
  TODAY            0.0                                       0.0
  MONTH TO DATE    2.6                                       3.8
  SINCE MAR 1      2.6                                       3.8
  SINCE JUL 1      7.9                                      17.9

DEGREE DAYS
 HEATING
  TODAY           17                        14      3       27
  MONTH TO DATE  462                       459      3      589
  SINCE MAR 1    462                       459      3      589
  SINCE JUL 1   3948                      3762    186     4309

 COOLING
  TODAY            0                         0      0        0
  MONTH TO DATE    0                         0      0        0
  SINCE MAR 1      0                         0      0        0
  SINCE JAN 1      0                         0      0        0
..................................................................


WIND (MPH)
  HIGHEST WIND SPEED    20   HIGHEST WIND DIRECTION    NW (330)
  HIGHEST GUST SPEED    26   HIGHEST GUST DIRECTION     N (350)
  AVERAGE WIND SPEED    11.8


SKY COVER
  POSSIBLE SUNSHINE  MM
  AVERAGE SKY COVER 0.8


WEATHER CONDITIONS
 THE FOLLOWING WEATHER WAS RECORDED TODAY.
  THUNDERSTORM
  RAIN
  LIGHT RAIN
  FOG


RELATIVE HUMIDITY (PERCENT)
 HIGHEST   100          1200 AM
 LOWEST     50           300 PM
 AVERAGE    75

..........................................................


THE FAYETTEVILLE ARKANSAS CLIMATE NORMALS FOR TOMORROW
                         NORMAL    RECORD    YEAR
 MAXIMUM TEMPERATURE (F)   64        78      2012
                                             2008
                                             1956
 MINIMUM TEMPERATURE (F)   39        15      1955


SUNRISE AND SUNSET
MARCH 26 2015.........SUNRISE   712 AM CDT   SUNSET   733 PM CDT
MARCH 27 2015.........SUNRISE   710 AM CDT   SUNSET   734 PM CDT


-  INDICATES NEGATIVE NUMBERS.
R  INDICATES RECORD WAS SET OR TIED.
MM INDICATES DATA IS MISSING.
T  INDICATES TRACE AMOUNT.




$$
