000
CDUS43 KUNR 230838
CLIGCC


CLIMATE REPORT
NATIONAL WEATHER SERVICE RAPID CITY SD
237 AM MDT THU MAR 23 2017


...................................

...THE GILLETTE AIRPORT WY CLIMATE SUMMARY FOR MARCH 22 2017...

CLIMATE NORMAL PERIOD 1981 TO 2010
CLIMATE RECORD PERIOD 9999 TO 9999


WEATHER ITEM   OBSERVED TIME   NORMAL DEPARTURE LAST
                VALUE   (LST)  VALUE  FROM      YEAR
                                      NORMAL
......................................................
TEMPERATURE (F)
 YESTERDAY
  MAXIMUM         66   1152 AM  49     17       49
  MINIMUM         33    454 AM  24      9       28
  AVERAGE         50            36     14       39

PRECIPITATION (IN)
  YESTERDAY        T             0.04  -0.04     0.45
  MONTH TO DATE    0.47          0.62  -0.15     0.57
  SINCE MAR 1      0.47          0.62  -0.15     0.57
  SINCE JAN 1      1.31          1.40  -0.09     2.08

DEGREE DAYS
 HEATING
  YESTERDAY       15            29    -14       26
  MONTH TO DATE  532           690   -158      520
  SINCE MAR 1    532           690   -158      520
  SINCE JUL 1   5289          6098   -809     5251

 COOLING
  YESTERDAY        0             0      0        0
  MONTH TO DATE    0             0      0        0
  SINCE MAR 1      0             0      0        0
  SINCE JAN 1      0             0      0        0
......................................................


WIND (MPH)
  HIGHEST WIND SPEED    32   HIGHEST WIND DIRECTION     S (170)
  HIGHEST GUST SPEED    39   HIGHEST GUST DIRECTION     S (170)
  AVERAGE WIND SPEED    14.0


SKY COVER
  AVERAGE SKY COVER 0.1


WEATHER CONDITIONS
 THE FOLLOWING WEATHER WAS RECORDED YESTERDAY.
  NO SIGNIFICANT WEATHER WAS OBSERVED.


RELATIVE HUMIDITY (PERCENT)
 HIGHEST    96          1200 AM
 LOWEST     37          1100 AM
 AVERAGE    67

..........................................................




SUNRISE AND SUNSET
MARCH 23 2017.........SUNRISE   659 AM MDT   SUNSET   719 PM MDT
MARCH 24 2017.........SUNRISE   657 AM MDT   SUNSET   720 PM MDT


-  INDICATES NEGATIVE NUMBERS.
R  INDICATES RECORD WAS SET OR TIED.
MM INDICATES DATA IS MISSING.
T  INDICATES TRACE AMOUNT.




$$
