000
CDUS43 KUNR 210838
CLIGCC


CLIMATE REPORT
NATIONAL WEATHER SERVICE RAPID CITY SD
136 AM MST SAT JAN 21 2017


...................................

...THE GILLETTE AIRPORT WY CLIMATE SUMMARY FOR JANUARY 20 2017...

CLIMATE NORMAL PERIOD 1981 TO 2010
CLIMATE RECORD PERIOD 9999 TO 9999


WEATHER ITEM   OBSERVED TIME   NORMAL DEPARTURE LAST
                VALUE   (LST)  VALUE  FROM      YEAR
                                      NORMAL
......................................................
TEMPERATURE (F)
 YESTERDAY
  MAXIMUM         34    446 PM  37     -3       36
  MINIMUM         22   1142 PM  15      7       25
  AVERAGE         28            26      2       31

PRECIPITATION (IN)
  YESTERDAY        0.01          0.01   0.00     0.12
  MONTH TO DATE    0.14          0.21  -0.07     0.30
  SINCE DEC 1      0.99          0.61   0.38     0.78
  SINCE JAN 1      0.14          0.21  -0.07     0.30

DEGREE DAYS
 HEATING
  YESTERDAY       37            39     -2       34
  MONTH TO DATE  752           785    -33      774
  SINCE DEC 1   2021          2051    -30     1974
  SINCE JUL 1   3414          3926   -512     3534

 COOLING
  YESTERDAY        0             0      0        0
  MONTH TO DATE    0             0      0        0
  SINCE DEC 1      0             0      0        0
  SINCE JAN 1      0             0      0        0
......................................................


WIND (MPH)
  HIGHEST WIND SPEED    17   HIGHEST WIND DIRECTION     W (270)
  HIGHEST GUST SPEED    20   HIGHEST GUST DIRECTION     W (290)
  AVERAGE WIND SPEED     8.0


SKY COVER
  AVERAGE SKY COVER 0.7


WEATHER CONDITIONS
 THE FOLLOWING WEATHER WAS RECORDED YESTERDAY.
  LIGHT SNOW
  FOG


RELATIVE HUMIDITY (PERCENT)
 HIGHEST   100           200 PM
 LOWEST     72           100 AM
 AVERAGE    86

..........................................................




SUNRISE AND SUNSET
JANUARY 21 2017.......SUNRISE   730 AM MST   SUNSET   457 PM MST
JANUARY 22 2017.......SUNRISE   730 AM MST   SUNSET   458 PM MST


-  INDICATES NEGATIVE NUMBERS.
R  INDICATES RECORD WAS SET OR TIED.
MM INDICATES DATA IS MISSING.
T  INDICATES TRACE AMOUNT.




$$
