000
CDUS43 KUNR 300835
CLIGCC


CLIMATE REPORT
NATIONAL WEATHER SERVICE RAPID CITY SD
233 AM MDT TUE JUN 30 2015


...................................

...THE GILLETTE AIRPORT WY CLIMATE SUMMARY FOR JUNE 29 2015...

CLIMATE NORMAL PERIOD 1981 TO 2010
CLIMATE RECORD PERIOD 9999 TO 9999


WEATHER ITEM   OBSERVED TIME   NORMAL DEPARTURE LAST
                VALUE   (LST)  VALUE  FROM      YEAR
                                      NORMAL
......................................................
TEMPERATURE (F)
 YESTERDAY
  MAXIMUM         90    435 PM  83      7       74
  MINIMUM         62    434 AM  52     10       47
  AVERAGE         76            67      9       61

PRECIPITATION (IN)
  YESTERDAY        0.00          0.05  -0.05     0.00
  MONTH TO DATE    3.11          2.15   0.96     3.13
  SINCE JUN 1      3.11          2.15   0.96     3.13
  SINCE JAN 1     10.23          7.81   2.42    12.73

DEGREE DAYS
 HEATING
  YESTERDAY        0             2     -2        4
  MONTH TO DATE   39           140   -101      185
  SINCE JUN 1     39           140   -101      185
  SINCE JUL 1   6915          7542   -627     7817

 COOLING
  YESTERDAY       11             4      7        0
  MONTH TO DATE   64            56      8       15
  SINCE JUN 1     64            56      8       15
  SINCE JAN 1     64            64      0       23
......................................................


WIND (MPH)
  HIGHEST WIND SPEED    15   HIGHEST WIND DIRECTION     W (260)
  HIGHEST GUST SPEED    19   HIGHEST GUST DIRECTION     S (170)
  AVERAGE WIND SPEED     6.4


SKY COVER
  AVERAGE SKY COVER 0.0


WEATHER CONDITIONS
 THE FOLLOWING WEATHER WAS RECORDED YESTERDAY.
  NO SIGNIFICANT WEATHER WAS OBSERVED.


RELATIVE HUMIDITY (PERCENT)
 HIGHEST    73           100 AM
 LOWEST     27           300 PM
 AVERAGE    50

..........................................................




SUNRISE AND SUNSET
JUNE 30 2015..........SUNRISE   521 AM MDT   SUNSET   850 PM MDT
JULY  1 2015..........SUNRISE   522 AM MDT   SUNSET   850 PM MDT


-  INDICATES NEGATIVE NUMBERS.
R  INDICATES RECORD WAS SET OR TIED.
MM INDICATES DATA IS MISSING.
T  INDICATES TRACE AMOUNT.




$$
