000
CDUS43 KUNR 230835
CLIGCC


CLIMATE REPORT
NATIONAL WEATHER SERVICE RAPID CITY SD
234 AM MDT FRI JUN 23 2017


...................................

...THE GILLETTE AIRPORT WY CLIMATE SUMMARY FOR JUNE 22 2017...

CLIMATE NORMAL PERIOD 1981 TO 2010
CLIMATE RECORD PERIOD 9999 TO 9999


WEATHER ITEM   OBSERVED TIME   NORMAL DEPARTURE LAST
                VALUE   (LST)  VALUE  FROM      YEAR
                                      NORMAL
......................................................
TEMPERATURE (F)
 YESTERDAY
  MAXIMUM         75    131 PM  80     -5       83
  MINIMUM         52   1159 PM  49      3       48
  AVERAGE         64            65     -1       66

PRECIPITATION (IN)
  YESTERDAY        0.00          0.06  -0.06     0.00
  MONTH TO DATE    1.06          1.72  -0.66     0.44
  SINCE JUN 1      1.06          1.72  -0.66     0.44
  SINCE JAN 1      8.25          7.38   0.87     6.28

DEGREE DAYS
 HEATING
  YESTERDAY        1             3     -2        0
  MONTH TO DATE   55           124    -69       31
  SINCE JUN 1     55           124    -69       31
  SINCE JUL 1   6537          7526   -989     6574

 COOLING
  YESTERDAY        0             3     -3        1
  MONTH TO DATE   48            32     16      122
  SINCE JUN 1     48            32     16      122
  SINCE JAN 1     52            40     12      122
......................................................


WIND (MPH)
  HIGHEST WIND SPEED    26   HIGHEST WIND DIRECTION     N (340)
  HIGHEST GUST SPEED    35   HIGHEST GUST DIRECTION    NW (320)
  AVERAGE WIND SPEED    13.6


SKY COVER
  AVERAGE SKY COVER 0.4


WEATHER CONDITIONS
 THE FOLLOWING WEATHER WAS RECORDED YESTERDAY.
  NO SIGNIFICANT WEATHER WAS OBSERVED.


RELATIVE HUMIDITY (PERCENT)
 HIGHEST    64           600 AM
 LOWEST     24           600 PM
 AVERAGE    44

..........................................................




SUNRISE AND SUNSET
JUNE 23 2017..........SUNRISE   519 AM MDT   SUNSET   850 PM MDT
JUNE 24 2017..........SUNRISE   519 AM MDT   SUNSET   850 PM MDT


-  INDICATES NEGATIVE NUMBERS.
R  INDICATES RECORD WAS SET OR TIED.
MM INDICATES DATA IS MISSING.
T  INDICATES TRACE AMOUNT.




$$
