000
CDUS43 KUNR 250830
CLIGCC


CLIMATE REPORT
NATIONAL WEATHER SERVICE RAPID CITY SD
230 AM MDT THU AUG 25 2016


...................................

...THE GILLETTE AIRPORT WY CLIMATE SUMMARY FOR AUGUST 24 2016...

CLIMATE NORMAL PERIOD 1981 TO 2010
CLIMATE RECORD PERIOD 9999 TO 9999


WEATHER ITEM   OBSERVED TIME   NORMAL DEPARTURE LAST
                VALUE   (LST)  VALUE  FROM      YEAR
                                      NORMAL
......................................................
TEMPERATURE (F)
 YESTERDAY
  MAXIMUM         70    137 PM  84    -14       87
  MINIMUM         45    339 AM  51     -6       42
  AVERAGE         58            68    -10       65

PRECIPITATION (IN)
  YESTERDAY        0.00          0.02  -0.02     0.00
  MONTH TO DATE    1.55          0.76   0.79     1.86
  SINCE JUN 1      3.31          4.63  -1.32     6.01
  SINCE JAN 1      9.15         10.29  -1.14    13.13

DEGREE DAYS
 HEATING
  YESTERDAY        7             2      5        0
  MONTH TO DATE   34            22     12       43
  SINCE JUN 1     75           183   -108      104
  SINCE JUL 1     41            41      0       65

 COOLING
  YESTERDAY        0             4     -4        0
  MONTH TO DATE  124           152    -28      141
  SINCE JUN 1    518           426     92      379
  SINCE JAN 1    518           434     84      379
......................................................


WIND (MPH)
  HIGHEST WIND SPEED    20   HIGHEST WIND DIRECTION     N (350)
  HIGHEST GUST SPEED    23   HIGHEST GUST DIRECTION     N (360)
  AVERAGE WIND SPEED    10.3


SKY COVER
  AVERAGE SKY COVER 0.4


WEATHER CONDITIONS
 THE FOLLOWING WEATHER WAS RECORDED YESTERDAY.
  NO SIGNIFICANT WEATHER WAS OBSERVED.


RELATIVE HUMIDITY (PERCENT)
 HIGHEST    80           500 AM
 LOWEST     37          1200 AM
 AVERAGE    59

..........................................................




SUNRISE AND SUNSET
AUGUST 25 2016........SUNRISE   618 AM MDT   SUNSET   750 PM MDT
AUGUST 26 2016........SUNRISE   619 AM MDT   SUNSET   748 PM MDT


-  INDICATES NEGATIVE NUMBERS.
R  INDICATES RECORD WAS SET OR TIED.
MM INDICATES DATA IS MISSING.
T  INDICATES TRACE AMOUNT.




$$
