000
CDUS43 KUNR 240837
CLIGCC


CLIMATE REPORT
NATIONAL WEATHER SERVICE RAPID CITY SD
236 AM MDT SUN MAY 24 2015


...................................

...THE GILLETTE AIRPORT WY CLIMATE SUMMARY FOR MAY 23 2015...

CLIMATE NORMAL PERIOD 1981 TO 2010
CLIMATE RECORD PERIOD 9999 TO 9999


WEATHER ITEM   OBSERVED TIME   NORMAL DEPARTURE LAST
                VALUE   (LST)  VALUE  FROM      YEAR
                                      NORMAL
......................................................
TEMPERATURE (F)
 YESTERDAY
  MAXIMUM         61    224 PM  68     -7       77
  MINIMUM         46    551 AM  42      4       48
  AVERAGE         54            55     -1       63

PRECIPITATION (IN)
  YESTERDAY        0.00          0.08  -0.08     0.01
  MONTH TO DATE    3.00          1.77   1.23     1.20
  SINCE MAR 1      4.65          4.20   0.45     3.09
  SINCE JAN 1      5.50          4.98   0.52     4.37

DEGREE DAYS
 HEATING
  YESTERDAY       11            10      1        2
  MONTH TO DATE  396           311     85      367
  SINCE MAR 1   1705          1919   -214     1972
  SINCE JUL 1   6795          7327   -532     7617

 COOLING
  YESTERDAY        0             0      0        0
  MONTH TO DATE    0             0      0        0
  SINCE MAR 1      0             0      0        0
  SINCE JAN 1      0             0      0        0
......................................................


WIND (MPH)
  HIGHEST WIND SPEED    18   HIGHEST WIND DIRECTION    SE (150)
  HIGHEST GUST SPEED    22   HIGHEST GUST DIRECTION    NE (40)
  AVERAGE WIND SPEED    10.0


SKY COVER
  AVERAGE SKY COVER 0.9


WEATHER CONDITIONS
 THE FOLLOWING WEATHER WAS RECORDED YESTERDAY.
  NO SIGNIFICANT WEATHER WAS OBSERVED.


RELATIVE HUMIDITY (PERCENT)
 HIGHEST    93           500 AM
 LOWEST     62           200 PM
 AVERAGE    78

..........................................................




SUNRISE AND SUNSET
MAY 24 2015...........SUNRISE   527 AM MDT   SUNSET   832 PM MDT
MAY 25 2015...........SUNRISE   526 AM MDT   SUNSET   833 PM MDT


-  INDICATES NEGATIVE NUMBERS.
R  INDICATES RECORD WAS SET OR TIED.
MM INDICATES DATA IS MISSING.
T  INDICATES TRACE AMOUNT.




$$
