000
CDUS43 KUNR 010831
CLIGCC


CLIMATE REPORT
NATIONAL WEATHER SERVICE RAPID CITY SD
231 AM MDT WED OCT 1 2014


...................................

...THE GILLETTE AIRPORT WY CLIMATE SUMMARY FOR SEPTEMBER 30 2014...

CLIMATE NORMAL PERIOD 1981 TO 2010
CLIMATE RECORD PERIOD 9999 TO 9999


WEATHER ITEM   OBSERVED TIME   NORMAL DEPARTURE LAST
                VALUE   (LST)  VALUE  FROM      YEAR
                                      NORMAL
......................................................
TEMPERATURE (F)
 YESTERDAY
  MAXIMUM         60    141 PM  65     -5       77
  MINIMUM         46   1051 PM  38      8       38
  AVERAGE         53            51      2       58

PRECIPITATION (IN)
  YESTERDAY        0.49          0.05   0.44     0.00
  MONTH TO DATE    1.29          1.19   0.10     2.38
  SINCE SEP 1      1.29          1.19   0.10     2.38
  SINCE JAN 1     16.55         11.67   4.88    15.81

DEGREE DAYS
 HEATING
  YESTERDAY       12            14     -2        7
  MONTH TO DATE  227           238    -11      141
  SINCE SEP 1    227           238    -11      141
  SINCE JUL 1    276           295    -19      141

 COOLING
  YESTERDAY        0             0      0        0
  MONTH TO DATE   57            40     17       93
  SINCE SEP 1     57            40     17       93
  SINCE JAN 1    412           500    -88      615
......................................................


WIND (MPH)
  HIGHEST WIND SPEED    24   HIGHEST WIND DIRECTION    NW (310)
  HIGHEST GUST SPEED    29   HIGHEST GUST DIRECTION    NW (300)
  AVERAGE WIND SPEED    10.9


SKY COVER
  AVERAGE SKY COVER 0.9


WEATHER CONDITIONS
 THE FOLLOWING WEATHER WAS RECORDED YESTERDAY.
  RAIN
  LIGHT RAIN
  FOG


RELATIVE HUMIDITY (PERCENT)
 HIGHEST    93           300 AM
 LOWEST     53           200 PM
 AVERAGE    73

..........................................................




SUNRISE AND SUNSET
OCTOBER  1 2014.......SUNRISE   700 AM MDT   SUNSET   643 PM MDT
OCTOBER  2 2014.......SUNRISE   701 AM MDT   SUNSET   641 PM MDT


-  INDICATES NEGATIVE NUMBERS.
R  INDICATES RECORD WAS SET OR TIED.
MM INDICATES DATA IS MISSING.
T  INDICATES TRACE AMOUNT.




$$
