000
CDUS43 KUNR 130832
CLIGCC


CLIMATE REPORT
NATIONAL WEATHER SERVICE RAPID CITY SD
131 AM MST WED DEC 13 2017


...................................

...THE GILLETTE AIRPORT WY CLIMATE SUMMARY FOR DECEMBER 12 2017...

CLIMATE NORMAL PERIOD 1981 TO 2010
CLIMATE RECORD PERIOD 9999 TO 9999


WEATHER ITEM   OBSERVED TIME   NORMAL DEPARTURE LAST
                VALUE   (LST)  VALUE  FROM      YEAR
                                      NORMAL
......................................................
TEMPERATURE (F)
 YESTERDAY
  MAXIMUM         62    134 PM  34     28       25
  MINIMUM         33    225 AM  13     20      -11
  AVERAGE         48            24     24        7

PRECIPITATION (IN)
  YESTERDAY        0.00          0.01  -0.01      T
  MONTH TO DATE    0.18          0.19  -0.01     0.23
  SINCE DEC 1      0.18          0.19  -0.01     0.23
  SINCE JAN 1     13.52         13.68  -0.16    13.62

DEGREE DAYS
 HEATING
  YESTERDAY       17            41    -24       58
  MONTH TO DATE  361           484   -123      616
  SINCE DEC 1    361           484   -123      616
  SINCE JUL 1   2132          2359   -227     2009

 COOLING
  YESTERDAY        0             0      0        0
  MONTH TO DATE    0             0      0        0
  SINCE DEC 1      0             0      0        0
  SINCE JAN 1    617           502    115      569
......................................................


WIND (MPH)
  HIGHEST WIND SPEED    24   HIGHEST WIND DIRECTION    NW (300)
  HIGHEST GUST SPEED    30   HIGHEST GUST DIRECTION    NW (310)
  AVERAGE WIND SPEED    12.2


SKY COVER
  AVERAGE SKY COVER 0.0


WEATHER CONDITIONS
 THE FOLLOWING WEATHER WAS RECORDED YESTERDAY.
  NO SIGNIFICANT WEATHER WAS OBSERVED.


RELATIVE HUMIDITY (PERCENT)
 HIGHEST    51          1200 AM
 LOWEST     17          1000 PM
 AVERAGE    34

..........................................................




SUNRISE AND SUNSET
DECEMBER 13 2017......SUNRISE   730 AM MST   SUNSET   423 PM MST
DECEMBER 14 2017......SUNRISE   731 AM MST   SUNSET   423 PM MST


-  INDICATES NEGATIVE NUMBERS.
R  INDICATES RECORD WAS SET OR TIED.
MM INDICATES DATA IS MISSING.
T  INDICATES TRACE AMOUNT.




$$
