000
CDUS43 KDDC 152345
CLIGCK


CLIMATE REPORT
NATIONAL WEATHER SERVICE DODGE CITY KS
545 PM CST FRI DEC 15 2017


...................................

...THE GARDEN CITY REGIONAL ARPT KS CLIMATE SUMMARY FOR DECEMBER 15 2017...
VALID TODAY AS OF 0500 PM LOCAL TIME.

CLIMATE NORMAL PERIOD 1981 TO 2010
CLIMATE RECORD PERIOD 1948 TO 2017


WEATHER ITEM   OBSERVED TIME   RECORD YEAR NORMAL DEPARTURE LAST
                VALUE   (LST)  VALUE       VALUE  FROM      YEAR
                                                  NORMAL
..................................................................
TEMPERATURE (F)
 TODAY
  MAXIMUM         56    359 PM  71    1977  44     12       34
  MINIMUM         12    450 AM  -4    1989  19     -7       10
  AVERAGE         34                        31      3       22

PRECIPITATION (IN)
  TODAY            0.00          0.52 1984   0.02  -0.02     0.00
  MONTH TO DATE    0.00                      0.26  -0.26     0.03
  SINCE DEC 1      0.00                      0.26  -0.26     0.03
  SINCE JAN 1     20.57                     19.21   1.36    20.12

DEGREE DAYS
 HEATING
  TODAY           31                        34     -3       43
  MONTH TO DATE  387                       484    -97      562
  SINCE DEC 1    387                       484    -97      562
  SINCE JUL 1   1343                      1573   -230     1250

 COOLING
  TODAY            0                         0      0        0
  MONTH TO DATE    0                         0      0        0
  SINCE DEC 1      0                         0      0        0
  SINCE JAN 1   1373                      1298     75     1433
..................................................................


WIND (MPH)
  HIGHEST WIND SPEED    17   HIGHEST WIND DIRECTION    SW (240)
  HIGHEST GUST SPEED    23   HIGHEST GUST DIRECTION     W (250)
  AVERAGE WIND SPEED    10.7



WEATHER CONDITIONS
 THE FOLLOWING WEATHER WAS RECORDED TODAY.
  NO SIGNIFICANT WEATHER WAS OBSERVED.


RELATIVE HUMIDITY (PERCENT)
 HIGHEST    88           300 AM
 LOWEST     16           400 PM
 AVERAGE    52

..........................................................


THE GARDEN CITY REGIONAL ARPT KS CLIMATE NORMALS FOR TOMORROW
                         NORMAL    RECORD    YEAR
 MAXIMUM TEMPERATURE (F)   44        69      1980
 MINIMUM TEMPERATURE (F)   18        -3      1972


SUNRISE AND SUNSET
DECEMBER 15 2017......SUNRISE   752 AM CST   SUNSET   525 PM CST
DECEMBER 16 2017......SUNRISE   752 AM CST   SUNSET   525 PM CST


-  INDICATES NEGATIVE NUMBERS.
R  INDICATES RECORD WAS SET OR TIED.
MM INDICATES DATA IS MISSING.
T  INDICATES TRACE AMOUNT.




$$
