000
CDUS43 KDDC 291009
CLIGCK


CLIMATE REPORT
NATIONAL WEATHER SERVICE DODGE CITY KS
509 AM CDT SUN MAR 29 2015


...................................

...THE GARDEN CITY REGIONAL ARPT KS CLIMATE SUMMARY FOR MARCH 28 2015...

CLIMATE NORMAL PERIOD 1981 TO 2010
CLIMATE RECORD PERIOD 1948 TO 2015


WEATHER ITEM   OBSERVED TIME   RECORD YEAR NORMAL DEPARTURE LAST
                VALUE   (LST)  VALUE       VALUE  FROM      YEAR
                                                  NORMAL
..................................................................
TEMPERATURE (F)
 YESTERDAY
  MAXIMUM         80    500 PM  90    1963  62     18       61
  MINIMUM         37    638 AM   3    1970  33      4       30
  AVERAGE         59                        47     12       46

PRECIPITATION (IN)
  YESTERDAY        0.00          0.48 1951   0.06  -0.06     0.00
  MONTH TO DATE    0.32                      1.28  -0.96     0.04
  SINCE MAR 1      0.32                      1.28  -0.96     0.04
  SINCE JAN 1      1.09                      2.16  -1.07     0.20

DEGREE DAYS
 HEATING
  YESTERDAY        6                        18    -12
  MONTH TO DATE  540                       611    -71
  SINCE MAR 1    540                       611    -71
  SINCE JUL 1   4448                      4635   -187

 COOLING
  YESTERDAY        0                         0      0
  MONTH TO DATE    0                         0      0
  SINCE MAR 1      0                         0      0
  SINCE JAN 1      0                         0      0
..................................................................


WIND (MPH)
  HIGHEST WIND SPEED    22   HIGHEST WIND DIRECTION    SE (150)
  HIGHEST GUST SPEED    28   HIGHEST GUST DIRECTION    SE (150)
  AVERAGE WIND SPEED    10.4



WEATHER CONDITIONS
 THE FOLLOWING WEATHER WAS RECORDED YESTERDAY.
  NO SIGNIFICANT WEATHER WAS OBSERVED.


RELATIVE HUMIDITY (PERCENT)
 HIGHEST    85           700 AM
 LOWEST     16           400 PM
 AVERAGE    51

..........................................................


THE GARDEN CITY REGIONAL ARPT KS CLIMATE NORMALS FOR TODAY
                         NORMAL    RECORD    YEAR
 MAXIMUM TEMPERATURE (F)   62        85      1986
 MINIMUM TEMPERATURE (F)   33         7      1987


SUNRISE AND SUNSET
MARCH 29 2015.........SUNRISE   733 AM CDT   SUNSET   803 PM CDT
MARCH 30 2015.........SUNRISE   731 AM CDT   SUNSET   804 PM CDT


-  INDICATES NEGATIVE NUMBERS.
R  INDICATES RECORD WAS SET OR TIED.
MM INDICATES DATA IS MISSING.
T  INDICATES TRACE AMOUNT.




$$
