000
CDUS43 KDDC 022347
CLIGCK


CLIMATE REPORT
NATIONAL WEATHER SERVICE DODGE CITY KS
639 PM CDT TUE SEP 2 2014


...................................

...THE GARDEN CITY REGIONAL ARPT KS CLIMATE SUMMARY FOR SEPTEMBER 2 2014...
VALID TODAY AS OF 0500 PM LOCAL TIME.

CLIMATE NORMAL PERIOD 1981 TO 2010
CLIMATE RECORD PERIOD 1948 TO 2014


WEATHER ITEM   OBSERVED TIME   RECORD YEAR NORMAL DEPARTURE LAST
                VALUE   (LST)  VALUE       VALUE  FROM      YEAR
                                                  NORMAL
..................................................................
TEMPERATURE (F)
 TODAY
  MAXIMUM         83    359 PM 104    2012  87     -4       90
  MINIMUM         64    424 AM  45    1974  60      4       57
  AVERAGE         74                        74      0       74

PRECIPITATION (IN)
  TODAY            T             2.30 1996   0.05  -0.05     0.00
  MONTH TO DATE    T                         0.11  -0.11     0.03
  SINCE SEP 1      T                         0.11  -0.11     0.03
  SINCE JAN 1     17.65                     15.76   1.89    10.20

DEGREE DAYS
 HEATING
  TODAY            0                         0      0        0
  MONTH TO DATE    0                         0      0        0
  SINCE SEP 1      0                         0      0        0
  SINCE JUL 1     10                         4      6        0

 COOLING
  TODAY            9                         9      0        9
  MONTH TO DATE   15                        18     -3       20
  SINCE SEP 1     15                        18     -3       20
  SINCE JAN 1   1175                      1134     41     1362
..................................................................


WIND (MPH)
  HIGHEST WIND SPEED    17   HIGHEST WIND DIRECTION    SE (120)
  HIGHEST GUST SPEED    22   HIGHEST GUST DIRECTION    NE (30)
  AVERAGE WIND SPEED    10.5



WEATHER CONDITIONS
 THE FOLLOWING WEATHER WAS RECORDED TODAY.
  FOG
  HAZE


RELATIVE HUMIDITY (PERCENT)
 HIGHEST   100           600 AM
 LOWEST     51           400 PM
 AVERAGE    76

..........................................................


THE GARDEN CITY REGIONAL ARPT KS CLIMATE NORMALS FOR TOMORROW
                         NORMAL    RECORD    YEAR
 MAXIMUM TEMPERATURE (F)   87       100      1983
 MINIMUM TEMPERATURE (F)   60        36      1974


SUNRISE AND SUNSET
SEPTEMBER  2 2014.....SUNRISE   714 AM CDT   SUNSET   811 PM CDT
SEPTEMBER  3 2014.....SUNRISE   714 AM CDT   SUNSET   809 PM CDT


-  INDICATES NEGATIVE NUMBERS.
R  INDICATES RECORD WAS SET OR TIED.
MM INDICATES DATA IS MISSING.
T  INDICATES TRACE AMOUNT.




$$
