000
CDUS43 KDDC 032327
CLIGCK


CLIMATE REPORT
NATIONAL WEATHER SERVICE DODGE CITY KS
625 PM CDT WED JUN 3 2015


...................................

...THE GARDEN CITY REGIONAL ARPT KS CLIMATE SUMMARY FOR JUNE 3 2015...
VALID TODAY AS OF 0500 PM LOCAL TIME.

CLIMATE NORMAL PERIOD 1981 TO 2010
CLIMATE RECORD PERIOD 1948 TO 2015


WEATHER ITEM   OBSERVED TIME   RECORD YEAR NORMAL DEPARTURE LAST
                VALUE   (LST)  VALUE       VALUE  FROM      YEAR
                                                  NORMAL
..................................................................
TEMPERATURE (F)
 TODAY
  MAXIMUM         91    248 PM  99    2014  82      9       99
                                      1966
  MINIMUM         62    607 AM  40    1954  56      6       66
  AVERAGE         77                        69      8       83

PRECIPITATION (IN)
  TODAY            0.00          1.84 1949   0.10  -0.10     0.34
  MONTH TO DATE    0.00                      0.32  -0.32     0.48
  SINCE JUN 1      0.00                      0.32  -0.32     0.48
  SINCE JAN 1      8.82                      7.26   1.56     1.84

DEGREE DAYS
 HEATING
  TODAY            0                         1     -1        0
  MONTH TO DATE    0                         4     -4        0
  SINCE JUN 1      0                         4     -4        0
  SINCE JUL 1   4961                      5195   -234     5387

 COOLING
  TODAY           12                         5      7       18
  MONTH TO DATE   27                        15     12       42
  SINCE JUN 1     27                        15     12       42
  SINCE JAN 1     57                       104    -47      185
..................................................................


WIND (MPH)
  HIGHEST WIND SPEED    20   HIGHEST WIND DIRECTION     S (200)
  HIGHEST GUST SPEED    23   HIGHEST GUST DIRECTION     S (200)
  AVERAGE WIND SPEED     9.5



WEATHER CONDITIONS
 THE FOLLOWING WEATHER WAS RECORDED TODAY.
  NO SIGNIFICANT WEATHER WAS OBSERVED.


RELATIVE HUMIDITY (PERCENT)
 HIGHEST    93           400 AM
 LOWEST     32           400 PM
 AVERAGE    63

..........................................................


THE GARDEN CITY REGIONAL ARPT KS CLIMATE NORMALS FOR TOMORROW
                         NORMAL    RECORD    YEAR
 MAXIMUM TEMPERATURE (F)   82       100      1966
 MINIMUM TEMPERATURE (F)   57        42      1954


SUNRISE AND SUNSET
JUNE  3 2015..........SUNRISE   622 AM CDT   SUNSET   901 PM CDT
JUNE  4 2015..........SUNRISE   621 AM CDT   SUNSET   901 PM CDT


-  INDICATES NEGATIVE NUMBERS.
R  INDICATES RECORD WAS SET OR TIED.
MM INDICATES DATA IS MISSING.
T  INDICATES TRACE AMOUNT.




$$
