000
CDUS43 KDDC 302326
CLIGCK


CLIMATE REPORT
NATIONAL WEATHER SERVICE DODGE CITY KS
525 PM CST FRI JAN 30 2015


...................................

...THE GARDEN CITY REGIONAL ARPT KS CLIMATE SUMMARY FOR JANUARY 30 2015...
VALID TODAY AS OF 0500 PM LOCAL TIME.

CLIMATE NORMAL PERIOD 1981 TO 2010
CLIMATE RECORD PERIOD 1948 TO 2015


WEATHER ITEM   OBSERVED TIME   RECORD YEAR NORMAL DEPARTURE LAST
                VALUE   (LST)  VALUE       VALUE  FROM      YEAR
                                                  NORMAL
..................................................................
TEMPERATURE (F)
 TODAY
  MAXIMUM         43    359 PM  78    1986  45     -2       52
  MINIMUM         20    115 AM -13    1979  18      2       26
  AVERAGE         32                        32      0       39

PRECIPITATION (IN)
  TODAY            0.00          0.25 1985   0.02  -0.02     0.00
  MONTH TO DATE    0.05                      0.33  -0.28     0.02
  SINCE DEC 1      0.10                      0.85  -0.75     0.03
  SINCE JAN 1      0.05                      0.33  -0.28     0.02

DEGREE DAYS
 HEATING
  TODAY           33                        33      0       26
  MONTH TO DATE  962                      1018    -56     1002
  SINCE DEC 1   1944                      2052   -108     2079
  SINCE JUL 1   2983                      3141   -158     3123

 COOLING
  TODAY            0                         0      0        0
  MONTH TO DATE    0                         0      0        0
  SINCE DEC 1      0                         0      0        0
  SINCE JAN 1      0                         0      0        0
..................................................................


WIND (MPH)
  HIGHEST WIND SPEED    22   HIGHEST WIND DIRECTION     S (180)
  HIGHEST GUST SPEED    26   HIGHEST GUST DIRECTION     S (180)
  AVERAGE WIND SPEED    11.8



WEATHER CONDITIONS
 THE FOLLOWING WEATHER WAS RECORDED TODAY.
  NO SIGNIFICANT WEATHER WAS OBSERVED.


RELATIVE HUMIDITY (PERCENT)
 HIGHEST    85           700 AM
 LOWEST     49          1200 PM
 AVERAGE    67

..........................................................


THE GARDEN CITY REGIONAL ARPT KS CLIMATE NORMALS FOR TOMORROW
                         NORMAL    RECORD    YEAR
 MAXIMUM TEMPERATURE (F)   45        79      1989
 MINIMUM TEMPERATURE (F)   19       -16      1979


SUNRISE AND SUNSET
JANUARY 30 2015.......SUNRISE   749 AM CST   SUNSET   604 PM CST
JANUARY 31 2015.......SUNRISE   748 AM CST   SUNSET   605 PM CST


-  INDICATES NEGATIVE NUMBERS.
R  INDICATES RECORD WAS SET OR TIED.
MM INDICATES DATA IS MISSING.
T  INDICATES TRACE AMOUNT.




$$
