000
CDUS43 KDDC 181021
CLIGCK


CLIMATE REPORT
NATIONAL WEATHER SERVICE DODGE CITY KS
519 AM CDT THU SEP 18 2014


...................................

...THE GARDEN CITY REGIONAL ARPT KS CLIMATE SUMMARY FOR SEPTEMBER 17 2014...

CLIMATE NORMAL PERIOD 1981 TO 2010
CLIMATE RECORD PERIOD 1948 TO 2014


WEATHER ITEM   OBSERVED TIME   RECORD YEAR NORMAL DEPARTURE LAST
                VALUE   (LST)  VALUE       VALUE  FROM      YEAR
                                                  NORMAL
..................................................................
TEMPERATURE (F)
 YESTERDAY
  MAXIMUM         93    353 PM 101    1983  82     11       86
  MINIMUM         55    705 AM  38    1981  54      1       62
  AVERAGE         74                        68      6       74

PRECIPITATION (IN)
  YESTERDAY        0.00          1.05 2007   0.05  -0.05     0.00
  MONTH TO DATE    1.47                      0.89   0.58     1.18
  SINCE SEP 1      1.47                      0.89   0.58     1.18
  SINCE JAN 1     19.12                     16.54   2.58    11.35

DEGREE DAYS
 HEATING
  YESTERDAY        0                         2     -2
  MONTH TO DATE   56                        18     38
  SINCE SEP 1     56                        18     38
  SINCE JUL 1     66                        22     44

 COOLING
  YESTERDAY        9                         5      4
  MONTH TO DATE   97                       119    -22
  SINCE SEP 1     97                       119    -22
  SINCE JAN 1   1257                      1235     22
..................................................................


WIND (MPH)
  HIGHEST WIND SPEED    10   HIGHEST WIND DIRECTION     S (180)
  HIGHEST GUST SPEED    13   HIGHEST GUST DIRECTION    SE (150)
  AVERAGE WIND SPEED     6.0



WEATHER CONDITIONS
 THE FOLLOWING WEATHER WAS RECORDED YESTERDAY.
  FOG
  FOG W/VISIBILITY <= 1/4 MILE
  HAZE


RELATIVE HUMIDITY (PERCENT)
 HIGHEST   100           500 AM
 LOWEST     23           300 PM
 AVERAGE    62

..........................................................


THE GARDEN CITY REGIONAL ARPT KS CLIMATE NORMALS FOR TODAY
                         NORMAL    RECORD    YEAR
 MAXIMUM TEMPERATURE (F)   81       105      1954
 MINIMUM TEMPERATURE (F)   53        37      1971


SUNRISE AND SUNSET
SEPTEMBER 18 2014.....SUNRISE   727 AM CDT   SUNSET   746 PM CDT
SEPTEMBER 19 2014.....SUNRISE   728 AM CDT   SUNSET   744 PM CDT


-  INDICATES NEGATIVE NUMBERS.
R  INDICATES RECORD WAS SET OR TIED.
MM INDICATES DATA IS MISSING.
T  INDICATES TRACE AMOUNT.




$$
