000
CDUS43 KDDC 310719
CLIGCK


CLIMATE REPORT
NATIONAL WEATHER SERVICE DODGE CITY KS
219 AM CDT TUE MAY 31 2016


...................................

...THE GARDEN CITY REGIONAL ARPT KS CLIMATE SUMMARY FOR MAY 30 2016...

CLIMATE NORMAL PERIOD 1981 TO 2010
CLIMATE RECORD PERIOD 1948 TO 2016


WEATHER ITEM   OBSERVED TIME   RECORD YEAR NORMAL DEPARTURE LAST
                VALUE   (LST)  VALUE       VALUE  FROM      YEAR
                                                  NORMAL
..................................................................
TEMPERATURE (F)
 YESTERDAY
  MAXIMUM         85    459 PM 101    2011  81      4       67
  MINIMUM         48    522 AM  44    1980  55     -7       49
  AVERAGE         67                        68     -1       58

PRECIPITATION (IN)
  YESTERDAY        0.31          2.90 1990   0.11   0.20     0.00
  MONTH TO DATE    0.69                      2.77  -2.08     7.37
  SINCE MAR 1      5.23                      5.95  -0.72     8.05
  SINCE JAN 1      5.45                      6.83  -1.38     8.82

DEGREE DAYS
 HEATING
  YESTERDAY        0                         2     -2
  MONTH TO DATE  169                       128     41
  SINCE MAR 1   1018                      1166   -148
  SINCE JUL 1   4431                      5190   -759

 COOLING
  YESTERDAY        2                         4     -2
  MONTH TO DATE   53                        71    -18
  SINCE MAR 1     58                        83    -25
  SINCE JAN 1     59                        83    -24
..................................................................


WIND (MPH)
  HIGHEST WIND SPEED    40   HIGHEST WIND DIRECTION     N (10)
  HIGHEST GUST SPEED    53   HIGHEST GUST DIRECTION     N (360)
  AVERAGE WIND SPEED    14.1



WEATHER CONDITIONS
 THE FOLLOWING WEATHER WAS RECORDED YESTERDAY.
  THUNDERSTORM
  HEAVY RAIN
  LIGHT RAIN
  FOG


RELATIVE HUMIDITY (PERCENT)
 HIGHEST    93           400 AM
 LOWEST     31           100 PM
 AVERAGE    62

..........................................................


THE GARDEN CITY REGIONAL ARPT KS CLIMATE NORMALS FOR TODAY
                         NORMAL    RECORD    YEAR
 MAXIMUM TEMPERATURE (F)   81       103      2002
 MINIMUM TEMPERATURE (F)   55        41      2004


SUNRISE AND SUNSET
MAY 31 2016...........SUNRISE   622 AM CDT   SUNSET   859 PM CDT
JUNE  1 2016..........SUNRISE   622 AM CDT   SUNSET   900 PM CDT


-  INDICATES NEGATIVE NUMBERS.
R  INDICATES RECORD WAS SET OR TIED.
MM INDICATES DATA IS MISSING.
T  INDICATES TRACE AMOUNT.




$$
