537
CDUS43 KDDC 230705
CLIGCK


CLIMATE REPORT
NATIONAL WEATHER SERVICE DODGE CITY KS
205 AM CDT TUE MAY 23 2017


...................................

...THE GARDEN CITY REGIONAL ARPT KS CLIMATE SUMMARY FOR MAY 22 2017...

CLIMATE NORMAL PERIOD 1981 TO 2010
CLIMATE RECORD PERIOD 1948 TO 2017


WEATHER ITEM   OBSERVED TIME   RECORD YEAR NORMAL DEPARTURE LAST
                VALUE   (LST)  VALUE       VALUE  FROM      YEAR
                                                  NORMAL
..................................................................
TEMPERATURE (F)
 YESTERDAY
  MAXIMUM         69    536 PM  99    1996  78     -9       84
  MINIMUM         49    606 AM  41    1963  52     -3       66
  AVERAGE         59                        65     -6       75

PRECIPITATION (IN)
  YESTERDAY        0.02          1.38 1991   0.10  -0.08     0.00
  MONTH TO DATE    0.95                      1.92  -0.97     0.38
  SINCE MAR 1      6.89                      5.10   1.79     4.92
  SINCE JAN 1      8.18                      5.98   2.20     5.14

DEGREE DAYS
 HEATING
  YESTERDAY        6                         3      3
  MONTH TO DATE  120                       110     10
  SINCE MAR 1    933                      1148   -215
  SINCE JUL 1   4407                      5172   -765

 COOLING
  YESTERDAY        0                         3     -3
  MONTH TO DATE   40                        41     -1
  SINCE MAR 1     77                        53     24
  SINCE JAN 1     77                        53     24
..................................................................


WIND (MPH)
  HIGHEST WIND SPEED    28   HIGHEST WIND DIRECTION     N (350)
  HIGHEST GUST SPEED    46   HIGHEST GUST DIRECTION     N (360)
  AVERAGE WIND SPEED     8.6



WEATHER CONDITIONS
 THE FOLLOWING WEATHER WAS RECORDED YESTERDAY.
  THUNDERSTORM
  LIGHT RAIN


RELATIVE HUMIDITY (PERCENT)
 HIGHEST    93           300 AM
 LOWEST     48           500 PM
 AVERAGE    71

..........................................................


THE GARDEN CITY REGIONAL ARPT KS CLIMATE NORMALS FOR TODAY
                         NORMAL    RECORD    YEAR
 MAXIMUM TEMPERATURE (F)   78       101      1964
 MINIMUM TEMPERATURE (F)   53        42      1966


SUNRISE AND SUNSET
MAY 23 2017...........SUNRISE   627 AM CDT   SUNSET   853 PM CDT
MAY 24 2017...........SUNRISE   626 AM CDT   SUNSET   854 PM CDT


-  INDICATES NEGATIVE NUMBERS.
R  INDICATES RECORD WAS SET OR TIED.
MM INDICATES DATA IS MISSING.
T  INDICATES TRACE AMOUNT.




$$
