000
CDUS43 KDDC 162329
CLIGCK


CLIMATE REPORT
NATIONAL WEATHER SERVICE DODGE CITY KS
628 PM CDT WED APR 16 2014


...................................

...THE GARDEN CITY REGIONAL ARPT KS CLIMATE SUMMARY FOR APRIL 16 2014...
VALID TODAY AS OF 0500 PM LOCAL TIME.

CLIMATE NORMAL PERIOD 1981 TO 2010
CLIMATE RECORD PERIOD 1948 TO 2014


WEATHER ITEM   OBSERVED TIME   RECORD YEAR NORMAL DEPARTURE LAST
                VALUE   (LST)  VALUE       VALUE  FROM      YEAR
                                                  NORMAL
..................................................................
TEMPERATURE (F)
 TODAY
  MAXIMUM         67    312 PM  94    1964  67      0       49
  MINIMUM         37    638 AM  23    2000  39     -2       34
  AVERAGE         52                        53     -1       42

PRECIPITATION (IN)
  TODAY            0.00          1.11 2009   0.05  -0.05     0.00
  MONTH TO DATE    0.24                      0.83  -0.59     0.03
  SINCE MAR 1      0.28                      2.29  -2.01     0.11
  SINCE JAN 1      0.44                      3.17  -2.73     0.45

DEGREE DAYS
 HEATING
  TODAY           13                        12      1       23
  MONTH TO DATE  249                       235     14      282
  SINCE MAR 1    990                       899     91      931
  SINCE JUL 1   5166                      4923    243     4832

 COOLING
  TODAY            0                         0      0        0
  MONTH TO DATE    4                         0      4        0
  SINCE MAR 1      4                         0      4        0
  SINCE JAN 1      4                         0      4        0
..................................................................


WIND (MPH)
  HIGHEST WIND SPEED    31   HIGHEST WIND DIRECTION     N (350)
  HIGHEST GUST SPEED    39   HIGHEST GUST DIRECTION     N (340)
  AVERAGE WIND SPEED    17.0



WEATHER CONDITIONS
 THE FOLLOWING WEATHER WAS RECORDED TODAY.
  NO SIGNIFICANT WEATHER WAS OBSERVED.


RELATIVE HUMIDITY (PERCENT)
 HIGHEST    54           700 AM
 LOWEST     20           400 PM
 AVERAGE    37

..........................................................


THE GARDEN CITY REGIONAL ARPT KS CLIMATE NORMALS FOR TOMORROW
                         NORMAL    RECORD    YEAR
 MAXIMUM TEMPERATURE (F)   68        92      2006
 MINIMUM TEMPERATURE (F)   39        24      1999


SUNRISE AND SUNSET
APRIL 16 2014.........SUNRISE   706 AM CDT   SUNSET   820 PM CDT
APRIL 17 2014.........SUNRISE   705 AM CDT   SUNSET   821 PM CDT


-  INDICATES NEGATIVE NUMBERS.
R  INDICATES RECORD WAS SET OR TIED.
MM INDICATES DATA IS MISSING.
T  INDICATES TRACE AMOUNT.




$$
