000
CDUS43 KDDC 300711
CLIGCK


CLIMATE REPORT
NATIONAL WEATHER SERVICE DODGE CITY KS
210 AM CDT THU MAR 30 2017


...................................

...THE GARDEN CITY REGIONAL ARPT KS CLIMATE SUMMARY FOR MARCH 29 2017...

CLIMATE NORMAL PERIOD 1981 TO 2010
CLIMATE RECORD PERIOD 1948 TO 2017


WEATHER ITEM   OBSERVED TIME   RECORD YEAR NORMAL DEPARTURE LAST
                VALUE   (LST)  VALUE       VALUE  FROM      YEAR
                                                  NORMAL
..................................................................
TEMPERATURE (F)
 YESTERDAY
  MAXIMUM         44    100 AM  85    1986  62    -18       74
  MINIMUM         40    343 PM   7    1987  33      7       45
  AVERAGE         42                        47     -5       60

PRECIPITATION (IN)
  YESTERDAY        0.81R         0.39 1989   0.06   0.75     0.00
  MONTH TO DATE    2.47                      1.34   1.13      T
  SINCE MAR 1      2.47                      1.34   1.13      T
  SINCE JAN 1      3.76                      2.22   1.54     0.22

DEGREE DAYS
 HEATING
  YESTERDAY       23                        18      5
  MONTH TO DATE  472                       629   -157
  SINCE MAR 1    472                       629   -157
  SINCE JUL 1   3946                      4653   -707

 COOLING
  YESTERDAY        0                         0      0
  MONTH TO DATE    8                         0      8
  SINCE MAR 1      8                         0      8
  SINCE JAN 1      8                         0      8
..................................................................


WIND (MPH)
  HIGHEST WIND SPEED    33   HIGHEST WIND DIRECTION     N (360)
  HIGHEST GUST SPEED    40   HIGHEST GUST DIRECTION     N (360)
  AVERAGE WIND SPEED    22.8



WEATHER CONDITIONS
 THE FOLLOWING WEATHER WAS RECORDED YESTERDAY.
  RAIN
  LIGHT RAIN
  FOG


RELATIVE HUMIDITY (PERCENT)
 HIGHEST    96           300 AM
 LOWEST     86           100 PM
 AVERAGE    91

..........................................................


THE GARDEN CITY REGIONAL ARPT KS CLIMATE NORMALS FOR TODAY
                         NORMAL    RECORD    YEAR
 MAXIMUM TEMPERATURE (F)   62        89      1986
 MINIMUM TEMPERATURE (F)   33         2      1987


SUNRISE AND SUNSET
MARCH 30 2017.........SUNRISE   731 AM CDT   SUNSET   804 PM CDT
MARCH 31 2017.........SUNRISE   729 AM CDT   SUNSET   805 PM CDT


-  INDICATES NEGATIVE NUMBERS.
R  INDICATES RECORD WAS SET OR TIED.
MM INDICATES DATA IS MISSING.
T  INDICATES TRACE AMOUNT.




$$
