000
CDUS41 KPHI 300630
CLIGED


CLIMATE REPORT
NATIONAL WEATHER SERVICE MOUNT HOLLY NJ
230 AM EDT MON MAY 30 2016


...................................

...THE GEORGETOWN DE CLIMATE SUMMARY FOR MAY 29 2016...

CLIMATE NORMAL PERIOD 1981 TO 2010
CLIMATE RECORD PERIOD 1948 TO 2016


WEATHER ITEM   OBSERVED TIME   RECORD YEAR NORMAL DEPARTURE LAST
                VALUE   (LST)  VALUE       VALUE  FROM      YEAR
                                                  NORMAL
..................................................................
TEMPERATURE (F)
 YESTERDAY
  MAXIMUM         85    113 PM  92    1955  78      7       83
  MINIMUM         56    453 AM  39    1997  57     -1       66
  AVERAGE         71                        67      4       75

PRECIPITATION (IN)
  YESTERDAY        T             1.62 1990   0.13  -0.13     0.00
  MONTH TO DATE    4.97                      3.29   1.68     1.19
  SINCE MAR 1     10.33                     10.97  -0.64     7.91
  SINCE JAN 1     16.80                     16.68   0.12    14.74

SNOWFALL (IN)
  YESTERDAY       MM            MM      MM  MM     MM       MM
  MONTH TO DATE   MM                        MM     MM       MM
  SINCE MAR 1     MM                        MM     MM       MM
  SINCE JUL 1     MM                        MM     MM       MM
  SNOW DEPTH      MM

DEGREE DAYS
 HEATING
  YESTERDAY        0                         2     -2        0
  MONTH TO DATE  159                       131     28       63
  SINCE MAR 1    981                      1111   -130     1128
  SINCE JUL 1   3659                      4391   -732     4616

 COOLING
  YESTERDAY        6                         4      2       10
  MONTH TO DATE   53                        66    -13      144
  SINCE MAR 1     74                        86    -12      149
  SINCE JAN 1     74                        86    -12      149
..................................................................


WIND (MPH)
  HIGHEST WIND SPEED    17   HIGHEST WIND DIRECTION     S (160)
  HIGHEST GUST SPEED    21   HIGHEST GUST DIRECTION     S (170)
  AVERAGE WIND SPEED     5.8


SKY COVER
  POSSIBLE SUNSHINE  MM
  AVERAGE SKY COVER 0.5


WEATHER CONDITIONS
 THE FOLLOWING WEATHER WAS RECORDED YESTERDAY.
  LIGHT RAIN
  FOG


RELATIVE HUMIDITY (PERCENT)
 HIGHEST    97           100 AM
 LOWEST     65          1100 AM
 AVERAGE    81

..........................................................


THE GEORGETOWN DE CLIMATE NORMALS FOR TODAY
                         NORMAL    RECORD    YEAR
 MAXIMUM TEMPERATURE (F)   78        95      2011
 MINIMUM TEMPERATURE (F)   58        40      1949


SUNRISE AND SUNSET
MAY 30 2016...........SUNRISE   539 AM EDT   SUNSET   819 PM EDT
MAY 31 2016...........SUNRISE   539 AM EDT   SUNSET   820 PM EDT


-  INDICATES NEGATIVE NUMBERS.
R  INDICATES RECORD WAS SET OR TIED.
MM INDICATES DATA IS MISSING.
T  INDICATES TRACE AMOUNT.




$$
