000
CDUS41 KPHI 280547
CLIGED


CLIMATE REPORT
NATIONAL WEATHER SERVICE MOUNT HOLLY NJ
147 AM EDT FRI JUL 28 2017


...................................

...THE GEORGETOWN DE CLIMATE SUMMARY FOR JULY 27 2017...

CLIMATE NORMAL PERIOD 1981 TO 2010
CLIMATE RECORD PERIOD 1948 TO 2017


WEATHER ITEM   OBSERVED TIME   RECORD YEAR NORMAL DEPARTURE LAST
                VALUE   (LST)  VALUE       VALUE  FROM      YEAR
                                                  NORMAL
..................................................................
TEMPERATURE (F)
 YESTERDAY
  MAXIMUM         85   1246 PM  98    2005  86     -1       95
  MINIMUM         66    226 AM  51    1962  68     -2       76
  AVERAGE         76                        77     -1       86

PRECIPITATION (IN)
  YESTERDAY        0.00          1.46 1956   0.12  -0.12     0.00
  MONTH TO DATE    5.42                      3.64   1.78     1.35
  SINCE JUN 1      7.23                      8.25  -1.02     4.34
  SINCE JAN 1     23.41                     25.19  -1.78    22.57

DEGREE DAYS
 HEATING
  YESTERDAY        0                         0      0        0
  MONTH TO DATE    0                         0      0        0
  SINCE JUN 1     12                        13     -1        1
  SINCE JUL 1      0                         0      0        0

 COOLING
  YESTERDAY       11                        12     -1       21
  MONTH TO DATE  427                       319    108      410
  SINCE JUN 1    733                       558    175      629
  SINCE JAN 1    879                       652    227      719
..................................................................


WIND (MPH)
  HIGHEST WIND SPEED    15   HIGHEST WIND DIRECTION    SW (210)
  HIGHEST GUST SPEED    20   HIGHEST GUST DIRECTION    SW (210)
  AVERAGE WIND SPEED     5.8


SKY COVER
  POSSIBLE SUNSHINE  MM
  AVERAGE SKY COVER 0.5


WEATHER CONDITIONS
 THE FOLLOWING WEATHER WAS RECORDED YESTERDAY.
  NO SIGNIFICANT WEATHER WAS OBSERVED.


RELATIVE HUMIDITY (PERCENT)
 HIGHEST    93          1200 AM
 LOWEST     65          1200 PM
 AVERAGE    79

..........................................................


THE GEORGETOWN DE CLIMATE NORMALS FOR TODAY
                         NORMAL    RECORD    YEAR
 MAXIMUM TEMPERATURE (F)   86        99      1949
 MINIMUM TEMPERATURE (F)   68        47      1977


SUNRISE AND SUNSET
JULY 28 2017..........SUNRISE   600 AM EDT   SUNSET   816 PM EDT
JULY 29 2017..........SUNRISE   601 AM EDT   SUNSET   815 PM EDT


-  INDICATES NEGATIVE NUMBERS.
R  INDICATES RECORD WAS SET OR TIED.
MM INDICATES DATA IS MISSING.
T  INDICATES TRACE AMOUNT.




$$
