000
CDUS41 KPHI 190546
CLIGED


CLIMATE REPORT
NATIONAL WEATHER SERVICE MOUNT HOLLY NJ
144 AM EDT TUE SEP 19 2017


...................................

...THE GEORGETOWN DE CLIMATE SUMMARY FOR SEPTEMBER 18 2017...

CLIMATE NORMAL PERIOD 1981 TO 2010
CLIMATE RECORD PERIOD 1948 TO 2017


WEATHER ITEM   OBSERVED TIME   RECORD YEAR NORMAL DEPARTURE LAST
                VALUE   (LST)  VALUE       VALUE  FROM      YEAR
                                                  NORMAL
..................................................................
TEMPERATURE (F)
 YESTERDAY
  MAXIMUM         77    407 PM  92    1991  77      0       90
  MINIMUM         70    405 AM  38    1986  58     12       66
  AVERAGE         74                        68      6       78

PRECIPITATION (IN)
  YESTERDAY        0.01          1.74 2003   0.11  -0.10     0.00
  MONTH TO DATE    1.62                      2.64  -1.02     0.48
  SINCE SEP 1      1.62                      2.64  -1.02     0.48
  SINCE JAN 1     35.63                     31.91   3.72    29.84

DEGREE DAYS
 HEATING
  YESTERDAY        0                         1     -1        0
  MONTH TO DATE    4                         8     -4        0
  SINCE SEP 1      4                         8     -4        0
  SINCE JUL 1      4                         9     -5        0

 COOLING
  YESTERDAY        9                         4      5       13
  MONTH TO DATE   94                       109    -15      178
  SINCE SEP 1     94                       109    -15      178
  SINCE JAN 1   1327                      1138    189     1392
..................................................................


WIND (MPH)
  HIGHEST WIND SPEED    18   HIGHEST WIND DIRECTION    NE (50)
  HIGHEST GUST SPEED    25   HIGHEST GUST DIRECTION    NE (50)
  AVERAGE WIND SPEED    11.1


SKY COVER
  POSSIBLE SUNSHINE  MM
  AVERAGE SKY COVER 1.0


WEATHER CONDITIONS
 THE FOLLOWING WEATHER WAS RECORDED YESTERDAY.
  LIGHT RAIN
  FOG


RELATIVE HUMIDITY (PERCENT)
 HIGHEST    93           800 AM
 LOWEST     69           400 PM
 AVERAGE    81

..........................................................


THE GEORGETOWN DE CLIMATE NORMALS FOR TODAY
                         NORMAL    RECORD    YEAR
 MAXIMUM TEMPERATURE (F)   77        91      1978
 MINIMUM TEMPERATURE (F)   58        37      1984


SUNRISE AND SUNSET
SEPTEMBER 19 2017.....SUNRISE   647 AM EDT   SUNSET   703 PM EDT
SEPTEMBER 20 2017.....SUNRISE   648 AM EDT   SUNSET   701 PM EDT


-  INDICATES NEGATIVE NUMBERS.
R  INDICATES RECORD WAS SET OR TIED.
MM INDICATES DATA IS MISSING.
T  INDICATES TRACE AMOUNT.




$$
