000
CDUS41 KPHI 210547
CLIGED


CLIMATE REPORT
NATIONAL WEATHER SERVICE MOUNT HOLLY NJ
1246 AM EST TUE NOV 21 2017


...................................

...THE GEORGETOWN DE CLIMATE SUMMARY FOR NOVEMBER 20 2017...

CLIMATE NORMAL PERIOD 1981 TO 2010
CLIMATE RECORD PERIOD 1948 TO 2017


WEATHER ITEM   OBSERVED TIME   RECORD YEAR NORMAL DEPARTURE LAST
                VALUE   (LST)  VALUE       VALUE  FROM      YEAR
                                                  NORMAL
..................................................................
TEMPERATURE (F)
 YESTERDAY
  MAXIMUM         50    339 PM  75    1985  57     -7       47
  MINIMUM         35   1115 PM  20    1959  37     -2       38
  AVERAGE         43                        47     -4       43

PRECIPITATION (IN)
  YESTERDAY        0.00          1.44 1972   0.11  -0.11      T
  MONTH TO DATE    1.47                      2.26  -0.79     0.23
  SINCE SEP 1      7.09                     10.11  -3.02    15.79
  SINCE JAN 1     41.10                     39.38   1.72    45.15

DEGREE DAYS
 HEATING
  YESTERDAY       22                        18      4       22
  MONTH TO DATE  289                       301    -12      274
  SINCE SEP 1    429                       586   -157      451
  SINCE JUL 1    429                       587   -158      451

 COOLING
  YESTERDAY        0                         0      0        0
  MONTH TO DATE    6                         0      6        5
  SINCE SEP 1    284                       165    119      290
  SINCE JAN 1   1517                      1194    323     1504
..................................................................


WIND (MPH)
  HIGHEST WIND SPEED    17   HIGHEST WIND DIRECTION     W (290)
  HIGHEST GUST SPEED    29   HIGHEST GUST DIRECTION     W (290)
  AVERAGE WIND SPEED     7.7


SKY COVER
  POSSIBLE SUNSHINE  MM
  AVERAGE SKY COVER 0.2


WEATHER CONDITIONS
 THE FOLLOWING WEATHER WAS RECORDED YESTERDAY.
  NO SIGNIFICANT WEATHER WAS OBSERVED.


RELATIVE HUMIDITY (PERCENT)
 HIGHEST    76          1100 PM
 LOWEST     34           200 PM
 AVERAGE    55

..........................................................


THE GEORGETOWN DE CLIMATE NORMALS FOR TODAY
                         NORMAL    RECORD    YEAR
 MAXIMUM TEMPERATURE (F)   57        75      1985
 MINIMUM TEMPERATURE (F)   37        17      1951


SUNRISE AND SUNSET
NOVEMBER 21 2017......SUNRISE   650 AM EST   SUNSET   444 PM EST
NOVEMBER 22 2017......SUNRISE   651 AM EST   SUNSET   444 PM EST


-  INDICATES NEGATIVE NUMBERS.
R  INDICATES RECORD WAS SET OR TIED.
MM INDICATES DATA IS MISSING.
T  INDICATES TRACE AMOUNT.




$$
