000
CDUS41 KPHI 300635
CLIGED


CLIMATE REPORT
NATIONAL WEATHER SERVICE MOUNT HOLLY NJ
235 AM EDT THU MAR 30 2017


...................................

...THE GEORGETOWN DE CLIMATE SUMMARY FOR MARCH 29 2017...

CLIMATE NORMAL PERIOD 1981 TO 2010
CLIMATE RECORD PERIOD 1948 TO 2017


WEATHER ITEM   OBSERVED TIME   RECORD YEAR NORMAL DEPARTURE LAST
                VALUE   (LST)  VALUE       VALUE  FROM      YEAR
                                                  NORMAL
..................................................................
TEMPERATURE (F)
 YESTERDAY
  MAXIMUM         65    315 PM  82    1968  59      6       59
  MINIMUM         46   1158 PM  20    1982  39      7       39
  AVERAGE         56                        49      7       49

PRECIPITATION (IN)
  YESTERDAY        0.00          1.96 1984   0.16  -0.16     0.00
  MONTH TO DATE    3.36                      3.74  -0.38     1.54
  SINCE MAR 1      3.36                      3.74  -0.38     1.54
  SINCE JAN 1      7.60                      9.45  -1.85     8.01

DEGREE DAYS
 HEATING
  YESTERDAY        9                        16     -7       16
  MONTH TO DATE  584                       600    -16      429
  SINCE MAR 1    584                       600    -16      429
  SINCE JUL 1   3269                      3880   -611     3107

 COOLING
  YESTERDAY        0                         0      0        0
  MONTH TO DATE    3                         0      3        2
  SINCE MAR 1      3                         0      3        2
  SINCE JAN 1      3                         0      3        2
..................................................................


WIND (MPH)
  HIGHEST WIND SPEED    18   HIGHEST WIND DIRECTION     N (20)
  HIGHEST GUST SPEED    24   HIGHEST GUST DIRECTION    NE (30)
  AVERAGE WIND SPEED     8.2


SKY COVER
  POSSIBLE SUNSHINE  MM
  AVERAGE SKY COVER 0.4


WEATHER CONDITIONS
 THE FOLLOWING WEATHER WAS RECORDED YESTERDAY.
  NO SIGNIFICANT WEATHER WAS OBSERVED.


RELATIVE HUMIDITY (PERCENT)
 HIGHEST    89           200 AM
 LOWEST     34           300 PM
 AVERAGE    62

..........................................................


THE GEORGETOWN DE CLIMATE NORMALS FOR TODAY
                         NORMAL    RECORD    YEAR
 MAXIMUM TEMPERATURE (F)   59        83      1989
 MINIMUM TEMPERATURE (F)   39        26      1983


SUNRISE AND SUNSET
MARCH 30 2017.........SUNRISE   649 AM EDT   SUNSET   723 PM EDT
MARCH 31 2017.........SUNRISE   647 AM EDT   SUNSET   724 PM EDT


-  INDICATES NEGATIVE NUMBERS.
R  INDICATES RECORD WAS SET OR TIED.
MM INDICATES DATA IS MISSING.
T  INDICATES TRACE AMOUNT.




$$
