000
CDUS41 KPHI 240628
CLIGED


CLIMATE REPORT
NATIONAL WEATHER SERVICE MOUNT HOLLY NJ
227 AM EDT WED AUG 24 2016


...................................

...THE GEORGETOWN DE CLIMATE SUMMARY FOR AUGUST 23 2016...

CLIMATE NORMAL PERIOD 1981 TO 2010
CLIMATE RECORD PERIOD 1948 TO 2016


WEATHER ITEM   OBSERVED TIME   RECORD YEAR NORMAL DEPARTURE LAST
                VALUE   (LST)  VALUE       VALUE  FROM      YEAR
                                                  NORMAL
..................................................................
TEMPERATURE (F)
 YESTERDAY
  MAXIMUM         81    343 PM  94    1968  84     -3       84
  MINIMUM         58    554 AM  50    1956  66     -8       59
  AVERAGE         70                        75     -5       72

PRECIPITATION (IN)
  YESTERDAY        0.00          2.65 1974   0.14  -0.14     0.00
  MONTH TO DATE    3.88                      2.56   1.32     2.32
  SINCE JUN 1     11.13                     11.36  -0.23    10.46
  SINCE JAN 1     29.36                     28.30   1.06    25.20

SNOWFALL (IN)
  YESTERDAY       MM            MM      MM  MM     MM       MM
  MONTH TO DATE   MM                        MM     MM       MM
  SINCE JUN 1     MM                        MM     MM       MM
  SINCE JUL 1     MM                        MM     MM       MM
  SNOW DEPTH      MM

DEGREE DAYS
 HEATING
  YESTERDAY        0                         0      0        0
  MONTH TO DATE    0                         0      0        0
  SINCE JUN 1      1                        13    -12       21
  SINCE JUL 1      0                         0      0        0

 COOLING
  YESTERDAY        5                        10     -5        7
  MONTH TO DATE  332                       257     75      250
  SINCE JUN 1   1027                       863    164      923
  SINCE JAN 1   1117                       957    160     1098
..................................................................


WIND (MPH)
  HIGHEST WIND SPEED    12   HIGHEST WIND DIRECTION    NE (50)
  HIGHEST GUST SPEED    14   HIGHEST GUST DIRECTION    NE (40)
  AVERAGE WIND SPEED     3.1


SKY COVER
  POSSIBLE SUNSHINE  MM
  AVERAGE SKY COVER 0.0


WEATHER CONDITIONS
 THE FOLLOWING WEATHER WAS RECORDED YESTERDAY.
  NO SIGNIFICANT WEATHER WAS OBSERVED.


RELATIVE HUMIDITY (PERCENT)
 HIGHEST    93           600 AM
 LOWEST     39          1100 AM
 AVERAGE    66

..........................................................


THE GEORGETOWN DE CLIMATE NORMALS FOR TODAY
                         NORMAL    RECORD    YEAR
 MAXIMUM TEMPERATURE (F)   84        95      1968
 MINIMUM TEMPERATURE (F)   66        48      1957


SUNRISE AND SUNSET
AUGUST 24 2016........SUNRISE   624 AM EDT   SUNSET   743 PM EDT
AUGUST 25 2016........SUNRISE   625 AM EDT   SUNSET   741 PM EDT


-  INDICATES NEGATIVE NUMBERS.
R  INDICATES RECORD WAS SET OR TIED.
MM INDICATES DATA IS MISSING.
T  INDICATES TRACE AMOUNT.




$$
