000
CDUS46 KOTX 170830
CLIGEG


CLIMATE REPORT
NATIONAL WEATHER SERVICE SPOKANE, WA
1230 AM PST WED JAN 17 2018


...................................

...THE SPOKANE WA AIRPORT CLIMATE SUMMARY FOR JANUARY 16 2018...

CLIMATE NORMAL PERIOD 1981 TO 2010
CLIMATE RECORD PERIOD 1881 TO 2018


WEATHER ITEM   OBSERVED TIME   RECORD YEAR NORMAL DEPARTURE LAST
                VALUE   (LST)  VALUE       VALUE  FROM      YEAR
                                                  NORMAL
..................................................................
TEMPERATURE (F)
 YESTERDAY
  MAXIMUM         38    342 PM  51    2011  34      4       17
  MINIMUM         30   1011 PM -30    1888  25      5       -2
  AVERAGE         34                        30      4        8

PRECIPITATION (IN)
  YESTERDAY        0.09          0.66 1908   0.06   0.03      T
                                      1890
  MONTH TO DATE    1.30                      1.01   0.29     0.95
  SINCE OCT 1      8.46                      6.79   1.67    10.24
  SINCE JAN 1      1.30                      1.01   0.29     0.95

SNOWFALL (IN)
  YESTERDAY        0.0           5.6  1982   0.4   -0.4      0.3
  MONTH TO DATE    6.7                       7.1   -0.4     11.5
  SINCE DEC 1     23.8                      21.7    2.1     30.5
  SINCE JUL 1     31.0                      29.2    1.8     33.8
  SNOW DEPTH       1

DEGREE DAYS
 HEATING
  YESTERDAY       31                        35     -4       57
  MONTH TO DATE  533                       584    -51      841
  SINCE DEC 1   1712                      1751    -39     2130
  SINCE JUL 1   3252                      3418   -166     3463

 COOLING
  YESTERDAY        0                         0      0        0
  MONTH TO DATE    0                         0      0        0
  SINCE DEC 1      0                         0      0        0
  SINCE JAN 1      0                         0      0        0
..................................................................


WIND (MPH)
  HIGHEST WIND SPEED    20   HIGHEST WIND DIRECTION     S (160)
  HIGHEST GUST SPEED    24   HIGHEST GUST DIRECTION     S (160)
  AVERAGE WIND SPEED     5.4


SKY COVER
  POSSIBLE SUNSHINE  MM
  AVERAGE SKY COVER 0.7


WEATHER CONDITIONS
 THE FOLLOWING WEATHER WAS RECORDED YESTERDAY.
  LIGHT RAIN
  FOG
  FOG W/VISIBILITY <= 1/4 MILE


RELATIVE HUMIDITY (PERCENT)
 HIGHEST   100           900 AM
 LOWEST     82          1200 AM
 AVERAGE    91

..........................................................


THE SPOKANE WA AIRPORT CLIMATE NORMALS FOR TODAY
                         NORMAL    RECORD    YEAR
 MAXIMUM TEMPERATURE (F)   35        51      1919
 MINIMUM TEMPERATURE (F)   25       -18      1950
                                             1888


SUNRISE AND SUNSET
JANUARY 17 2018.......SUNRISE   732 AM PST   SUNSET   429 PM PST
JANUARY 18 2018.......SUNRISE   731 AM PST   SUNSET   430 PM PST


-  INDICATES NEGATIVE NUMBERS.
R  INDICATES RECORD WAS SET OR TIED.
MM INDICATES DATA IS MISSING.
T  INDICATES TRACE AMOUNT.




$$
