000
CDUS46 KOTX 190823
CLIGEG


CLIMATE REPORT
NATIONAL WEATHER SERVICE SPOKANE, WA
1223 AM PST FRI DEC 19 2014


...................................

...THE SPOKANE WA AIRPORT CLIMATE SUMMARY FOR DECEMBER 18 2014...

CLIMATE NORMAL PERIOD 1981 TO 2010
CLIMATE RECORD PERIOD 1881 TO 2014


WEATHER ITEM   OBSERVED TIME   RECORD YEAR NORMAL DEPARTURE LAST
                VALUE   (LST)  VALUE       VALUE  FROM      YEAR
                                                  NORMAL
..................................................................
TEMPERATURE (F)
 YESTERDAY
  MAXIMUM         42    259 PM  57    1917  31     11       35
  MINIMUM         34    717 AM -12    1984  22     12       24
  AVERAGE         38                        26     12       30

PRECIPITATION (IN)
  YESTERDAY        T             1.24 1951   0.07  -0.07      T
  MONTH TO DATE    0.86                      1.40  -0.54     0.24
  SINCE OCT 1      3.62                      4.88  -1.26     1.89
  SINCE JAN 1     13.88                     15.66  -1.78    10.92

SNOWFALL (IN)
  YESTERDAY        0.0          11.1  2008   0.5   -0.5       T
  MONTH TO DATE    0.6                       7.8   -7.2      0.2
  SINCE DEC 1      0.6                       7.8   -7.2      0.2
  SINCE JUL 1      1.1                      15.3  -14.2      3.3
  SNOW DEPTH       0

DEGREE DAYS
 HEATING
  YESTERDAY       27                        38    -11       35
  MONTH TO DATE  537                       667   -130      728
  SINCE DEC 1    537                       667   -130      728
  SINCE JUL 1   1906                      2334   -428     2383

 COOLING
  YESTERDAY        0                         0      0        0
  MONTH TO DATE    0                         0      0        0
  SINCE DEC 1      0                         0      0        0
  SINCE JAN 1    654                       450    204      709
..................................................................


WIND (MPH)
  HIGHEST WIND SPEED     8   HIGHEST WIND DIRECTION     S (190)
  HIGHEST GUST SPEED    10   HIGHEST GUST DIRECTION     S (190)
  AVERAGE WIND SPEED     4.4


SKY COVER
  POSSIBLE SUNSHINE  MM
  AVERAGE SKY COVER 0.9


WEATHER CONDITIONS
 THE FOLLOWING WEATHER WAS RECORDED YESTERDAY.
  LIGHT RAIN
  FOG


RELATIVE HUMIDITY (PERCENT)
 HIGHEST   100           400 AM
 LOWEST     76           200 PM
 AVERAGE    88

..........................................................


THE SPOKANE WA AIRPORT CLIMATE NORMALS FOR TODAY
                         NORMAL    RECORD    YEAR
 MAXIMUM TEMPERATURE (F)   31        54      1936
 MINIMUM TEMPERATURE (F)   22        -7      1983
                                             1924


SUNRISE AND SUNSET
DECEMBER 19 2014......SUNRISE   735 AM PST   SUNSET   400 PM PST
DECEMBER 20 2014......SUNRISE   735 AM PST   SUNSET   401 PM PST


-  INDICATES NEGATIVE NUMBERS.
R  INDICATES RECORD WAS SET OR TIED.
MM INDICATES DATA IS MISSING.
T  INDICATES TRACE AMOUNT.




$$
