000
CDUS46 KOTX 282346
CLIGEG


CLIMATE REPORT
NATIONAL WEATHER SERVICE SPOKANE, WA
446 PM PDT TUE JUL 28 2015


...................................

...THE SPOKANE WA AIRPORT CLIMATE SUMMARY FOR JULY 28 2015...
VALID AS OF 0400 PM LOCAL TIME.

CLIMATE NORMAL PERIOD 1981 TO 2010
CLIMATE RECORD PERIOD 1881 TO 2015


WEATHER ITEM   OBSERVED TIME   RECORD YEAR NORMAL DEPARTURE LAST
                VALUE   (LST)  VALUE       VALUE  FROM      YEAR
                                                  NORMAL
..................................................................
TEMPERATURE (F)
 TODAY
  MAXIMUM         80    248 PM 102    1939  86     -6       98
  MINIMUM         49    517 AM  44    1959  58     -9       69
  AVERAGE         65                        72     -7       84

PRECIPITATION (IN)
  TODAY            0.00          0.33 1948   0.01  -0.01      T
  MONTH TO DATE    0.19                      0.59  -0.40     0.18
  SINCE OCT 1     11.75                     15.25  -3.50    11.75
  SINCE JAN 1      7.02                      9.47  -2.45     9.42

SNOWFALL (IN)
  TODAY            0.0           0.0  2002   0.0    0.0      0.0
                                      2001
                                      2000
  MONTH TO DATE    0.0                       0.0    0.0      0.0
  SINCE JUN 1      0.0                       0.0    0.0      0.0
  SINCE JUL 1      0.0                       0.0    0.0      0.0
  SNOW DEPTH      MM

DEGREE DAYS
 HEATING
  TODAY            0                         0      0        0
  MONTH TO DATE    5                        31    -26        7
  SINCE JUN 1     30                       167   -137      113
  SINCE JUL 1      5                        31    -26        7

 COOLING
  TODAY            0                         7     -7       19
  MONTH TO DATE  262                       157    105      291
  SINCE JUN 1    487                       206    281      305
  SINCE JAN 1    519                       220    299      311
..................................................................


WIND (MPH)
  HIGHEST WIND SPEED    16   HIGHEST WIND DIRECTION    SW (240)
  HIGHEST GUST SPEED    20   HIGHEST GUST DIRECTION    SW (230)
  AVERAGE WIND SPEED     7.6


SKY COVER
  POSSIBLE SUNSHINE  MM
  AVERAGE SKY COVER 0.3


WEATHER CONDITIONS
 THE FOLLOWING WEATHER WAS RECORDED TODAY.
  NO SIGNIFICANT WEATHER WAS OBSERVED.


RELATIVE HUMIDITY (PERCENT)
 HIGHEST    77           500 AM
 LOWEST     21           300 PM
 AVERAGE    49

..........................................................


THE SPOKANE WA AIRPORT CLIMATE NORMALS FOR TOMORROW
                         NORMAL    RECORD    YEAR
 MAXIMUM TEMPERATURE (F)   86       100      2014
 MINIMUM TEMPERATURE (F)   58        45      1917


SUNRISE AND SUNSET
JULY 28 2015..........SUNRISE   522 AM PDT   SUNSET   830 PM PDT
JULY 29 2015..........SUNRISE   524 AM PDT   SUNSET   829 PM PDT


-  INDICATES NEGATIVE NUMBERS.
R  INDICATES RECORD WAS SET OR TIED.
MM INDICATES DATA IS MISSING.
T  INDICATES TRACE AMOUNT.




$$
