000
CDUS46 KOTX 150427
CLIGEG


CLIMATE REPORT
NATIONAL WEATHER SERVICE SPOKANE, WA
927 PM PDT SUN SEP 14 2014


...................................

...THE SPOKANE WA AIRPORT CLIMATE SUMMARY FOR SEPTEMBER 14 2014...
VALID TODAY AS OF 0800 PM LOCAL TIME.

CLIMATE NORMAL PERIOD 1981 TO 2010
CLIMATE RECORD PERIOD 1881 TO 2014


WEATHER ITEM   OBSERVED TIME   RECORD YEAR NORMAL DEPARTURE LAST
                VALUE   (LST)  VALUE       VALUE  FROM      YEAR
                                                  NORMAL
..................................................................
TEMPERATURE (F)
 TODAY
  MAXIMUM         78    432 PM  92    1938  74      4       91
  MINIMUM         43    408 AM  26    1889  48     -5       63
  AVERAGE         61                        61      0       77

PRECIPITATION (IN)
  TODAY            0.00          0.43 1985   0.02  -0.02     0.00
  MONTH TO DATE    0.22                      0.29  -0.07     0.30
  SINCE OCT 1     12.55                     16.18  -3.63    15.13
  SINCE JAN 1     10.22                     10.40  -0.18     7.77

DEGREE DAYS
 HEATING
  TODAY            4                         5     -1        0
  MONTH TO DATE   68                        54     14        9
  SINCE SEP 1     68                        54     14        9
  SINCE JUL 1     80                       119    -39       16

 COOLING
  TODAY            0                         1     -1       12
  MONTH TO DATE    7                        27    -20       97
  SINCE SEP 1      7                        27    -20       97
  SINCE JAN 1    613                       438    175      698
..................................................................


WIND (MPH)
  HIGHEST WIND SPEED    12   HIGHEST WIND DIRECTION    NE (60)
  HIGHEST GUST SPEED    14   HIGHEST GUST DIRECTION    NE (60)
  AVERAGE WIND SPEED     3.2


SKY COVER
  POSSIBLE SUNSHINE  MM
  AVERAGE SKY COVER 0.2


WEATHER CONDITIONS
 THE FOLLOWING WEATHER WAS RECORDED TODAY.
  HAZE


RELATIVE HUMIDITY (PERCENT)
 HIGHEST    58           400 AM
 LOWEST     16           300 PM
 AVERAGE    37

..........................................................


THE SPOKANE WA AIRPORT CLIMATE NORMALS FOR TOMORROW
                         NORMAL    RECORD    YEAR
 MAXIMUM TEMPERATURE (F)   73        93      1937
 MINIMUM TEMPERATURE (F)   48        33      1970


SUNRISE AND SUNSET
SEPTEMBER 14 2014.....SUNRISE   626 AM PDT   SUNSET   704 PM PDT
SEPTEMBER 15 2014.....SUNRISE   627 AM PDT   SUNSET   702 PM PDT


-  INDICATES NEGATIVE NUMBERS.
R  INDICATES RECORD WAS SET OR TIED.
MM INDICATES DATA IS MISSING.
T  INDICATES TRACE AMOUNT.




$$
