000
CDUS46 KOTX 030429
CLIGEG


CLIMATE REPORT
NATIONAL WEATHER SERVICE SPOKANE, WA
928 PM PDT TUE SEP 2 2014


...................................

...THE SPOKANE WA AIRPORT CLIMATE SUMMARY FOR SEPTEMBER 2 2014...
VALID TODAY AS OF 0800 PM LOCAL TIME.

CLIMATE NORMAL PERIOD 1981 TO 2010
CLIMATE RECORD PERIOD 1881 TO 2014


WEATHER ITEM   OBSERVED TIME   RECORD YEAR NORMAL DEPARTURE LAST
                VALUE   (LST)  VALUE       VALUE  FROM      YEAR
                                                  NORMAL
..................................................................
TEMPERATURE (F)
 TODAY
  MAXIMUM         75    357 PM  97    1988  78     -3       82
  MINIMUM         50    545 AM  37    1999  52     -2       61
  AVERAGE         63                        65     -2       72

PRECIPITATION (IN)
  TODAY            0.00          0.50 1890   0.02  -0.02     0.01
  MONTH TO DATE    0.00                      0.04  -0.04     0.01
  SINCE OCT 1     12.33                     15.93  -3.60    14.84
  SINCE JAN 1     10.00                     10.15  -0.15     7.48

DEGREE DAYS
 HEATING
  TODAY            2                         3     -1        0
  MONTH TO DATE    7                         6      1        0
  SINCE SEP 1      7                         6      1        0
  SINCE JUL 1     19                        71    -52        7

 COOLING
  TODAY            0                         3     -3        7
  MONTH TO DATE    0                         6     -6       16
  SINCE SEP 1      0                         6     -6       16
  SINCE JAN 1    606                       417    189      617
..................................................................


WIND (MPH)
  HIGHEST WIND SPEED    23   HIGHEST WIND DIRECTION    SW (240)
  HIGHEST GUST SPEED    33   HIGHEST GUST DIRECTION    SW (220)
  AVERAGE WIND SPEED    12.8


SKY COVER
  POSSIBLE SUNSHINE  MM
  AVERAGE SKY COVER 0.6


WEATHER CONDITIONS
 THE FOLLOWING WEATHER WAS RECORDED TODAY.
  NO SIGNIFICANT WEATHER WAS OBSERVED.


RELATIVE HUMIDITY (PERCENT)
 HIGHEST    63           400 AM
 LOWEST     29           300 PM
 AVERAGE    46

..........................................................


THE SPOKANE WA AIRPORT CLIMATE NORMALS FOR TOMORROW
                         NORMAL    RECORD    YEAR
 MAXIMUM TEMPERATURE (F)   78        98      1988
 MINIMUM TEMPERATURE (F)   52        39      1980
                                             1884


SUNRISE AND SUNSET
SEPTEMBER  2 2014.....SUNRISE   610 AM PDT   SUNSET   728 PM PDT
SEPTEMBER  3 2014.....SUNRISE   611 AM PDT   SUNSET   726 PM PDT


-  INDICATES NEGATIVE NUMBERS.
R  INDICATES RECORD WAS SET OR TIED.
MM INDICATES DATA IS MISSING.
T  INDICATES TRACE AMOUNT.




$$
