000
CDUS46 KOTX 050828
CLIGEG


CLIMATE REPORT
NATIONAL WEATHER SERVICE SPOKANE, WA
1227 AM PST THU MAR 5 2015


...................................

...THE SPOKANE WA AIRPORT CLIMATE SUMMARY FOR MARCH 4 2015...

CLIMATE NORMAL PERIOD 1981 TO 2010
CLIMATE RECORD PERIOD 1881 TO 2015


WEATHER ITEM   OBSERVED TIME   RECORD YEAR NORMAL DEPARTURE LAST
                VALUE   (LST)  VALUE       VALUE  FROM      YEAR
                                                  NORMAL
..................................................................
TEMPERATURE (F)
 YESTERDAY
  MAXIMUM         45    349 PM  63    1987  45      0       45
  MINIMUM         19    617 AM  -7    1891  29    -10       33
  AVERAGE         32                        37     -5       39

PRECIPITATION (IN)
  YESTERDAY        0.00          0.61 1932   0.05  -0.05      T
  MONTH TO DATE    0.04                      0.22  -0.18     0.74
  SINCE OCT 1      7.72                      9.12  -1.40     5.89
  SINCE JAN 1      2.99                      3.34  -0.35     3.56

SNOWFALL (IN)
  YESTERDAY        0.0           6.0  1939   0.1   -0.1      0.0
  MONTH TO DATE    0.9                       0.6    0.3      5.8
  SINCE MAR 1      0.9                       0.6    0.3      5.8
  SINCE JUL 1     16.6                      40.9  -24.3     37.6
  SNOW DEPTH       0

DEGREE DAYS
 HEATING
  YESTERDAY       33                        28      5       26
  MONTH TO DATE  134                       115     19      161
  SINCE MAR 1    134                       115     19      161
  SINCE JUL 1   4256                      4944   -688     5204

 COOLING
  YESTERDAY        0                         0      0        0
  MONTH TO DATE    0                         0      0        0
  SINCE MAR 1      0                         0      0        0
  SINCE JAN 1      0                         0      0        0
..................................................................


WIND (MPH)
  HIGHEST WIND SPEED    15   HIGHEST WIND DIRECTION    SW (230)
  HIGHEST GUST SPEED    19   HIGHEST GUST DIRECTION     S (200)
  AVERAGE WIND SPEED     6.7


SKY COVER
  POSSIBLE SUNSHINE  MM
  AVERAGE SKY COVER 0.2


WEATHER CONDITIONS
 THE FOLLOWING WEATHER WAS RECORDED YESTERDAY.
  NO SIGNIFICANT WEATHER WAS OBSERVED.


RELATIVE HUMIDITY (PERCENT)
 HIGHEST    68           700 AM
 LOWEST     30           100 PM
 AVERAGE    49

..........................................................


THE SPOKANE WA AIRPORT CLIMATE NORMALS FOR TODAY
                         NORMAL    RECORD    YEAR
 MAXIMUM TEMPERATURE (F)   45        61      1987
                                             1905
 MINIMUM TEMPERATURE (F)   29         0      1891


SUNRISE AND SUNSET
MARCH  5 2015.........SUNRISE   623 AM PST   SUNSET   541 PM PST
MARCH  6 2015.........SUNRISE   621 AM PST   SUNSET   542 PM PST


-  INDICATES NEGATIVE NUMBERS.
R  INDICATES RECORD WAS SET OR TIED.
MM INDICATES DATA IS MISSING.
T  INDICATES TRACE AMOUNT.




$$
