842
CDUS45 KRIW 240740
CLIGEY


CLIMATE REPORT
NATIONAL WEATHER SERVICE RIVERTON WY
130 AM MDT SUN JUL 24 2016


...................................

...THE GREYBULL WY CLIMATE SUMMARY FOR JULY 23 2016...

CLIMATE NORMAL PERIOD 1981 TO 2010
CLIMATE RECORD PERIOD 1998 TO 2016


WEATHER ITEM   OBSERVED TIME   RECORD YEAR NORMAL DEPARTURE LAST
                VALUE   (LST)  VALUE       VALUE  FROM      YEAR
                                                  NORMAL
..................................................................
TEMPERATURE (F)
 YESTERDAY
  MAXIMUM         91    428 PM 105    2007  92     -1       91
                                      2003
  MINIMUM         67    417 AM  54    2004  58      9       64
  AVERAGE         79                        75      4       78

PRECIPITATION (IN)
  YESTERDAY        0.00          0.30 2004   0.01  -0.01      T
  MONTH TO DATE    0.06                      0.53  -0.47      T
  SINCE JUN 1      0.23                      1.73  -1.50     0.25
  SINCE JAN 1      2.52                      4.90  -2.38     1.83

DEGREE DAYS
 HEATING
  YESTERDAY        0                         0      0        0
  MONTH TO DATE    2                         1      1        0
  SINCE JUN 1      7                        71    -64        0
  SINCE JUL 1      2                         1      1        0

 COOLING
  YESTERDAY       14                        10      4       13
  MONTH TO DATE  217                       198     19      203
  SINCE JUN 1    479                       304    175      448
  SINCE JAN 1    490                       324    166      453
..................................................................


WIND (MPH)
  HIGHEST WIND SPEED    23   HIGHEST WIND DIRECTION    NW (330)
  HIGHEST GUST SPEED    28   HIGHEST GUST DIRECTION    NW (310)
  AVERAGE WIND SPEED    12.0


SKY COVER
  POSSIBLE SUNSHINE  MM
  AVERAGE SKY COVER 0.0


WEATHER CONDITIONS
 THE FOLLOWING WEATHER WAS RECORDED YESTERDAY.
  HAZE


RELATIVE HUMIDITY (PERCENT)
 HIGHEST    35           300 AM
 LOWEST     12           300 PM
 AVERAGE    24

..........................................................


THE GREYBULL WY CLIMATE NORMALS FOR TODAY
                         NORMAL    RECORD    YEAR
 MAXIMUM TEMPERATURE (F)   92       105      2014
 MINIMUM TEMPERATURE (F)   58        49      2004


SUNRISE AND SUNSET
JULY 24 2016..........SUNRISE   551 AM MDT   SUNSET   846 PM MDT
JULY 25 2016..........SUNRISE   552 AM MDT   SUNSET   845 PM MDT


-  INDICATES NEGATIVE NUMBERS.
R  INDICATES RECORD WAS SET OR TIED.
MM INDICATES DATA IS MISSING.
T  INDICATES TRACE AMOUNT.




$$
