000
CDUS45 KRIW 290733
CLIGEY


CLIMATE REPORT
NATIONAL WEATHER SERVICE RIVERTON WY
132 AM MDT TUE JUL 29 2014


...................................

...THE GREYBULL WY CLIMATE SUMMARY FOR JULY 28 2014...

CLIMATE NORMAL PERIOD 1981 TO 2010
CLIMATE RECORD PERIOD 1998 TO 2014


WEATHER ITEM   OBSERVED TIME   RECORD YEAR NORMAL DEPARTURE LAST
                VALUE   (LST)  VALUE       VALUE  FROM      YEAR
                                                  NORMAL
..................................................................
TEMPERATURE (F)
 YESTERDAY
  MAXIMUM         98    459 PM 104    1999  92      6       87
  MINIMUM         56    503 AM  50    2002  58     -2       62
  AVERAGE         77                        75      2       75

PRECIPITATION (IN)
  YESTERDAY        0.00          0.05 2004   0.01  -0.01     0.01
  MONTH TO DATE    0.21                      0.61  -0.40     0.30
  SINCE JUN 1      1.15                      1.81  -0.66     0.70
  SINCE JAN 1      2.85                      4.98  -2.13     2.60

DEGREE DAYS
 HEATING
  YESTERDAY        0                         0      0        0
  MONTH TO DATE    0                         1     -1        0
  SINCE JUN 1     56                        71    -15       36
  SINCE JUL 1      0                         1     -1        0

 COOLING
  YESTERDAY       12                        10      2       10
  MONTH TO DATE  322                       248     74      366
  SINCE JUN 1    371                       354     17      539
  SINCE JAN 1    413                       374     39      566
..................................................................


WIND (MPH)
  HIGHEST WIND SPEED    25   HIGHEST WIND DIRECTION     N (340)
  HIGHEST GUST SPEED    32   HIGHEST GUST DIRECTION     N (340)
  AVERAGE WIND SPEED     5.9


SKY COVER
  POSSIBLE SUNSHINE  MM
  AVERAGE SKY COVER 0.0


WEATHER CONDITIONS
 THE FOLLOWING WEATHER WAS RECORDED YESTERDAY.
  NO SIGNIFICANT WEATHER WAS OBSERVED.


RELATIVE HUMIDITY (PERCENT)
 HIGHEST    72           500 AM
 LOWEST     10           500 PM
 AVERAGE    41

..........................................................


THE GREYBULL WY CLIMATE NORMALS FOR TODAY
                         NORMAL    RECORD    YEAR
 MAXIMUM TEMPERATURE (F)   92       103      2006
 MINIMUM TEMPERATURE (F)   58        53      2009


SUNRISE AND SUNSET
JULY 29 2014..........SUNRISE   556 AM MDT   SUNSET   841 PM MDT
JULY 30 2014..........SUNRISE   557 AM MDT   SUNSET   840 PM MDT


-  INDICATES NEGATIVE NUMBERS.
R  INDICATES RECORD WAS SET OR TIED.
MM INDICATES DATA IS MISSING.
T  INDICATES TRACE AMOUNT.




$$
