000
CDUS45 KRIW 070742
CLIGEY


CLIMATE REPORT
NATIONAL WEATHER SERVICE RIVERTON WY
130 AM MDT TUE JUL 7 2015


...................................

...THE GREYBULL WY CLIMATE SUMMARY FOR JULY 6 2015...

CLIMATE NORMAL PERIOD 1981 TO 2010
CLIMATE RECORD PERIOD 1998 TO 2015


WEATHER ITEM   OBSERVED TIME   RECORD YEAR NORMAL DEPARTURE LAST
                VALUE   (LST)  VALUE       VALUE  FROM      YEAR
                                                  NORMAL
..................................................................
TEMPERATURE (F)
 YESTERDAY
  MAXIMUM         77    543 PM 104    2007  89    -12       97
  MINIMUM         54    509 AM  47    2004  56     -2       65
  AVERAGE         66                        72     -6       81

PRECIPITATION (IN)
  YESTERDAY        0.00          0.21 2013   0.03  -0.03     0.00
  MONTH TO DATE    T                         0.18  -0.18      T
  SINCE JUN 1      0.25                      1.38  -1.13     0.94
  SINCE JAN 1      1.83                      4.55  -2.72     2.64

DEGREE DAYS
 HEATING
  YESTERDAY        0                         0      0        0
  MONTH TO DATE    0                         1     -1        0
  SINCE JUN 1      0                        71    -71       56
  SINCE JUL 1      0                         1     -1        0

 COOLING
  YESTERDAY        1                         8     -7       16
  MONTH TO DATE   66                        43     23       59
  SINCE JUN 1    311                       149    162      108
  SINCE JAN 1    316                       169    147      150
..................................................................


WIND (MPH)
  HIGHEST WIND SPEED    20   HIGHEST WIND DIRECTION     W (290)
  HIGHEST GUST SPEED    24   HIGHEST GUST DIRECTION     W (290)
  AVERAGE WIND SPEED     6.1


SKY COVER
  POSSIBLE SUNSHINE  MM
  AVERAGE SKY COVER 0.4


WEATHER CONDITIONS
 THE FOLLOWING WEATHER WAS RECORDED YESTERDAY.
  LIGHT RAIN
  FOG
  HAZE


RELATIVE HUMIDITY (PERCENT)
 HIGHEST    93           300 AM
 LOWEST     36           500 PM
 AVERAGE    65

..........................................................


THE GREYBULL WY CLIMATE NORMALS FOR TODAY
                         NORMAL    RECORD    YEAR
 MAXIMUM TEMPERATURE (F)   89       100      2007
 MINIMUM TEMPERATURE (F)   56        44      2010


SUNRISE AND SUNSET
JULY  7 2015..........SUNRISE   535 AM MDT   SUNSET   859 PM MDT
JULY  8 2015..........SUNRISE   536 AM MDT   SUNSET   859 PM MDT


-  INDICATES NEGATIVE NUMBERS.
R  INDICATES RECORD WAS SET OR TIED.
MM INDICATES DATA IS MISSING.
T  INDICATES TRACE AMOUNT.




$$
