000
CDUS43 KIND 200535
CLIGEZ


CLIMATE REPORT
NATIONAL WEATHER SERVICE INDIANAPOLIS IN
135 AM EDT WED SEP 20 2017


...................................

...THE SHELBYVILLE IN CLIMATE SUMMARY FOR SEPTEMBER 19 2017...

CLIMATE NORMAL PERIOD 1981 TO 2010
CLIMATE RECORD PERIOD 9999 TO 9999


WEATHER ITEM   OBSERVED TIME   NORMAL DEPARTURE LAST
                VALUE   (LST)  VALUE  FROM      YEAR
                                      NORMAL
......................................................
TEMPERATURE (F)
 YESTERDAY
  MAXIMUM         81    434 PM  77      4       87
  MINIMUM         64   1159 PM  52     12       57
  AVERAGE         73            64      9       72

PRECIPITATION (IN)
  YESTERDAY        0.40          0.10   0.30     0.00
  MONTH TO DATE    1.76          2.03  -0.27     2.51
  SINCE SEP 1      1.76          2.03  -0.27     2.51
  SINCE JAN 1     34.65         32.31   2.34    35.70

DEGREE DAYS
 HEATING
  YESTERDAY        0             3     -3        0
  MONTH TO DATE   41            25     16        0
  SINCE SEP 1     41            25     16        0
  SINCE JUL 1     41            31     10        2

 COOLING
  YESTERDAY        8             2      6        7
  MONTH TO DATE   51            75    -24      157
  SINCE SEP 1     51            75    -24      157
  SINCE JAN 1    987           881    106     1336
......................................................


WIND (MPH)
  HIGHEST WIND SPEED    12   HIGHEST WIND DIRECTION     S (200)
  HIGHEST GUST SPEED    16   HIGHEST GUST DIRECTION     S (190)
  AVERAGE WIND SPEED     4.1


SKY COVER
  AVERAGE SKY COVER 0.6


WEATHER CONDITIONS
 THE FOLLOWING WEATHER WAS RECORDED YESTERDAY.
  THUNDERSTORM
  RAIN
  LIGHT RAIN
  FOG


RELATIVE HUMIDITY (PERCENT)
 HIGHEST    90          1200 AM
 LOWEST     58           400 PM
 AVERAGE    74

..........................................................


THE SHELBYVILLE IN CLIMATE NORMALS FOR TODAY
                         NORMAL
 MAXIMUM TEMPERATURE (F)   77
 MINIMUM TEMPERATURE (F)   51


SUNRISE AND SUNSET
SEPTEMBER 20 2017.....SUNRISE   729 AM EDT   SUNSET   743 PM EDT
SEPTEMBER 21 2017.....SUNRISE   730 AM EDT   SUNSET   741 PM EDT


-  INDICATES NEGATIVE NUMBERS.
R  INDICATES RECORD WAS SET OR TIED.
MM INDICATES DATA IS MISSING.
T  INDICATES TRACE AMOUNT.




$$
