000
CDUS43 KIND 230532
CLIGEZ


CLIMATE REPORT
NATIONAL WEATHER SERVICE INDIANAPOLIS IN
131 AM EDT SAT AUG 23 2014


...................................

...THE SHELBYVILLE IN CLIMATE SUMMARY FOR AUGUST 22 2014...

CLIMATE NORMAL PERIOD 1981 TO 2010
CLIMATE RECORD PERIOD 9999 TO 9999


WEATHER ITEM   OBSERVED TIME   NORMAL DEPARTURE LAST
                VALUE   (LST)  VALUE  FROM      YEAR
                                      NORMAL
......................................................
TEMPERATURE (F)
 YESTERDAY
  MAXIMUM         87    540 PM  83      4       88
  MINIMUM         73   1159 PM  61     12       66
  AVERAGE         80            72      8       77

PRECIPITATION (IN)
  YESTERDAY        0.02          0.12  -0.10     0.49
  MONTH TO DATE    1.35          2.20  -0.85     2.44
  SINCE JUN 1     10.28         11.31  -1.03     8.27
  SINCE JAN 1     25.77         29.09  -3.32    20.58

DEGREE DAYS
 HEATING
  YESTERDAY        0             0      0        0
  MONTH TO DATE    3             0      3        6
  SINCE JUN 1      6            16    -10       13
  SINCE JUL 1      5             1      4        8

 COOLING
  YESTERDAY       15             7      8       12
  MONTH TO DATE  171           172     -1      139
  SINCE JUN 1    687           664     23      697
  SINCE JAN 1    850           745    105      865
......................................................


WIND (MPH)
  HIGHEST WIND SPEED    12   HIGHEST WIND DIRECTION     W (290)
  HIGHEST GUST SPEED    15   HIGHEST GUST DIRECTION    NW (300)
  AVERAGE WIND SPEED     4.2


SKY COVER
  AVERAGE SKY COVER 0.2


WEATHER CONDITIONS
 THE FOLLOWING WEATHER WAS RECORDED YESTERDAY.
  LIGHT RAIN
  FOG
  HAZE


RELATIVE HUMIDITY (PERCENT)
 HIGHEST    87           900 PM
 LOWEST     59           400 PM
 AVERAGE    73

..........................................................


THE SHELBYVILLE IN CLIMATE NORMALS FOR TODAY
                         NORMAL
 MAXIMUM TEMPERATURE (F)   83
 MINIMUM TEMPERATURE (F)   61


SUNRISE AND SUNSET
AUGUST 23 2014........SUNRISE   703 AM EDT   SUNSET   828 PM EDT
AUGUST 24 2014........SUNRISE   704 AM EDT   SUNSET   826 PM EDT


-  INDICATES NEGATIVE NUMBERS.
R  INDICATES RECORD WAS SET OR TIED.
MM INDICATES DATA IS MISSING.
T  INDICATES TRACE AMOUNT.




$$
