025
CDUS43 KIND 280543
CLIGEZ


CLIMATE REPORT
NATIONAL WEATHER SERVICE INDIANAPOLIS IN
143 AM EDT FRI JUL 28 2017


...................................

...THE SHELBYVILLE IN CLIMATE SUMMARY FOR JULY 27 2017...

CLIMATE NORMAL PERIOD 1981 TO 2010
CLIMATE RECORD PERIOD 9999 TO 9999


WEATHER ITEM   OBSERVED TIME   NORMAL DEPARTURE LAST
                VALUE   (LST)  VALUE  FROM      YEAR
                                      NORMAL
......................................................
TEMPERATURE (F)
 YESTERDAY
  MAXIMUM         82    331 PM  84     -2       90
  MINIMUM         74   1159 PM  64     10       67
  AVERAGE         78            74      4       79

PRECIPITATION (IN)
  YESTERDAY        0.37          0.14   0.23     0.00
  MONTH TO DATE    6.29          4.16   2.13     5.08
  SINCE JUN 1     12.38          8.56   3.82     9.23
  SINCE JAN 1     31.00         26.34   4.66    25.77

DEGREE DAYS
 HEATING
  YESTERDAY        0             0      0        0
  MONTH TO DATE    0             0      0        2
  SINCE JUN 1      1            15    -14        2
  SINCE JUL 1      0             0      0        2

 COOLING
  YESTERDAY       13             9      4       14
  MONTH TO DATE  307           243     64      307
  SINCE JUN 1    553           452    101      621
  SINCE JAN 1    715           533    182      744
......................................................


WIND (MPH)
  HIGHEST WIND SPEED    15   HIGHEST WIND DIRECTION     W (260)
  HIGHEST GUST SPEED    23   HIGHEST GUST DIRECTION     W (260)
  AVERAGE WIND SPEED     5.7


SKY COVER
  AVERAGE SKY COVER 0.7


WEATHER CONDITIONS
 THE FOLLOWING WEATHER WAS RECORDED YESTERDAY.
  THUNDERSTORM
  HEAVY RAIN
  RAIN
  LIGHT RAIN
  FOG


RELATIVE HUMIDITY (PERCENT)
 HIGHEST    87          1200 AM
 LOWEST     74          1100 AM
 AVERAGE    81

..........................................................


THE SHELBYVILLE IN CLIMATE NORMALS FOR TODAY
                         NORMAL
 MAXIMUM TEMPERATURE (F)   84
 MINIMUM TEMPERATURE (F)   63


SUNRISE AND SUNSET
JULY 28 2017..........SUNRISE   639 AM EDT   SUNSET   900 PM EDT
JULY 29 2017..........SUNRISE   640 AM EDT   SUNSET   859 PM EDT


-  INDICATES NEGATIVE NUMBERS.
R  INDICATES RECORD WAS SET OR TIED.
MM INDICATES DATA IS MISSING.
T  INDICATES TRACE AMOUNT.




$$
