000
CDUS43 KIND 020536
CLIGEZ


CLIMATE REPORT
NATIONAL WEATHER SERVICE INDIANAPOLIS IN
1236 AM EST MON MAR 2 2015


...................................

...THE SHELBYVILLE IN CLIMATE SUMMARY FOR MARCH 1 2015...

CLIMATE NORMAL PERIOD 1981 TO 2010
CLIMATE RECORD PERIOD 9999 TO 9999


WEATHER ITEM   OBSERVED TIME   NORMAL DEPARTURE LAST
                VALUE   (LST)  VALUE  FROM      YEAR
                                      NORMAL
......................................................
TEMPERATURE (F)
 YESTERDAY
  MAXIMUM         34    408 PM  45    -11       52
  MINIMUM         24    155 AM  27     -3       29
  AVERAGE         29            36     -7       41

PRECIPITATION (IN)
  YESTERDAY        0.48          0.08   0.40     0.00
  MONTH TO DATE    0.48          0.08   0.40     0.00
  SINCE MAR 1      0.48          0.08   0.40     0.00
  SINCE JAN 1      3.50          4.83  -1.33     3.88

DEGREE DAYS
 HEATING
  YESTERDAY       36            29      7       24
  MONTH TO DATE   36            29      7       24
  SINCE MAR 1     36            29      7       24
  SINCE JUL 1   4477          4192    285     4522

 COOLING
  YESTERDAY        0             0      0        0
  MONTH TO DATE    0             0      0        0
  SINCE MAR 1      0             0      0        0
  SINCE JAN 1      0             0      0        0
......................................................


WIND (MPH)
  HIGHEST WIND SPEED    21   HIGHEST WIND DIRECTION    NW (310)
  HIGHEST GUST SPEED    25   HIGHEST GUST DIRECTION    NW (320)
  AVERAGE WIND SPEED     4.1


SKY COVER
  AVERAGE SKY COVER 1.0


WEATHER CONDITIONS
 THE FOLLOWING WEATHER WAS RECORDED YESTERDAY.
  SNOW
  LIGHT SNOW
  FOG
  HAZE


RELATIVE HUMIDITY (PERCENT)
 HIGHEST    88           200 AM
 LOWEST     78           800 PM
 AVERAGE    83

..........................................................


THE SHELBYVILLE IN CLIMATE NORMALS FOR TODAY
                         NORMAL
 MAXIMUM TEMPERATURE (F)   45
 MINIMUM TEMPERATURE (F)   27


SUNRISE AND SUNSET
MARCH  2 2015.........SUNRISE   715 AM EST   SUNSET   636 PM EST
MARCH  3 2015.........SUNRISE   714 AM EST   SUNSET   637 PM EST


-  INDICATES NEGATIVE NUMBERS.
R  INDICATES RECORD WAS SET OR TIED.
MM INDICATES DATA IS MISSING.
T  INDICATES TRACE AMOUNT.




$$
