000
CDUS43 KIND 050534
CLIGEZ


CLIMATE REPORT
NATIONAL WEATHER SERVICE INDIANAPOLIS IN
133 AM EDT SAT SEP 5 2015


...................................

...THE SHELBYVILLE IN CLIMATE SUMMARY FOR SEPTEMBER 4 2015...

CLIMATE NORMAL PERIOD 1981 TO 2010
CLIMATE RECORD PERIOD 9999 TO 9999


WEATHER ITEM   OBSERVED TIME   NORMAL DEPARTURE LAST
                VALUE   (LST)  VALUE  FROM      YEAR
                                      NORMAL
......................................................
TEMPERATURE (F)
 YESTERDAY
  MAXIMUM         94    352 PM  82     12       88
  MINIMUM         68    434 AM  58     10       65
  AVERAGE         81            70     11       77

PRECIPITATION (IN)
  YESTERDAY        T             0.09  -0.09     0.00
  MONTH TO DATE    T             0.39  -0.39     1.68
  SINCE SEP 1      T             0.39  -0.39     1.68
  SINCE JAN 1     30.97         30.67   0.30    28.59

DEGREE DAYS
 HEATING
  YESTERDAY        0             1     -1        0
  MONTH TO DATE    0             1     -1        0
  SINCE SEP 1      0             1     -1        0
  SINCE JUL 1      2             7     -5        5

 COOLING
  YESTERDAY       16             5     11       12
  MONTH TO DATE   55            22     33       41
  SINCE SEP 1     55            22     33       41
  SINCE JAN 1   1073           828    245     1011
......................................................


WIND (MPH)
  HIGHEST WIND SPEED    17   HIGHEST WIND DIRECTION     N (20)
  HIGHEST GUST SPEED    24   HIGHEST GUST DIRECTION     N (20)
  AVERAGE WIND SPEED     3.9


SKY COVER
  AVERAGE SKY COVER 0.2


WEATHER CONDITIONS
 THE FOLLOWING WEATHER WAS RECORDED YESTERDAY.
  THUNDERSTORM
  LIGHT RAIN
  FOG
  HAZE


RELATIVE HUMIDITY (PERCENT)
 HIGHEST    90           500 AM
 LOWEST     39           200 PM
 AVERAGE    65

..........................................................


THE SHELBYVILLE IN CLIMATE NORMALS FOR TODAY
                         NORMAL
 MAXIMUM TEMPERATURE (F)   82
 MINIMUM TEMPERATURE (F)   57


SUNRISE AND SUNSET
SEPTEMBER  5 2015.....SUNRISE   715 AM EDT   SUNSET   808 PM EDT
SEPTEMBER  6 2015.....SUNRISE   716 AM EDT   SUNSET   807 PM EDT


-  INDICATES NEGATIVE NUMBERS.
R  INDICATES RECORD WAS SET OR TIED.
MM INDICATES DATA IS MISSING.
T  INDICATES TRACE AMOUNT.




$$
