000
CDUS43 KFGF 300723
CLIGFK


CLIMATE REPORT
NATIONAL WEATHER SERVICE EASTERN NORTH DAKOTA/GRAND FORKS
223 AM CDT SAT APR 30 2016


...................................

...THE GRAND FORKS INTL AP ND CLIMATE SUMMARY FOR APRIL 29 2016...

CLIMATE NORMAL PERIOD 1981 TO 2010
CLIMATE RECORD PERIOD 1941 TO 2016


WEATHER ITEM   OBSERVED TIME   RECORD YEAR NORMAL DEPARTURE LAST
                VALUE   (LST)  VALUE       VALUE  FROM      YEAR
                                                  NORMAL
..................................................................
TEMPERATURE (F)
 YESTERDAY
  MAXIMUM         64    452 PM  90    1985  62      2       75
  MINIMUM         32    540 AM  12    1958  35     -3       32
  AVERAGE         48                        49     -1       54

PRECIPITATION (IN)
  YESTERDAY        0.00          0.95 1942   0.05  -0.05     0.00
  MONTH TO DATE    1.56                      0.96   0.60     0.59
  SINCE MAR 1      2.11                      1.92   0.19     0.90
  SINCE JAN 1      2.69                      2.99  -0.30     1.72

SNOWFALL (IN)
  YESTERDAY        0.0           1.4  1950   0.1   -0.1      0.0
  MONTH TO DATE    0.3                       2.6   -2.3      0.6
  SINCE MAR 1      2.5                       9.8   -7.3      2.7
  SINCE JUL 1     28.4                      47.0  -18.6     17.0
  SNOW DEPTH       0

DEGREE DAYS
 HEATING
  YESTERDAY       17                        17      0       11
  MONTH TO DATE  708                       679     29      606
  SINCE MAR 1   1597                      1914   -317     1653
  SINCE JUL 1   7576                      9064  -1488     8570

 COOLING
  YESTERDAY        0                         0      0        0
  MONTH TO DATE    0                         0      0        0
  SINCE MAR 1      0                         0      0        0
  SINCE JAN 1      0                         0      0        0
..................................................................


WIND (MPH)
  HIGHEST WIND SPEED    22   HIGHEST WIND DIRECTION    NE (30)
  HIGHEST GUST SPEED    29   HIGHEST GUST DIRECTION    NE (40)
  AVERAGE WIND SPEED    10.5


SKY COVER
  POSSIBLE SUNSHINE  MM
  AVERAGE SKY COVER 0.3


WEATHER CONDITIONS
 THE FOLLOWING WEATHER WAS RECORDED YESTERDAY.
  NO SIGNIFICANT WEATHER WAS OBSERVED.


RELATIVE HUMIDITY (PERCENT)
 HIGHEST    82           500 AM
 LOWEST     27           600 PM
 AVERAGE    55

..........................................................


THE GRAND FORKS INTL AP ND CLIMATE NORMALS FOR TODAY
                         NORMAL    RECORD    YEAR
 MAXIMUM TEMPERATURE (F)   62        90      1992
 MINIMUM TEMPERATURE (F)   36        23      1958


SUNRISE AND SUNSET
APRIL 30 2016.........SUNRISE   611 AM CDT   SUNSET   841 PM CDT
MAY  1 2016...........SUNRISE   610 AM CDT   SUNSET   843 PM CDT


-  INDICATES NEGATIVE NUMBERS.
R  INDICATES RECORD WAS SET OR TIED.
MM INDICATES DATA IS MISSING.
T  INDICATES TRACE AMOUNT.




$$
