000
CDUS43 KFGF 260640
CLIGFK


CLIMATE REPORT
NATIONAL WEATHER SERVICE EASTERN NORTH DAKOTA/GRAND FORKS
136 AM CDT SUN MAR 26 2017


...................................

...THE GRAND FORKS INTL AP ND CLIMATE SUMMARY FOR MARCH 25 2017...

CLIMATE NORMAL PERIOD 1981 TO 2010
CLIMATE RECORD PERIOD 1941 TO 2017


WEATHER ITEM   OBSERVED TIME   RECORD YEAR NORMAL DEPARTURE LAST
                VALUE   (LST)  VALUE       VALUE  FROM      YEAR
                                                  NORMAL
..................................................................
TEMPERATURE (F)
 YESTERDAY
  MAXIMUM         40   1021 AM  64    1961  39      1       42
  MINIMUM         25    418 AM -10    1996  21      4       24
                                      1964
                                      1955
  AVERAGE         33                        30      3       33

PRECIPITATION (IN)
  YESTERDAY        0.00          0.87 1942   0.03  -0.03      T
  MONTH TO DATE    0.77                      0.77   0.00     0.53
  SINCE MAR 1      0.77                      0.77   0.00     0.53
  SINCE JAN 1      1.62                      1.84  -0.22     1.11

SNOWFALL (IN)
  YESTERDAY        0.0           5.4  2009   0.1   -0.1      0.3
  MONTH TO DATE    0.2                       6.3   -6.1      2.2
  SINCE MAR 1      0.2                       6.3   -6.1      2.2
  SINCE JUL 1     38.5                      43.5   -5.0     28.1
  SNOW DEPTH       0

DEGREE DAYS
 HEATING
  YESTERDAY       32                        35     -3       32
  MONTH TO DATE 1028                      1039    -11      731
  SINCE MAR 1   1028                      1039    -11      731
  SINCE JUL 1   6997                      8189  -1192     6710

 COOLING
  YESTERDAY        0                         0      0        0
  MONTH TO DATE    0                         0      0        0
  SINCE MAR 1      0                         0      0        0
  SINCE JAN 1      0                         0      0        0
..................................................................


WIND (MPH)
  HIGHEST WIND SPEED    20   HIGHEST WIND DIRECTION     S (180)
  HIGHEST GUST SPEED    25   HIGHEST GUST DIRECTION     S (180)
  AVERAGE WIND SPEED     9.8


SKY COVER
  POSSIBLE SUNSHINE  MM
  AVERAGE SKY COVER 0.5


WEATHER CONDITIONS
 THE FOLLOWING WEATHER WAS RECORDED YESTERDAY.
  FOG


RELATIVE HUMIDITY (PERCENT)
 HIGHEST   100          1200 AM
 LOWEST     85          1000 AM
 AVERAGE    93

..........................................................


THE GRAND FORKS INTL AP ND CLIMATE NORMALS FOR TODAY
                         NORMAL    RECORD    YEAR
 MAXIMUM TEMPERATURE (F)   40        72      1946
 MINIMUM TEMPERATURE (F)   21       -13      1964


SUNRISE AND SUNSET
MARCH 26 2017.........SUNRISE   719 AM CDT   SUNSET   751 PM CDT
MARCH 27 2017.........SUNRISE   717 AM CDT   SUNSET   752 PM CDT


-  INDICATES NEGATIVE NUMBERS.
R  INDICATES RECORD WAS SET OR TIED.
MM INDICATES DATA IS MISSING.
T  INDICATES TRACE AMOUNT.




$$
