000
CDUS43 KFGF 260718
CLIGFK


CLIMATE REPORT
NATIONAL WEATHER SERVICE EASTERN NORTH DAKOTA/GRAND FORKS
118 AM CST MON JAN 26 2015


...................................

...THE GRAND FORKS INTL AP ND CLIMATE SUMMARY FOR JANUARY 25 2015...

CLIMATE NORMAL PERIOD 1981 TO 2010
CLIMATE RECORD PERIOD 1941 TO 2015


WEATHER ITEM   OBSERVED TIME   RECORD YEAR NORMAL DEPARTURE LAST
                VALUE   (LST)  VALUE       VALUE  FROM      YEAR
                                                  NORMAL
..................................................................
TEMPERATURE (F)
 YESTERDAY
  MAXIMUM         30   1159 PM  42    2002  17     13        5
  MINIMUM         10    830 AM -31    1972  -3     13       -8
  AVERAGE         20                         7     13       -1

PRECIPITATION (IN)
  YESTERDAY        0.00          0.31 2004   0.01  -0.01     0.15
  MONTH TO DATE    0.42                      0.45  -0.03     0.65
  SINCE DEC 1      0.64                      1.06  -0.42     1.47
  SINCE JAN 1      0.42                      0.45  -0.03     0.65

SNOWFALL (IN)
  YESTERDAY        0.0          12.9  2004   0.3   -0.3      1.5
  MONTH TO DATE    3.8                       8.9   -5.1     14.9
  SINCE DEC 1      5.6                      19.6  -14.0     37.7
  SINCE JUL 1      9.6                      28.8  -19.2     39.3
  SNOW DEPTH       1

DEGREE DAYS
 HEATING
  YESTERDAY       45                        58    -13       66
  MONTH TO DATE 1362                      1463   -101     1561
  SINCE DEC 1   2814                      3123   -309     3569
  SINCE JUL 1   4958                      5322   -364     5680

 COOLING
  YESTERDAY        0                         0      0        0
  MONTH TO DATE    0                         0      0        0
  SINCE DEC 1      0                         0      0        0
  SINCE JAN 1      0                         0      0        0
..................................................................


WIND (MPH)
  HIGHEST WIND SPEED    24   HIGHEST WIND DIRECTION     S (190)
  HIGHEST GUST SPEED    31   HIGHEST GUST DIRECTION     S (180)
  AVERAGE WIND SPEED     7.5


SKY COVER
  POSSIBLE SUNSHINE  MM
  AVERAGE SKY COVER 0.7


WEATHER CONDITIONS
 THE FOLLOWING WEATHER WAS RECORDED YESTERDAY.
  NO SIGNIFICANT WEATHER WAS OBSERVED.


RELATIVE HUMIDITY (PERCENT)
 HIGHEST    85          1100 PM
 LOWEST     59           100 PM
 AVERAGE    72

..........................................................


THE GRAND FORKS INTL AP ND CLIMATE NORMALS FOR TODAY
                         NORMAL    RECORD    YEAR
 MAXIMUM TEMPERATURE (F)   17        46      1990
 MINIMUM TEMPERATURE (F)   -3       -32      1950


SUNRISE AND SUNSET
JANUARY 26 2015.......SUNRISE   804 AM CST   SUNSET   519 PM CST
JANUARY 27 2015.......SUNRISE   803 AM CST   SUNSET   521 PM CST


-  INDICATES NEGATIVE NUMBERS.
R  INDICATES RECORD WAS SET OR TIED.
MM INDICATES DATA IS MISSING.
T  INDICATES TRACE AMOUNT.




$$
