000
CDUS43 KFGF 220647
CLIGFK


CLIMATE REPORT
NATIONAL WEATHER SERVICE EASTERN NORTH DAKOTA/GRAND FORKS
1245 AM CST WED FEB 22 2017


...................................

...THE GRAND FORKS INTL AP ND CLIMATE SUMMARY FOR FEBRUARY 21 2017...

CLIMATE NORMAL PERIOD 1981 TO 2010
CLIMATE RECORD PERIOD 1941 TO 2017


WEATHER ITEM   OBSERVED TIME   RECORD YEAR NORMAL DEPARTURE LAST
                VALUE   (LST)  VALUE       VALUE  FROM      YEAR
                                                  NORMAL
..................................................................
TEMPERATURE (F)
 YESTERDAY
  MAXIMUM         46    158 PM  49    2000  24     22       23
  MINIMUM         28    113 AM -30    1956   5     23       15
  AVERAGE         37                        14     23       19

PRECIPITATION (IN)
  YESTERDAY        T             0.11 1969   0.03  -0.03      T
  MONTH TO DATE    0.33                      0.35  -0.02     0.25
  SINCE DEC 1      2.39                      1.51   0.88     1.63
  SINCE JAN 1      0.78                      0.90  -0.12     0.57

SNOWFALL (IN)
  YESTERDAY        0.0           1.1  1969   0.3   -0.3       T
  MONTH TO DATE    3.7                       4.7   -1.0      2.6
  SINCE DEC 1     36.2                      26.1   10.1     23.2
  SINCE JUL 1     37.3                      35.3    2.0     25.9
  SNOW DEPTH       0

DEGREE DAYS
 HEATING
  YESTERDAY       28                        51    -23       46
  MONTH TO DATE  943                      1139   -196      953
  SINCE DEC 1   4188                      4606   -418     4010
  SINCE JUL 1   5656                      6805  -1149     5675

 COOLING
  YESTERDAY        0                         0      0        0
  MONTH TO DATE    0                         0      0        0
  SINCE DEC 1      0                         0      0        0
  SINCE JAN 1      0                         0      0        0
..................................................................


WIND (MPH)
  HIGHEST WIND SPEED    12   HIGHEST WIND DIRECTION    NW (310)
  HIGHEST GUST SPEED    13   HIGHEST GUST DIRECTION    NW (310)
  AVERAGE WIND SPEED     5.2


SKY COVER
  POSSIBLE SUNSHINE  MM
  AVERAGE SKY COVER 0.6


WEATHER CONDITIONS
 THE FOLLOWING WEATHER WAS RECORDED YESTERDAY.
  LIGHT RAIN
  FOG
  FOG W/VISIBILITY <= 1/4 MILE
  HAZE


RELATIVE HUMIDITY (PERCENT)
 HIGHEST    89           700 PM
 LOWEST     62           200 PM
 AVERAGE    76

..........................................................


THE GRAND FORKS INTL AP ND CLIMATE NORMALS FOR TODAY
                         NORMAL    RECORD    YEAR
 MAXIMUM TEMPERATURE (F)   24        67      2000
 MINIMUM TEMPERATURE (F)    5       -26      2015


SUNRISE AND SUNSET
FEBRUARY 22 2017......SUNRISE   722 AM CST   SUNSET   603 PM CST
FEBRUARY 23 2017......SUNRISE   720 AM CST   SUNSET   604 PM CST


-  INDICATES NEGATIVE NUMBERS.
R  INDICATES RECORD WAS SET OR TIED.
MM INDICATES DATA IS MISSING.
T  INDICATES TRACE AMOUNT.




$$
