527
CDUS43 KFGF 170728
CLIGFK


CLIMATE REPORT
NATIONAL WEATHER SERVICE EASTERN NORTH DAKOTA/GRAND FORKS
128 AM CST TUE JAN 17 2017


...................................

...THE GRAND FORKS INTL AP ND CLIMATE SUMMARY FOR JANUARY 16 2017...

CLIMATE NORMAL PERIOD 1981 TO 2010
CLIMATE RECORD PERIOD 1941 TO 2017


WEATHER ITEM   OBSERVED TIME   RECORD YEAR NORMAL DEPARTURE LAST
                VALUE   (LST)  VALUE       VALUE  FROM      YEAR
                                                  NORMAL
..................................................................
TEMPERATURE (F)
 YESTERDAY
  MAXIMUM         22    226 PM  43    1942  16      6       -7
  MINIMUM          2   1159 PM -34    2005  -4      6      -21
                                      1977
  AVERAGE         12                         6      6      -14

PRECIPITATION (IN)
  YESTERDAY        0.00          0.63 1967   0.02  -0.02      T
  MONTH TO DATE    0.42                      0.30   0.12     0.28
  SINCE DEC 1      2.03                      0.91   1.12     1.34
  SINCE JAN 1      0.42                      0.30   0.12     0.28

SNOWFALL (IN)
  YESTERDAY        0.0           6.4  1967   0.4   -0.4       T
  MONTH TO DATE    7.1                       5.9    1.2      4.3
  SINCE DEC 1     32.2                      16.6   15.6     19.6
  SINCE JUL 1     33.3                      25.8    7.5     22.3
  SNOW DEPTH      11

DEGREE DAYS
 HEATING
  YESTERDAY       53                        59     -6       79
  MONTH TO DATE 1061                       936    125      943
  SINCE DEC 1   2665                      2596     69     2331
  SINCE JUL 1   4133                      4795   -662     3996

 COOLING
  YESTERDAY        0                         0      0        0
  MONTH TO DATE    0                         0      0        0
  SINCE DEC 1      0                         0      0        0
  SINCE JAN 1      0                         0      0        0
..................................................................


WIND (MPH)
  HIGHEST WIND SPEED    14   HIGHEST WIND DIRECTION     S (200)
  HIGHEST GUST SPEED    15   HIGHEST GUST DIRECTION     S (200)
  AVERAGE WIND SPEED     6.9


SKY COVER
  POSSIBLE SUNSHINE  MM
  AVERAGE SKY COVER 0.1


WEATHER CONDITIONS
 THE FOLLOWING WEATHER WAS RECORDED YESTERDAY.
  NO SIGNIFICANT WEATHER WAS OBSERVED.


RELATIVE HUMIDITY (PERCENT)
 HIGHEST    87           800 PM
 LOWEST     67           400 PM
 AVERAGE    77

..........................................................


THE GRAND FORKS INTL AP ND CLIMATE NORMALS FOR TODAY
                         NORMAL    RECORD    YEAR
 MAXIMUM TEMPERATURE (F)   16        39      2015
 MINIMUM TEMPERATURE (F)   -4       -37      2005


SUNRISE AND SUNSET
JANUARY 17 2017.......SUNRISE   812 AM CST   SUNSET   507 PM CST
JANUARY 18 2017.......SUNRISE   811 AM CST   SUNSET   508 PM CST


-  INDICATES NEGATIVE NUMBERS.
R  INDICATES RECORD WAS SET OR TIED.
MM INDICATES DATA IS MISSING.
T  INDICATES TRACE AMOUNT.




$$
