000
CDUS43 KFGF 200653
CLIGFK


CLIMATE REPORT
NATIONAL WEATHER SERVICE EASTERN NORTH DAKOTA/GRAND FORKS
1251 AM CST TUE FEB 20 2018


...................................

...THE GRAND FORKS INTL AP ND CLIMATE SUMMARY FOR FEBRUARY 19 2018...

CLIMATE NORMAL PERIOD 1981 TO 2010
CLIMATE RECORD PERIOD 1948 TO 2018


WEATHER ITEM   OBSERVED TIME   RECORD YEAR NORMAL DEPARTURE LAST
                VALUE   (LST)  VALUE       VALUE  FROM      YEAR
                                                  NORMAL
..................................................................
TEMPERATURE (F)
 YESTERDAY
  MAXIMUM          8   1201 AM  46    2017  23    -15       46
  MINIMUM         -1   1001 AM -30    1966   4     -5       34
  AVERAGE          4                        13     -9       40

PRECIPITATION (IN)
  YESTERDAY        T             0.18 1983   0.02  -0.02     0.00
  MONTH TO DATE    0.16                      0.30  -0.14     0.15
  SINCE DEC 1      1.43                      1.46  -0.03     2.21
  SINCE JAN 1      0.66                      0.85  -0.19     0.60

SNOWFALL (IN)
  YESTERDAY        T             2.5  1986   0.3   -0.3      0.0
  MONTH TO DATE    5.1                       4.2    0.9      3.7
  SINCE DEC 1     22.6                      25.6   -3.0     36.2
  SINCE JUL 1     32.8                      34.8   -2.0     37.3
  SNOW DEPTH       8

DEGREE DAYS
 HEATING
  YESTERDAY       61                        52      9       25
  MONTH TO DATE 1173                      1037    136      886
  SINCE DEC 1   4525                      4504     21     4131
  SINCE JUL 1   6510                      6703   -193     5599

 COOLING
  YESTERDAY        0                         0      0        0
  MONTH TO DATE    0                         0      0        0
  SINCE DEC 1      0                         0      0        0
  SINCE JAN 1      0                         0      0        0
..................................................................


WIND (MPH)
  HIGHEST WIND SPEED    22   HIGHEST WIND DIRECTION     N (360)
  HIGHEST GUST SPEED    27   HIGHEST GUST DIRECTION     N (350)
  AVERAGE WIND SPEED    16.5


SKY COVER
  POSSIBLE SUNSHINE  MM
  AVERAGE SKY COVER 0.8


WEATHER CONDITIONS
 THE FOLLOWING WEATHER WAS RECORDED YESTERDAY.
  LIGHT SNOW
  HAZE


RELATIVE HUMIDITY (PERCENT)
 HIGHEST    79           300 AM
 LOWEST     60           200 PM
 AVERAGE    70

..........................................................


THE GRAND FORKS INTL AP ND CLIMATE NORMALS FOR TODAY
                         NORMAL    RECORD    YEAR
 MAXIMUM TEMPERATURE (F)   23        51      2000
 MINIMUM TEMPERATURE (F)    4       -33      2008


SUNRISE AND SUNSET
FEBRUARY 20 2018......SUNRISE   726 AM CST   SUNSET   559 PM CST
FEBRUARY 21 2018......SUNRISE   724 AM CST   SUNSET   601 PM CST


-  INDICATES NEGATIVE NUMBERS.
R  INDICATES RECORD WAS SET OR TIED.
MM INDICATES DATA IS MISSING.
T  INDICATES TRACE AMOUNT.




$$
