000
CDUS41 KALY 280629
CLIGFL


CLIMATE REPORT
NATIONAL WEATHER SERVICE ALBANY NY
227 AM EDT SAT MAR 28 2015


...................................

...THE GLENS FALLS NY CLIMATE SUMMARY FOR MARCH 27 2015...

CLIMATE NORMAL PERIOD 1981 TO 2010
CLIMATE RECORD PERIOD 1949 TO 2015


WEATHER ITEM   OBSERVED TIME   RECORD YEAR NORMAL DEPARTURE LAST
                VALUE   (LST)  VALUE       VALUE  FROM      YEAR
                                                  NORMAL
..................................................................
TEMPERATURE (F)
 YESTERDAY
  MAXIMUM         43    359 PM  74    1998  47     -4       38
  MINIMUM         32   1159 PM   2    2014  25      7        2
  AVERAGE         38                        36      2       20

PRECIPITATION (IN)
  YESTERDAY        0.01          1.61 1978   0.10  -0.09     0.00
  MONTH TO DATE    0.68                      2.57  -1.89     1.53
  SINCE MAR 1      0.68                      2.57  -1.89     1.53
  SINCE JAN 1      2.73                      7.51  -4.78     6.06

DEGREE DAYS
 HEATING
  YESTERDAY       27                        29     -2       45
  MONTH TO DATE 1050                       932    118     1203
  SINCE MAR 1   1050                       932    118     1203
  SINCE JUL 1   6731                      6552    179     6972

 COOLING
  YESTERDAY        0                         0      0        0
  MONTH TO DATE    0                         0      0        0
  SINCE MAR 1      0                         0      0        0
  SINCE JAN 1      0                         0      0        0
..................................................................


WIND (MPH)
  HIGHEST WIND SPEED    14   HIGHEST WIND DIRECTION    NE (60)
  HIGHEST GUST SPEED    17   HIGHEST GUST DIRECTION     E (70)
  AVERAGE WIND SPEED     3.2


SKY COVER
  AVERAGE SKY COVER 1.0



RELATIVE HUMIDITY (PERCENT)
 HIGHEST   100           200 AM
 LOWEST     57           400 PM
 AVERAGE    79

..........................................................


THE GLENS FALLS NY CLIMATE NORMALS FOR TODAY
                         NORMAL    RECORD    YEAR
 MAXIMUM TEMPERATURE (F)   48        76      1998
 MINIMUM TEMPERATURE (F)   25         8      1982


SUNRISE AND SUNSET
MARCH 28 2015.........SUNRISE   644 AM EDT   SUNSET   716 PM EDT
MARCH 29 2015.........SUNRISE   642 AM EDT   SUNSET   717 PM EDT


-  INDICATES NEGATIVE NUMBERS.
R  INDICATES RECORD WAS SET OR TIED.
MM INDICATES DATA IS MISSING.
T  INDICATES TRACE AMOUNT.




$$
