000
CDUS41 KALY 300629
CLIGFL


CLIMATE REPORT
NATIONAL WEATHER SERVICE ALBANY NY
228 AM EDT THU MAR 30 2017


...................................

...THE GLENS FALLS NY CLIMATE SUMMARY FOR MARCH 29 2017...

CLIMATE NORMAL PERIOD 1981 TO 2010
CLIMATE RECORD PERIOD 1949 TO 2017


WEATHER ITEM   OBSERVED TIME   RECORD YEAR NORMAL DEPARTURE LAST
                VALUE   (LST)  VALUE       VALUE  FROM      YEAR
                                                  NORMAL
..................................................................
TEMPERATURE (F)
 YESTERDAY
  MAXIMUM         45    244 PM  79    1981  48     -3       44
  MINIMUM         32   1149 PM   6    1959  26      6       31
  AVERAGE         39                        37      2       38

PRECIPITATION (IN)
  YESTERDAY        0.05          1.28 1993   0.09  -0.04     0.00
  MONTH TO DATE    1.60                      2.75  -1.15     2.28
  SINCE MAR 1      1.60                      2.75  -1.15     2.28
  SINCE JAN 1      6.29                      7.69  -1.40     7.07

DEGREE DAYS
 HEATING
  YESTERDAY       26                        28     -2       27
  MONTH TO DATE 1005                       988     17      782
  SINCE MAR 1   1005                       988     17      782
  SINCE JUL 1   5527                      6608  -1081     4962

 COOLING
  YESTERDAY        0                         0      0        0
  MONTH TO DATE    0                         0      0        0
  SINCE MAR 1      0                         0      0        0
  SINCE JAN 1      0                         0      0        0
..................................................................


WIND (MPH)
  HIGHEST WIND SPEED    23   HIGHEST WIND DIRECTION     N (340)
  HIGHEST GUST SPEED    33   HIGHEST GUST DIRECTION    NW (330)
  AVERAGE WIND SPEED     7.2


SKY COVER
  AVERAGE SKY COVER 0.8



RELATIVE HUMIDITY (PERCENT)
 HIGHEST    92           300 AM
 LOWEST     43           400 PM
 AVERAGE    68

..........................................................


THE GLENS FALLS NY CLIMATE NORMALS FOR TODAY
                         NORMAL    RECORD    YEAR
 MAXIMUM TEMPERATURE (F)   49        85      1998
 MINIMUM TEMPERATURE (F)   26        10      2008


SUNRISE AND SUNSET
MARCH 30 2017.........SUNRISE   639 AM EDT   SUNSET   719 PM EDT
MARCH 31 2017.........SUNRISE   638 AM EDT   SUNSET   720 PM EDT


-  INDICATES NEGATIVE NUMBERS.
R  INDICATES RECORD WAS SET OR TIED.
MM INDICATES DATA IS MISSING.
T  INDICATES TRACE AMOUNT.




$$
