000
CDUS41 KALY 210636
CLIGFL


CLIMATE REPORT
NATIONAL WEATHER SERVICE ALBANY NY
134 AM EST TUE FEB 21 2017


...................................

...THE GLENS FALLS NY CLIMATE SUMMARY FOR FEBRUARY 20 2017...

CLIMATE NORMAL PERIOD 1981 TO 2010
CLIMATE RECORD PERIOD 1949 TO 2017


WEATHER ITEM   OBSERVED TIME   RECORD YEAR NORMAL DEPARTURE LAST
                VALUE   (LST)  VALUE       VALUE  FROM      YEAR
                                                  NORMAL
..................................................................
TEMPERATURE (F)
 YESTERDAY
  MAXIMUM         45   1205 AM  58    1981  34     11       56
  MINIMUM         18   1157 PM -23    1966  11      7       34
  AVERAGE         32                        23      9       45

PRECIPITATION (IN)
  YESTERDAY        0.00          0.72 1981   0.07  -0.07      T
  MONTH TO DATE    1.85                      1.46   0.39     2.46
  SINCE DEC 1      6.90                      7.37  -0.47     7.57
  SINCE JAN 1      4.03                      4.32  -0.29     3.52

DEGREE DAYS
 HEATING
  YESTERDAY       33                        42     -9       20
  MONTH TO DATE  772                       895   -123      716
  SINCE DEC 1   3025                      3593   -568     2604
  SINCE JUL 1   4341                      5291   -950     3895

 COOLING
  YESTERDAY        0                         0      0        0
  MONTH TO DATE    0                         0      0        0
  SINCE DEC 1      0                         0      0        0
  SINCE JAN 1      0                         0      0        0
..................................................................


WIND (MPH)
  HIGHEST WIND SPEED    16   HIGHEST WIND DIRECTION    NE (60)
  HIGHEST GUST SPEED    21   HIGHEST GUST DIRECTION     E (80)
  AVERAGE WIND SPEED     7.9


SKY COVER
  AVERAGE SKY COVER 0.1



RELATIVE HUMIDITY (PERCENT)
 HIGHEST    71          1100 PM
 LOWEST     40           100 PM
 AVERAGE    56

..........................................................


THE GLENS FALLS NY CLIMATE NORMALS FOR TODAY
                         NORMAL    RECORD    YEAR
 MAXIMUM TEMPERATURE (F)   34        65      1981
 MINIMUM TEMPERATURE (F)   11       -17      2015


SUNRISE AND SUNSET
FEBRUARY 21 2017......SUNRISE   643 AM EST   SUNSET   533 PM EST
FEBRUARY 22 2017......SUNRISE   642 AM EST   SUNSET   535 PM EST


-  INDICATES NEGATIVE NUMBERS.
R  INDICATES RECORD WAS SET OR TIED.
MM INDICATES DATA IS MISSING.
T  INDICATES TRACE AMOUNT.




$$
