532
CDUS41 KALY 210622
CLIGFL


CLIMATE REPORT
NATIONAL WEATHER SERVICE ALBANY NY
221 AM EDT THU SEP 21 2017


...................................

...THE GLENS FALLS NY CLIMATE SUMMARY FOR SEPTEMBER 20 2017...

CLIMATE NORMAL PERIOD 1981 TO 2010
CLIMATE RECORD PERIOD 1949 TO 2017


WEATHER ITEM   OBSERVED TIME   RECORD YEAR NORMAL DEPARTURE LAST
                VALUE   (LST)  VALUE       VALUE  FROM      YEAR
                                                  NORMAL
..................................................................
TEMPERATURE (F)
 YESTERDAY
  MAXIMUM         78    224 PM  86    1983  69      9       MM
  MINIMUM         62    634 AM  28    1993  45     17       MM
  AVERAGE         70                        57     13       MM

PRECIPITATION (IN)
  YESTERDAY        0.00          1.56 1977   0.12  -0.12    MM
  MONTH TO DATE    2.13                      2.16  -0.03     1.04
  SINCE SEP 1      2.13                      2.16  -0.03     1.04
  SINCE JAN 1     29.26                     27.97   1.29    22.20

DEGREE DAYS
 HEATING
  YESTERDAY        0                         9     -9       MM
  MONTH TO DATE   90                       112    -22       27
  SINCE SEP 1     90                       112    -22       27
  SINCE JUL 1    157                       178    -21       33

 COOLING
  YESTERDAY        5                         0      5       MM
  MONTH TO DATE   34                        23     11       55
  SINCE SEP 1     34                        23     11       55
  SINCE JAN 1    348                       350     -2      640
..................................................................


WIND (MPH)
  HIGHEST WIND SPEED    15   HIGHEST WIND DIRECTION     N (10)
  HIGHEST GUST SPEED    17   HIGHEST GUST DIRECTION     N (10)
  AVERAGE WIND SPEED     7.0


SKY COVER
  AVERAGE SKY COVER 0.0



RELATIVE HUMIDITY (PERCENT)
 HIGHEST    93           300 AM
 LOWEST     54           200 PM
 AVERAGE    74

..........................................................


THE GLENS FALLS NY CLIMATE NORMALS FOR TODAY
                         NORMAL    RECORD    YEAR
 MAXIMUM TEMPERATURE (F)   69        85      1965
 MINIMUM TEMPERATURE (F)   44        28      1973


SUNRISE AND SUNSET
SEPTEMBER 21 2017.....SUNRISE   641 AM EDT   SUNSET   653 PM EDT
SEPTEMBER 22 2017.....SUNRISE   642 AM EDT   SUNSET   651 PM EDT


-  INDICATES NEGATIVE NUMBERS.
R  INDICATES RECORD WAS SET OR TIED.
MM INDICATES DATA IS MISSING.
T  INDICATES TRACE AMOUNT.




$$
