293
CDUS41 KALY 290636
CLIGFL


CLIMATE REPORT
NATIONAL WEATHER SERVICE ALBANY NY
235 AM EDT MON MAY 29 2017


...................................

...THE GLENS FALLS NY CLIMATE SUMMARY FOR MAY 28 2017...

CLIMATE NORMAL PERIOD 1981 TO 2010
CLIMATE RECORD PERIOD 1949 TO 2017


WEATHER ITEM   OBSERVED TIME   RECORD YEAR NORMAL DEPARTURE LAST
                VALUE   (LST)  VALUE       VALUE  FROM      YEAR
                                                  NORMAL
..................................................................
TEMPERATURE (F)
 YESTERDAY
  MAXIMUM         74    400 PM  90    2016  72      2       90
  MINIMUM         53    423 AM  34    2008  47      6       60
  AVERAGE         64                        59      5       75

PRECIPITATION (IN)
  YESTERDAY        0.00          0.96 1984   0.11  -0.11     0.00
  MONTH TO DATE    5.06                      3.26   1.80     2.03
  SINCE MAR 1     10.90                      9.20   1.70     5.77
  SINCE JAN 1     15.59                     14.14   1.45    10.56

DEGREE DAYS
 HEATING
  YESTERDAY        1                         7     -6        0
  MONTH TO DATE  270                       292    -22      256
  SINCE MAR 1   1782                      1948   -166     1703
  SINCE JUL 1   6304                      7568  -1264     5883

 COOLING
  YESTERDAY        0                         1     -1       10
  MONTH TO DATE   15                         5     10       27
  SINCE MAR 1     21                         6     15       27
  SINCE JAN 1     21                         6     15       27
..................................................................


WIND (MPH)
  HIGHEST WIND SPEED    14   HIGHEST WIND DIRECTION     S (170)
  HIGHEST GUST SPEED    16   HIGHEST GUST DIRECTION    SW (220)
  AVERAGE WIND SPEED     5.2


SKY COVER
  AVERAGE SKY COVER 0.7



RELATIVE HUMIDITY (PERCENT)
 HIGHEST    93           500 AM
 LOWEST     53           300 PM
 AVERAGE    73

..........................................................


THE GLENS FALLS NY CLIMATE NORMALS FOR TODAY
                         NORMAL    RECORD    YEAR
 MAXIMUM TEMPERATURE (F)   72        90      2016
 MINIMUM TEMPERATURE (F)   47        30      1967


SUNRISE AND SUNSET
MAY 29 2017...........SUNRISE   518 AM EDT   SUNSET   826 PM EDT
MAY 30 2017...........SUNRISE   518 AM EDT   SUNSET   827 PM EDT


-  INDICATES NEGATIVE NUMBERS.
R  INDICATES RECORD WAS SET OR TIED.
MM INDICATES DATA IS MISSING.
T  INDICATES TRACE AMOUNT.




$$
