000
CDUS44 KSHV 280843
CLIGGG


CLIMATE REPORT
NATIONAL WEATHER SERVICE SHREVEPORT, LA
243 AM CST WED JAN 28 2015


...................................

...THE LONGVIEW CLIMATE SUMMARY FOR JANUARY 27 2015...

CLIMATE NORMAL PERIOD 1981 TO 2010
CLIMATE RECORD PERIOD 1902 TO 2015


WEATHER ITEM   OBSERVED TIME   RECORD YEAR NORMAL DEPARTURE LAST
                VALUE   (LST)  VALUE       VALUE  FROM      YEAR
                                                  NORMAL
..................................................................
TEMPERATURE (F)
 YESTERDAY
  MAXIMUM         78    331 PM  80    1947  58     20       52
  MINIMUM         39    720 AM  13    1904  36      3       35
  AVERAGE         59                        47     12       44

PRECIPITATION (IN)
  YESTERDAY        0.00          1.62 1994   0.12  -0.12     0.00
  MONTH TO DATE    5.42                      2.85   2.57     0.47
  SINCE DEC 1      7.72                      7.34   0.38     4.62
  SINCE JAN 1      5.42                      2.85   2.57     0.47

SNOWFALL (IN)
  YESTERDAY        0.0
  MONTH TO DATE    0.0
  SINCE DEC 1      0.0
  SINCE JUL 1      0.0
  SNOW DEPTH       0

DEGREE DAYS
 HEATING
  YESTERDAY        6                        18    -12       21
  MONTH TO DATE  570                       508     62      538
  SINCE DEC 1   1012                      1042    -30     1111
  SINCE JUL 1   1422                      1414      8     1539

 COOLING
  YESTERDAY        0                         0      0        0
  MONTH TO DATE    0                         0      0        0
  SINCE DEC 1      5                         6     -1       11
  SINCE JAN 1      0                         0      0        0
..................................................................


WIND (MPH)
  HIGHEST WIND SPEED     7   HIGHEST WIND DIRECTION    SW (220)
  HIGHEST GUST SPEED    10   HIGHEST GUST DIRECTION     S (160)
  AVERAGE WIND SPEED     1.8


SKY COVER
  POSSIBLE SUNSHINE  MM
  AVERAGE SKY COVER 0.0


WEATHER CONDITIONS
 THE FOLLOWING WEATHER WAS RECORDED YESTERDAY.
  NO SIGNIFICANT WEATHER WAS OBSERVED.


RELATIVE HUMIDITY (PERCENT)
 HIGHEST    85           500 AM
 LOWEST     27           300 PM
 AVERAGE    56

..........................................................


THE LONGVIEW CLIMATE NORMALS FOR TODAY
                         NORMAL    RECORD    YEAR
 MAXIMUM TEMPERATURE (F)   58        83      1975
 MINIMUM TEMPERATURE (F)   36        15      1963


SUNRISE AND SUNSET
JANUARY 28 2015.......SUNRISE   716 AM CST   SUNSET   548 PM CST
JANUARY 29 2015.......SUNRISE   715 AM CST   SUNSET   549 PM CST


-  INDICATES NEGATIVE NUMBERS.
R  INDICATES RECORD WAS SET OR TIED.
MM INDICATES DATA IS MISSING.
T  INDICATES TRACE AMOUNT.




$$
