000
CDUS44 KSHV 242159
CLIGGG


CLIMATE REPORT
NATIONAL WEATHER SERVICE SHREVEPORT, LA
459 PM CDT MON APR 24 2017


...................................

...THE LONGVIEW CLIMATE SUMMARY FOR APRIL 24 2017...
VALID TODAY AS OF 0400 PM LOCAL TIME.

CLIMATE NORMAL PERIOD 1981 TO 2010
CLIMATE RECORD PERIOD 1902 TO 2017


WEATHER ITEM   OBSERVED TIME   RECORD YEAR NORMAL DEPARTURE LAST
                VALUE   (LST)  VALUE       VALUE  FROM      YEAR
                                                  NORMAL
..................................................................
TEMPERATURE (F)
 TODAY
  MAXIMUM         79    259 PM  92    1935  78      1       79
  MINIMUM         45    605 AM  38    2005  56    -11       56
  AVERAGE         62                        67     -5       68

PRECIPITATION (IN)
  TODAY            0.00          5.71 1966   0.11  -0.11     0.00
  MONTH TO DATE    5.65                      2.54   3.11     4.53
  SINCE DEC 1     20.87                     18.74   2.13    25.52
  SINCE JAN 1     16.07                     14.25   1.82    19.46

SNOWFALL (IN)
  TODAY            0.0
  MONTH TO DATE    0.0
  SINCE MAR 1      0.0
  SINCE JUL 1      0.0
  SNOW DEPTH       0

DEGREE DAYS
 HEATING
  TODAY            3                         1      2        0
  MONTH TO DATE   28                        83    -55       49
  SINCE MAR 1    175                       338   -163      190
  SINCE JUL 1   1276                      2242   -966     1639

 COOLING
  TODAY            0                         4     -4        3
  MONTH TO DATE  114                        61     53       44
  SINCE MAR 1    212                        88    124       82
  SINCE JAN 1    283                       100    183       88
..................................................................


WIND (MPH)
  HIGHEST WIND SPEED    13   HIGHEST WIND DIRECTION     S (160)
  HIGHEST GUST SPEED    17   HIGHEST GUST DIRECTION     S (180)
  AVERAGE WIND SPEED     2.6


SKY COVER
  POSSIBLE SUNSHINE  MM
  AVERAGE SKY COVER 0.0


WEATHER CONDITIONS
 THE FOLLOWING WEATHER WAS RECORDED TODAY.
  NO SIGNIFICANT WEATHER WAS OBSERVED.


RELATIVE HUMIDITY (PERCENT)
 HIGHEST   100           500 AM
 LOWEST     31          1000 AM
 AVERAGE    66

..........................................................


THE LONGVIEW CLIMATE NORMALS FOR TOMORROW
                         NORMAL    RECORD    YEAR
 MAXIMUM TEMPERATURE (F)   79        90      1943
 MINIMUM TEMPERATURE (F)   56        35      1910


SUNRISE AND SUNSET
APRIL 24 2017.........SUNRISE   639 AM CDT   SUNSET   755 PM CDT
APRIL 25 2017.........SUNRISE   638 AM CDT   SUNSET   756 PM CDT


-  INDICATES NEGATIVE NUMBERS.
R  INDICATES RECORD WAS SET OR TIED.
MM INDICATES DATA IS MISSING.
T  INDICATES TRACE AMOUNT.




$$
