000
CDUS44 KSHV 230742
CLIGGG


CLIMATE REPORT
NATIONAL WEATHER SERVICE SHREVEPORT, LA
241 AM CDT TUE AUG 23 2016


...................................

...THE LONGVIEW CLIMATE SUMMARY FOR AUGUST 22 2016...

CLIMATE NORMAL PERIOD 1981 TO 2010
CLIMATE RECORD PERIOD 1902 TO 2016


WEATHER ITEM   OBSERVED TIME   RECORD YEAR NORMAL DEPARTURE LAST
                VALUE   (LST)  VALUE       VALUE  FROM      YEAR
                                                  NORMAL
..................................................................
TEMPERATURE (F)
 YESTERDAY
  MAXIMUM         89    105 PM 106    1948  94     -5       95
  MINIMUM         72   1159 PM  57    1956  71      1       75
  AVERAGE         81                        82     -1       85

PRECIPITATION (IN)
  YESTERDAY        0.36          2.20 1919   0.10   0.26     0.00
  MONTH TO DATE    4.77                      2.11   2.66     1.62
  SINCE DEC 1     45.66                     34.23  11.43    45.53
  SINCE JAN 1     39.60                     29.74   9.86    43.23

SNOWFALL (IN)
  YESTERDAY        0.0
  MONTH TO DATE    0.0
  SINCE JUN 1      0.0
  SINCE JUL 1      0.0
  SNOW DEPTH       0

DEGREE DAYS
 HEATING
  YESTERDAY        0                         0      0        0
  MONTH TO DATE    0                         0      0        0
  SINCE JUN 1      0                         0      0        0
  SINCE JUL 1      0                         0      0        0

 COOLING
  YESTERDAY       16                        17     -1       20
  MONTH TO DATE  412                       402     10      462
  SINCE JUN 1   1530                      1413    117     1569
  SINCE JAN 1   1892                      1792    100     2027
..................................................................


WIND (MPH)
  HIGHEST WIND SPEED    23   HIGHEST WIND DIRECTION    NW (300)
  HIGHEST GUST SPEED    29   HIGHEST GUST DIRECTION    NW (300)
  AVERAGE WIND SPEED     5.3


SKY COVER
  POSSIBLE SUNSHINE  MM
  AVERAGE SKY COVER 0.6


WEATHER CONDITIONS
 THE FOLLOWING WEATHER WAS RECORDED YESTERDAY.
  THUNDERSTORM
  LIGHT RAIN
  FOG


RELATIVE HUMIDITY (PERCENT)
 HIGHEST   100           100 AM
 LOWEST     68           100 PM
 AVERAGE    84

..........................................................


THE LONGVIEW CLIMATE NORMALS FOR TODAY
                         NORMAL    RECORD    YEAR
 MAXIMUM TEMPERATURE (F)   94       107      1980
 MINIMUM TEMPERATURE (F)   71        58      1931


SUNRISE AND SUNSET
AUGUST 23 2016........SUNRISE   648 AM CDT   SUNSET   754 PM CDT
AUGUST 24 2016........SUNRISE   649 AM CDT   SUNSET   752 PM CDT


-  INDICATES NEGATIVE NUMBERS.
R  INDICATES RECORD WAS SET OR TIED.
MM INDICATES DATA IS MISSING.
T  INDICATES TRACE AMOUNT.




$$
