000
CDUS44 KSHV 232254
CLIGGG


CLIMATE REPORT
NATIONAL WEATHER SERVICE SHREVEPORT, LA
454 PM CST THU FEB 23 2017


...................................

...THE LONGVIEW CLIMATE SUMMARY FOR FEBRUARY 23 2017...
VALID TODAY AS OF 0400 PM LOCAL TIME.

CLIMATE NORMAL PERIOD 1981 TO 2010
CLIMATE RECORD PERIOD 1902 TO 2017


WEATHER ITEM   OBSERVED TIME   RECORD YEAR NORMAL DEPARTURE LAST
                VALUE   (LST)  VALUE       VALUE  FROM      YEAR
                                                  NORMAL
..................................................................
TEMPERATURE (F)
 TODAY
  MAXIMUM         84    351 PM  90    1996  64     20       52
  MINIMUM         53    538 AM  24    1914  41     12       41
  AVERAGE         69                        52     17       47

PRECIPITATION (IN)
  TODAY            0.00          2.08 1902   0.15  -0.15     0.59
  MONTH TO DATE    2.36                      3.28  -0.92     2.56
  SINCE DEC 1     12.66                     11.09   1.57    10.34
  SINCE JAN 1      7.86                      6.60   1.26     4.28

SNOWFALL (IN)
  TODAY            0.0
  MONTH TO DATE    0.0
  SINCE DEC 1      0.0
  SINCE JUL 1      0.0
  SNOW DEPTH       0

DEGREE DAYS
 HEATING
  TODAY            0                        13    -13       18
  MONTH TO DATE  141                       360   -219      259
  SINCE DEC 1    907                      1471   -564     1178
  SINCE JUL 1   1067                      1843   -776     1378

 COOLING
  TODAY            4                         0      4        0
  MONTH TO DATE   34                         0     34        6
  SINCE DEC 1     71                        10     61       28
  SINCE JAN 1     53                         4     49        6
..................................................................


WIND (MPH)
  HIGHEST WIND SPEED    24   HIGHEST WIND DIRECTION     S (190)
  HIGHEST GUST SPEED    29   HIGHEST GUST DIRECTION    SW (210)
  AVERAGE WIND SPEED    11.2


SKY COVER
  POSSIBLE SUNSHINE  MM
  AVERAGE SKY COVER 0.0


WEATHER CONDITIONS
 THE FOLLOWING WEATHER WAS RECORDED TODAY.
  NO SIGNIFICANT WEATHER WAS OBSERVED.


RELATIVE HUMIDITY (PERCENT)
 HIGHEST   100           500 AM
 LOWEST     33          1200 PM
 AVERAGE    67

..........................................................


THE LONGVIEW CLIMATE NORMALS FOR TOMORROW
                         NORMAL    RECORD    YEAR
 MAXIMUM TEMPERATURE (F)   64        87      1996
 MINIMUM TEMPERATURE (F)   41        21      1914


SUNRISE AND SUNSET
FEBRUARY 23 2017......SUNRISE   653 AM CST   SUNSET   612 PM CST
FEBRUARY 24 2017......SUNRISE   652 AM CST   SUNSET   613 PM CST


-  INDICATES NEGATIVE NUMBERS.
R  INDICATES RECORD WAS SET OR TIED.
MM INDICATES DATA IS MISSING.
T  INDICATES TRACE AMOUNT.




$$
