000
CDUS44 KSHV 150843
CLIGGG


CLIMATE REPORT
NATIONAL WEATHER SERVICE SHREVEPORT, LA
243 AM CST FRI DEC 15 2017


...................................

...THE LONGVIEW CLIMATE SUMMARY FOR DECEMBER 14 2017...

CLIMATE NORMAL PERIOD 1981 TO 2010
CLIMATE RECORD PERIOD 1902 TO 2017


WEATHER ITEM   OBSERVED TIME   RECORD YEAR NORMAL DEPARTURE LAST
                VALUE   (LST)  VALUE       VALUE  FROM      YEAR
                                                  NORMAL
..................................................................
TEMPERATURE (F)
 YESTERDAY
  MAXIMUM         62    233 PM  80    1933  58      4       55
  MINIMUM         34    426 AM  20    1914  37     -3       46
  AVERAGE         48                        48      0       51

PRECIPITATION (IN)
  YESTERDAY        0.00          1.82 1905   0.14  -0.14     0.00
  MONTH TO DATE    0.51                      2.22  -1.71     2.70
  SINCE DEC 1      0.51                      2.22  -1.71     2.70
  SINCE JAN 1     40.01                     45.28  -5.27    47.32

SNOWFALL (IN)
  YESTERDAY        0.0
  MONTH TO DATE    0.0
  SINCE DEC 1      0.0
  SINCE JUL 1      0.0
  SNOW DEPTH       0

DEGREE DAYS
 HEATING
  YESTERDAY       17                        17      0       14
  MONTH TO DATE  195                       224    -29      220
  SINCE DEC 1    195                       224    -29      220
  SINCE JUL 1    475                       596   -121      380

 COOLING
  YESTERDAY        0                         0      0        0
  MONTH TO DATE    4                         0      4        0
  SINCE DEC 1      4                         0      4        0
  SINCE JAN 1   2703                      2417    286     2729
..................................................................


WIND (MPH)
  HIGHEST WIND SPEED    15   HIGHEST WIND DIRECTION     N (350)
  HIGHEST GUST SPEED    20   HIGHEST GUST DIRECTION     N (350)
  AVERAGE WIND SPEED     4.6


SKY COVER
  POSSIBLE SUNSHINE  MM
  AVERAGE SKY COVER 0.1


WEATHER CONDITIONS
 THE FOLLOWING WEATHER WAS RECORDED YESTERDAY.
  NO SIGNIFICANT WEATHER WAS OBSERVED.


RELATIVE HUMIDITY (PERCENT)
 HIGHEST    92           200 AM
 LOWEST     39           200 PM
 AVERAGE    66

..........................................................


THE LONGVIEW CLIMATE NORMALS FOR TODAY
                         NORMAL    RECORD    YEAR
 MAXIMUM TEMPERATURE (F)   58        80      1995
 MINIMUM TEMPERATURE (F)   37        16      1958


SUNRISE AND SUNSET
DECEMBER 15 2017......SUNRISE   713 AM CST   SUNSET   515 PM CST
DECEMBER 16 2017......SUNRISE   714 AM CST   SUNSET   516 PM CST


-  INDICATES NEGATIVE NUMBERS.
R  INDICATES RECORD WAS SET OR TIED.
MM INDICATES DATA IS MISSING.
T  INDICATES TRACE AMOUNT.




$$
