000
CDUS44 KSHV 220900
CLIGGG


CLIMATE REPORT
NATIONAL WEATHER SERVICE SHREVEPORT, LA
300 AM CST SUN JAN 22 2017


...................................

...THE LONGVIEW CLIMATE SUMMARY FOR JANUARY 21 2017...

CLIMATE NORMAL PERIOD 1981 TO 2010
CLIMATE RECORD PERIOD 1902 TO 2017


WEATHER ITEM   OBSERVED TIME   RECORD YEAR NORMAL DEPARTURE LAST
                VALUE   (LST)  VALUE       VALUE  FROM      YEAR
                                                  NORMAL
..................................................................
TEMPERATURE (F)
 YESTERDAY
  MAXIMUM         72    306 PM  83    1911  57     15       47
  MINIMUM         48    607 AM  15    1963  36     12       36
  AVERAGE         60                        46     14       42

PRECIPITATION (IN)
  YESTERDAY        0.09          1.86 1923   0.11  -0.02     0.97
  MONTH TO DATE    5.48                      2.17   3.31     1.72
  SINCE DEC 1     10.28                      6.66   3.62     7.78
  SINCE JAN 1      5.48                      2.17   3.31     1.72

SNOWFALL (IN)
  YESTERDAY        0.0
  MONTH TO DATE    0.0
  SINCE DEC 1      0.0
  SINCE JUL 1      0.0
  SNOW DEPTH       0

DEGREE DAYS
 HEATING
  YESTERDAY        5                        19    -14       23
  MONTH TO DATE  235                       399   -164      418
  SINCE DEC 1    650                       933   -283      775
  SINCE JUL 1    810                      1305   -495      975

 COOLING
  YESTERDAY        0                         0      0        0
  MONTH TO DATE   19                         0     19        0
  SINCE DEC 1     37                         6     31       22
  SINCE JAN 1     19                         0     19        0
..................................................................


WIND (MPH)
  HIGHEST WIND SPEED    25   HIGHEST WIND DIRECTION     W (260)
  HIGHEST GUST SPEED    35   HIGHEST GUST DIRECTION     W (260)
  AVERAGE WIND SPEED     6.9


SKY COVER
  POSSIBLE SUNSHINE  MM
  AVERAGE SKY COVER 0.4


WEATHER CONDITIONS
 THE FOLLOWING WEATHER WAS RECORDED YESTERDAY.
  THUNDERSTORM
  RAIN
  LIGHT RAIN
  FOG
  FOG W/VISIBILITY <= 1/4 MILE


RELATIVE HUMIDITY (PERCENT)
 HIGHEST   100           200 AM
 LOWEST     78           200 PM
 AVERAGE    89

..........................................................


THE LONGVIEW CLIMATE NORMALS FOR TODAY
                         NORMAL    RECORD    YEAR
 MAXIMUM TEMPERATURE (F)   58        80      1909
 MINIMUM TEMPERATURE (F)   36         6      1930


SUNRISE AND SUNSET
JANUARY 22 2017.......SUNRISE   718 AM CST   SUNSET   543 PM CST
JANUARY 23 2017.......SUNRISE   718 AM CST   SUNSET   544 PM CST


-  INDICATES NEGATIVE NUMBERS.
R  INDICATES RECORD WAS SET OR TIED.
MM INDICATES DATA IS MISSING.
T  INDICATES TRACE AMOUNT.




$$
