000
CDUS44 KSHV 280748
CLIGGG


CLIMATE REPORT
NATIONAL WEATHER SERVICE SHREVEPORT, LA
245 AM CDT WED SEP 28 2016


...................................

...THE LONGVIEW CLIMATE SUMMARY FOR SEPTEMBER 27 2016...

CLIMATE NORMAL PERIOD 1981 TO 2010
CLIMATE RECORD PERIOD 1902 TO 2016


WEATHER ITEM   OBSERVED TIME   RECORD YEAR NORMAL DEPARTURE LAST
                VALUE   (LST)  VALUE       VALUE  FROM      YEAR
                                                  NORMAL
..................................................................
TEMPERATURE (F)
 YESTERDAY
  MAXIMUM         79    140 PM  99    1910  84     -5       91
  MINIMUM         62   1159 PM  45    2000  60      2       60
  AVERAGE         71                        72     -1       76

PRECIPITATION (IN)
  YESTERDAY        0.00          4.32 1960   0.13  -0.13      T
  MONTH TO DATE    0.31                      2.96  -2.65     0.04
  SINCE DEC 1     47.07                     38.10   8.97    45.74
  SINCE JAN 1     41.01                     33.61   7.40    43.44

SNOWFALL (IN)
  YESTERDAY        0.0
  MONTH TO DATE    0.0
  SINCE SEP 1      0.0
  SINCE JUL 1      0.0
  SNOW DEPTH       0

DEGREE DAYS
 HEATING
  YESTERDAY        0                         1     -1        0
  MONTH TO DATE    0                         1     -1        0
  SINCE SEP 1      0                         1     -1        0
  SINCE JUL 1      0                         1     -1        0

 COOLING
  YESTERDAY        6                         8     -2       11
  MONTH TO DATE  414                       318     96      427
  SINCE SEP 1    414                       318     96      427
  SINCE JAN 1   2459                      2258    201     2599
..................................................................


WIND (MPH)
  HIGHEST WIND SPEED    10   HIGHEST WIND DIRECTION    NE (50)
  HIGHEST GUST SPEED    14   HIGHEST GUST DIRECTION    NE (60)
  AVERAGE WIND SPEED     3.2


SKY COVER
  POSSIBLE SUNSHINE  MM
  AVERAGE SKY COVER 0.5


WEATHER CONDITIONS
 THE FOLLOWING WEATHER WAS RECORDED YESTERDAY.
  NO SIGNIFICANT WEATHER WAS OBSERVED.


RELATIVE HUMIDITY (PERCENT)
 HIGHEST    93          1000 PM
 LOWEST     45           100 PM
 AVERAGE    69

..........................................................


THE LONGVIEW CLIMATE NORMALS FOR TODAY
                         NORMAL    RECORD    YEAR
 MAXIMUM TEMPERATURE (F)   84       100      1938
 MINIMUM TEMPERATURE (F)   60        44      1908


SUNRISE AND SUNSET
SEPTEMBER 28 2016.....SUNRISE   711 AM CDT   SUNSET   707 PM CDT
SEPTEMBER 29 2016.....SUNRISE   712 AM CDT   SUNSET   705 PM CDT


-  INDICATES NEGATIVE NUMBERS.
R  INDICATES RECORD WAS SET OR TIED.
MM INDICATES DATA IS MISSING.
T  INDICATES TRACE AMOUNT.




$$
