000
CDUS45 KGGW 210740
CLIGGW


CLIMATE REPORT
NATIONAL WEATHER SERVICE GLASGOW MT
140 AM MDT SUN SEP 21 2014


...................................

...THE GLASGOW MT CLIMATE SUMMARY FOR SEPTEMBER 20 2014...

CLIMATE NORMAL PERIOD 1981 TO 2010
CLIMATE RECORD PERIOD 1893 TO 2014


WEATHER ITEM   OBSERVED TIME   RECORD YEAR NORMAL DEPARTURE LAST
                VALUE   (LST)  VALUE       VALUE  FROM      YEAR
                                                  NORMAL
..................................................................
TEMPERATURE (F)
 YESTERDAY
  MAXIMUM         74    257 PM 100    1922  70      4       73
  MINIMUM         49   1159 PM  20    1995  43      6       38
  AVERAGE         62                        56      6       56

PRECIPITATION (IN)
  YESTERDAY        0.00          0.80 1986   0.03  -0.03     0.00
  MONTH TO DATE    0.40                      0.62  -0.22     1.67
  SINCE OCT 1     14.80                     11.34   3.46    16.46
  SINCE JAN 1     13.35                      9.79   3.56    14.26

SNOWFALL (IN)
  YESTERDAY        0.0           T    1957   0.1   -0.1      0.0
  MONTH TO DATE    0.0                       0.1   -0.1      0.0
  SINCE SEP 1      0.0                       0.1   -0.1      0.0
  SINCE JUL 1      0.0                       0.1   -0.1      0.0
  SNOW DEPTH       0

DEGREE DAYS
 HEATING
  YESTERDAY        3                        10     -7        9
  MONTH TO DATE  172                       125     47       32
  SINCE SEP 1    172                       125     47       32
  SINCE JUL 1    225                       178     47       47

 COOLING
  YESTERDAY        0                         1     -1        0
  MONTH TO DATE    5                        35    -30       86
  SINCE SEP 1      5                        35    -30       86
  SINCE JAN 1    477                       530    -53      563
..................................................................


WIND (MPH)
  HIGHEST WIND SPEED    26   HIGHEST WIND DIRECTION    NW (310)
  HIGHEST GUST SPEED    32   HIGHEST GUST DIRECTION    NW (310)
  AVERAGE WIND SPEED    11.8


SKY COVER
  POSSIBLE SUNSHINE  MM
  AVERAGE SKY COVER 0.0


WEATHER CONDITIONS
 THE FOLLOWING WEATHER WAS RECORDED YESTERDAY.
  NO SIGNIFICANT WEATHER WAS OBSERVED.


RELATIVE HUMIDITY (PERCENT)
 HIGHEST    83           700 AM
 LOWEST     23           300 PM
 AVERAGE    53

..........................................................


THE GLASGOW MT CLIMATE NORMALS FOR TODAY
                         NORMAL    RECORD    YEAR
 MAXIMUM TEMPERATURE (F)   69        98      1922
 MINIMUM TEMPERATURE (F)   42        15      1995
                                             1895


SUNRISE AND SUNSET
SEPTEMBER 21 2014.....SUNRISE   652 AM MDT   SUNSET   706 PM MDT
SEPTEMBER 22 2014.....SUNRISE   653 AM MDT   SUNSET   704 PM MDT


-  INDICATES NEGATIVE NUMBERS.
R  INDICATES RECORD WAS SET OR TIED.
MM INDICATES DATA IS MISSING.
T  INDICATES TRACE AMOUNT.




$$
