000
CDUS45 KGGW 080015
CLIGGW


CLIMATE REPORT
NATIONAL WEATHER SERVICE GLASGOW MT
615 PM MDT TUE JUL 7 2015


...................................

...THE GLASGOW MT CLIMATE SUMMARY FOR JULY 7 2015...
VALID TODAY AS OF 0500 PM LOCAL TIME.

CLIMATE NORMAL PERIOD 1981 TO 2010
CLIMATE RECORD PERIOD 1893 TO 2015


WEATHER ITEM   OBSERVED TIME   RECORD YEAR NORMAL DEPARTURE LAST
                VALUE   (LST)  VALUE       VALUE  FROM      YEAR
                                                  NORMAL
..................................................................
TEMPERATURE (F)
 TODAY
  MAXIMUM         83    256 PM 103    1894  83      0       80
  MINIMUM         54    344 AM  43    1940  56     -2       57
                                      1901
  AVERAGE         69                        70     -1       69

PRECIPITATION (IN)
  TODAY            T             1.15 1974   0.07  -0.07     0.22
  MONTH TO DATE    0.34                      0.45  -0.11     0.22
  SINCE OCT 1      8.50                      8.15   0.35     7.32
  SINCE JAN 1      7.24                      6.60   0.64     5.87

SNOWFALL (IN)
  TODAY            0.0           T    1955   0.0    0.0      0.0
  MONTH TO DATE    0.0                       0.0    0.0      0.0
  SINCE JUN 1      0.0                       0.0    0.0      0.0
  SINCE JUL 1      0.0                       0.0    0.0      0.0
  SNOW DEPTH       0

DEGREE DAYS
 HEATING
  TODAY            0                         1     -1        0
  MONTH TO DATE    0                         7     -7        0
  SINCE JUN 1     46                       112    -66      108
  SINCE JUL 1      0                         7     -7        0

 COOLING
  TODAY            4                         5     -1        4
  MONTH TO DATE   38                        34      4       45
  SINCE JUN 1    165                       109     56       65
  SINCE JAN 1    165                       126     39       99
..................................................................


WIND (MPH)
  HIGHEST WIND SPEED    15   HIGHEST WIND DIRECTION     W (280)
  HIGHEST GUST SPEED    18   HIGHEST GUST DIRECTION     W (280)
  AVERAGE WIND SPEED     9.3


SKY COVER
  POSSIBLE SUNSHINE  MM
  AVERAGE SKY COVER 0.3


WEATHER CONDITIONS
 THE FOLLOWING WEATHER WAS RECORDED TODAY.
  LIGHT RAIN
  HAZE


RELATIVE HUMIDITY (PERCENT)
 HIGHEST    83           300 AM
 LOWEST     26           300 PM
 AVERAGE    55

..........................................................


THE GLASGOW MT CLIMATE NORMALS FOR TOMORROW
                         NORMAL    RECORD    YEAR
 MAXIMUM TEMPERATURE (F)   84       104      1983
                                             1947
                                             1930
 MINIMUM TEMPERATURE (F)   56        34      1904


SUNRISE AND SUNSET
JULY  7 2015..........SUNRISE   514 AM MDT   SUNSET   908 PM MDT
JULY  8 2015..........SUNRISE   515 AM MDT   SUNSET   908 PM MDT


-  INDICATES NEGATIVE NUMBERS.
R  INDICATES RECORD WAS SET OR TIED.
MM INDICATES DATA IS MISSING.
T  INDICATES TRACE AMOUNT.

$$
