000
CDUS45 KGGW 120741
CLIGGW


CLIMATE REPORT
NATIONAL WEATHER SERVICE GLASGOW MT
140 AM MDT SAT JUL 12 2014


...................................

...THE GLASGOW MT CLIMATE SUMMARY FOR JULY 11 2014...

CLIMATE NORMAL PERIOD 1981 TO 2010
CLIMATE RECORD PERIOD 1893 TO 2014


WEATHER ITEM   OBSERVED TIME   RECORD YEAR NORMAL DEPARTURE LAST
                VALUE   (LST)  VALUE       VALUE  FROM      YEAR
                                                  NORMAL
..................................................................
TEMPERATURE (F)
 YESTERDAY
  MAXIMUM         81    404 PM 108    1925  84     -3       93
  MINIMUM         59   1159 PM  42    1900  57      2       62
  AVERAGE         70                        70      0       78

PRECIPITATION (IN)
  YESTERDAY        0.31          1.84 1914   0.06   0.25     0.00
  MONTH TO DATE    0.54                      0.70  -0.16     0.40
  SINCE OCT 1      7.64                      8.40  -0.76    14.06
  SINCE JAN 1      6.19                      6.85  -0.66    11.86

SNOWFALL (IN)
  YESTERDAY        0.0           0.0  2002   0.0    0.0      0.0
                                      2001
                                      2000
  MONTH TO DATE    0.0                       0.0    0.0      0.0
  SINCE JUN 1      0.0                       0.0    0.0      0.0
  SINCE JUL 1      0.0                       0.0    0.0      0.0
  SNOW DEPTH       0

DEGREE DAYS
 HEATING
  YESTERDAY        0                         1     -1        0
  MONTH TO DATE    0                        11    -11        0
  SINCE JUN 1    108                       116     -8       84
  SINCE JUL 1      0                        11    -11        0

 COOLING
  YESTERDAY        5                         6     -1       13
  MONTH TO DATE   76                        58     18       85
  SINCE JUN 1     96                       133    -37      134
  SINCE JAN 1    130                       150    -20      143
..................................................................


WIND (MPH)
  HIGHEST WIND SPEED    22   HIGHEST WIND DIRECTION    NW (310)
  HIGHEST GUST SPEED    27   HIGHEST GUST DIRECTION    NW (300)
  AVERAGE WIND SPEED     9.0


SKY COVER
  POSSIBLE SUNSHINE  MM
  AVERAGE SKY COVER 0.2


WEATHER CONDITIONS
 THE FOLLOWING WEATHER WAS RECORDED YESTERDAY.
  THUNDERSTORM
  RAIN
  LIGHT RAIN
  FOG


RELATIVE HUMIDITY (PERCENT)
 HIGHEST    84          1000 PM
 LOWEST     32           500 PM
 AVERAGE    58

..........................................................


THE GLASGOW MT CLIMATE NORMALS FOR TODAY
                         NORMAL    RECORD    YEAR
 MAXIMUM TEMPERATURE (F)   85       105      1925
 MINIMUM TEMPERATURE (F)   57        41      1911


SUNRISE AND SUNSET
JULY 12 2014..........SUNRISE   519 AM MDT   SUNSET   905 PM MDT
JULY 13 2014..........SUNRISE   520 AM MDT   SUNSET   904 PM MDT


-  INDICATES NEGATIVE NUMBERS.
R  INDICATES RECORD WAS SET OR TIED.
MM INDICATES DATA IS MISSING.
T  INDICATES TRACE AMOUNT.




$$
