000
CDUS45 KGGW 240016
CLIGGW


CLIMATE REPORT
NATIONAL WEATHER SERVICE GLASGOW MT
515 PM MST SUN NOV 23 2014


...................................

...THE GLASGOW MT CLIMATE SUMMARY FOR NOVEMBER 23 2014...
VALID TODAY AS OF 0500 PM LOCAL TIME.

CLIMATE NORMAL PERIOD 1981 TO 2010
CLIMATE RECORD PERIOD 1893 TO 2014


WEATHER ITEM   OBSERVED TIME   RECORD YEAR NORMAL DEPARTURE LAST
                VALUE   (LST)  VALUE       VALUE  FROM      YEAR
                                                  NORMAL
..................................................................
TEMPERATURE (F)
 TODAY
  MAXIMUM         38   1202 AM  61    2011  35      3       24
  MINIMUM         20    515 PM -26    1985  15      5        0
  AVERAGE         29                        25      4       12

PRECIPITATION (IN)
  TODAY            T             0.42 1993   0.02  -0.02     0.00
  MONTH TO DATE    0.34                      0.32   0.02     0.34
  SINCE OCT 1      0.75                      1.07  -0.32     0.58
  SINCE JAN 1     14.49                     11.18   3.31    15.00

SNOWFALL (IN)
  TODAY            T            10.4  1993   0.2   -0.2      0.0
  MONTH TO DATE    7.0                       3.7    3.3      3.6
  SINCE SEP 1      7.0                       5.2    1.8      3.7
  SINCE JUL 1      7.0                       5.2    1.8      3.7
  SNOW DEPTH       T  (12Z / 5AM)

DEGREE DAYS
 HEATING
  TODAY           36                        40     -4       53
  MONTH TO DATE  967                       777    190      832
  SINCE SEP 1   1687                      1648     39     1622
  SINCE JUL 1   1740                      1701     39     1637

 COOLING
  TODAY            0                         0      0        0
  MONTH TO DATE    0                         0      0        0
  SINCE SEP 1     23                        38    -15       86
  SINCE JAN 1    495                       533    -38      563
..................................................................


WIND (MPH)
  HIGHEST WIND SPEED    38   HIGHEST WIND DIRECTION    NW (300)
  HIGHEST GUST SPEED    47   HIGHEST GUST DIRECTION    NW (300)
  AVERAGE WIND SPEED    25.1


SKY COVER
  POSSIBLE SUNSHINE  MM
  AVERAGE SKY COVER 0.8


WEATHER CONDITIONS
 THE FOLLOWING WEATHER WAS RECORDED TODAY.
  LIGHT SNOW
  FOG


RELATIVE HUMIDITY (PERCENT)
 HIGHEST    81           600 AM
 LOWEST     59           100 AM
 AVERAGE    70

..........................................................


THE GLASGOW MT CLIMATE NORMALS FOR TOMORROW
                         NORMAL    RECORD    YEAR
 MAXIMUM TEMPERATURE (F)   35        61      1923
                                             1920
 MINIMUM TEMPERATURE (F)   15       -19      1985


SUNRISE AND SUNSET
NOVEMBER 23 2014......SUNRISE   725 AM MST   SUNSET   420 PM MST
NOVEMBER 24 2014......SUNRISE   727 AM MST   SUNSET   419 PM MST


-  INDICATES NEGATIVE NUMBERS.
R  INDICATES RECORD WAS SET OR TIED.
MM INDICATES DATA IS MISSING.
T  INDICATES TRACE AMOUNT.

$$
