000
CDUS45 KGGW 120741
CLIGGW


CLIMATE REPORT
NATIONAL WEATHER SERVICE GLASGOW MT
1241 AM MST TUE DEC 12 2017


...................................

...THE GLASGOW MT CLIMATE SUMMARY FOR DECEMBER 11 2017...

CLIMATE NORMAL PERIOD 1981 TO 2010
CLIMATE RECORD PERIOD 1893 TO 2017


WEATHER ITEM   OBSERVED TIME   RECORD YEAR NORMAL DEPARTURE LAST
                VALUE   (LST)  VALUE       VALUE  FROM      YEAR
                                                  NORMAL
..................................................................
TEMPERATURE (F)
 YESTERDAY
  MAXIMUM         42    216 PM  62    2004  27     15        3
  MINIMUM         22   1155 PM -33    1927   8     14      -14
  AVERAGE         32                        17     15       -5

PRECIPITATION (IN)
  YESTERDAY        0.00          0.37 1931   0.01  -0.01     0.03
  MONTH TO DATE    0.04                      0.12  -0.08     0.27
  SINCE OCT 1      1.12                      1.27  -0.15     3.44
  SINCE JAN 1      5.96                     11.38  -5.42    20.77

SNOWFALL (IN)
  YESTERDAY        0.0           4.1  1931   0.2   -0.2      0.6
  MONTH TO DATE    0.7                       2.3   -1.6      6.7
  SINCE DEC 1      0.7                       2.3   -1.6      6.7
  SINCE JUL 1      2.3                       8.9   -6.6      7.1
  SNOW DEPTH       0

DEGREE DAYS
 HEATING
  YESTERDAY       33                        48    -15       70
  MONTH TO DATE  362                       505   -143      587
  SINCE DEC 1    362                       505   -143      587
  SINCE JUL 1   2297                      2498   -201     2206

 COOLING
  YESTERDAY        0                         0      0        0
  MONTH TO DATE    0                         0      0        0
  SINCE DEC 1      0                         0      0        0
  SINCE JAN 1    684                       533    151      434
..................................................................


WIND (MPH)
  HIGHEST WIND SPEED    25   HIGHEST WIND DIRECTION    NW (300)
  HIGHEST GUST SPEED    32   HIGHEST GUST DIRECTION    NW (310)
  AVERAGE WIND SPEED     8.9


SKY COVER
  POSSIBLE SUNSHINE  MM
  AVERAGE SKY COVER 0.2


WEATHER CONDITIONS
 THE FOLLOWING WEATHER WAS RECORDED YESTERDAY.
  NO SIGNIFICANT WEATHER WAS OBSERVED.


RELATIVE HUMIDITY (PERCENT)
 HIGHEST    81           900 PM
 LOWEST     46          1200 AM
 AVERAGE    64

..........................................................


THE GLASGOW MT CLIMATE NORMALS FOR TODAY
                         NORMAL    RECORD    YEAR
 MAXIMUM TEMPERATURE (F)   27        57      1924
 MINIMUM TEMPERATURE (F)    7       -41      1922


SUNRISE AND SUNSET
DECEMBER 12 2017......SUNRISE   748 AM MST   SUNSET   412 PM MST
DECEMBER 13 2017......SUNRISE   749 AM MST   SUNSET   412 PM MST


-  INDICATES NEGATIVE NUMBERS.
R  INDICATES RECORD WAS SET OR TIED.
MM INDICATES DATA IS MISSING.
T  INDICATES TRACE AMOUNT.




$$
