000
CDUS45 KGGW 300016
CLIGGW


CLIMATE REPORT
NATIONAL WEATHER SERVICE GLASGOW MT
616 PM MDT SAT AUG 29 2015


...................................

...THE GLASGOW MT CLIMATE SUMMARY FOR AUGUST 29 2015...
VALID TODAY AS OF 0500 PM LOCAL TIME.

CLIMATE NORMAL PERIOD 1981 TO 2010
CLIMATE RECORD PERIOD 1893 TO 2015


WEATHER ITEM   OBSERVED TIME   RECORD YEAR NORMAL DEPARTURE LAST
                VALUE   (LST)  VALUE       VALUE  FROM      YEAR
                                                  NORMAL
..................................................................
TEMPERATURE (F)
 TODAY
  MAXIMUM         92    344 PM  99    1938  80     12       72
  MINIMUM         63    155 AM  33    1902  52     11       55
  AVERAGE         78                        66     12       64

PRECIPITATION (IN)
  TODAY            0.00          0.50 1941   0.03  -0.03     0.06
  MONTH TO DATE    0.65                      1.17  -0.52     6.57
  SINCE OCT 1     10.56                     10.65  -0.09    14.25
  SINCE JAN 1      9.30                      9.10   0.20    12.80

SNOWFALL (IN)
  TODAY            0.0           0.0  2002   0.0    0.0      0.0
                                      2001
                                      2000
  MONTH TO DATE    0.0                       0.0    0.0      0.0
  SINCE JUN 1      0.0                       0.0    0.0      0.0
  SINCE JUL 1      0.0                       0.0    0.0      0.0
  SNOW DEPTH       0

DEGREE DAYS
 HEATING
  TODAY            0                         3     -3        1
  MONTH TO DATE   43                        28     15       44
  SINCE JUN 1     94                       151    -57      156
  SINCE JUL 1     48                        46      2       48

 COOLING
  TODAY           13                         4      9        0
  MONTH TO DATE  209                       189     20      201
  SINCE JUN 1    557                       471     86      438
  SINCE JAN 1    557                       488     69      472
..................................................................


WIND (MPH)
  HIGHEST WIND SPEED    13   HIGHEST WIND DIRECTION     E (110)
  HIGHEST GUST SPEED    MM   HIGHEST GUST DIRECTION    MM
  AVERAGE WIND SPEED     7.6


SKY COVER
  POSSIBLE SUNSHINE  MM
  AVERAGE SKY COVER 0.7


WEATHER CONDITIONS
 THE FOLLOWING WEATHER WAS RECORDED TODAY.
  HAZE


RELATIVE HUMIDITY (PERCENT)
 HIGHEST    48           200 AM
 LOWEST     16           400 PM
 AVERAGE    32

..........................................................


THE GLASGOW MT CLIMATE NORMALS FOR TOMORROW
                         NORMAL    RECORD    YEAR
 MAXIMUM TEMPERATURE (F)   80       104      1921
 MINIMUM TEMPERATURE (F)   52        37      1912


SUNRISE AND SUNSET
AUGUST 29 2015........SUNRISE   620 AM MDT   SUNSET   754 PM MDT
AUGUST 30 2015........SUNRISE   621 AM MDT   SUNSET   752 PM MDT


-  INDICATES NEGATIVE NUMBERS.
R  INDICATES RECORD WAS SET OR TIED.
MM INDICATES DATA IS MISSING.
T  INDICATES TRACE AMOUNT.

$$
