000
CDUS45 KGGW 270740
CLIGGW


CLIMATE REPORT
NATIONAL WEATHER SERVICE GLASGOW MT
1240 AM MST TUE JAN 27 2015


...................................

...THE GLASGOW MT CLIMATE SUMMARY FOR JANUARY 26 2015...

CLIMATE NORMAL PERIOD 1981 TO 2010
CLIMATE RECORD PERIOD 1893 TO 2015


WEATHER ITEM   OBSERVED TIME   RECORD YEAR NORMAL DEPARTURE LAST
                VALUE   (LST)  VALUE       VALUE  FROM      YEAR
                                                  NORMAL
..................................................................
TEMPERATURE (F)
 YESTERDAY
  MAXIMUM         51R   408 PM  48    1942  24     27       38
  MINIMUM         28    746 AM -50    1950   5     23        0
  AVERAGE         40                        15     25       19

PRECIPITATION (IN)
  YESTERDAY        0.00          0.70 1951   0.01  -0.01      T
  MONTH TO DATE    0.63                      0.33   0.30     0.06
  SINCE OCT 1      1.89                      1.88   0.01     1.51
  SINCE JAN 1      0.63                      0.33   0.30     0.06

SNOWFALL (IN)
  YESTERDAY        0.0           7.4  1951   0.2   -0.2       T
  MONTH TO DATE   16.1                       7.0    9.1      0.4
  SINCE DEC 1     16.3                      15.0    1.3     15.5
  SINCE JUL 1     27.7                      21.6    6.1     19.2
  SNOW DEPTH       0

DEGREE DAYS
 HEATING
  YESTERDAY       25                        50    -25       46
  MONTH TO DATE 1226                      1340   -114     1152
  SINCE DEC 1   2541                      2849   -308     2931
  SINCE JUL 1   4626                      4842   -216     4842

 COOLING
  YESTERDAY        0                         0      0        0
  MONTH TO DATE    0                         0      0        0
  SINCE DEC 1      0                         0      0        0
  SINCE JAN 1      0                         0      0        0
..................................................................


WIND (MPH)
  HIGHEST WIND SPEED    12   HIGHEST WIND DIRECTION    SE (130)
  HIGHEST GUST SPEED    12   HIGHEST GUST DIRECTION    SW (210)
  AVERAGE WIND SPEED     5.0


SKY COVER
  POSSIBLE SUNSHINE  MM
  AVERAGE SKY COVER 0.0


WEATHER CONDITIONS
 THE FOLLOWING WEATHER WAS RECORDED YESTERDAY.
  NO SIGNIFICANT WEATHER WAS OBSERVED.


RELATIVE HUMIDITY (PERCENT)
 HIGHEST    92           600 AM
 LOWEST     56           300 PM
 AVERAGE    74

..........................................................


THE GLASGOW MT CLIMATE NORMALS FOR TODAY
                         NORMAL    RECORD    YEAR
 MAXIMUM TEMPERATURE (F)   24        49      1976
 MINIMUM TEMPERATURE (F)    5       -37      1915


SUNRISE AND SUNSET
JANUARY 27 2015.......SUNRISE   741 AM MST   SUNSET   458 PM MST
JANUARY 28 2015.......SUNRISE   740 AM MST   SUNSET   459 PM MST


-  INDICATES NEGATIVE NUMBERS.
R  INDICATES RECORD WAS SET OR TIED.
MM INDICATES DATA IS MISSING.
T  INDICATES TRACE AMOUNT.

$$
