000
CDUS45 KGGW 010017
CLIGGW


CLIMATE REPORT
NATIONAL WEATHER SERVICE GLASGOW MT
616 PM MDT WED AUG 31 2016


...................................

...THE GLASGOW MT CLIMATE SUMMARY FOR AUGUST 31 2016...
VALID TODAY AS OF 0500 PM LOCAL TIME.

CLIMATE NORMAL PERIOD 1981 TO 2010
CLIMATE RECORD PERIOD 1893 TO 2016


WEATHER ITEM   OBSERVED TIME   RECORD YEAR NORMAL DEPARTURE LAST
                VALUE   (LST)  VALUE       VALUE  FROM      YEAR
                                                  NORMAL
..................................................................
TEMPERATURE (F)
 TODAY
  MAXIMUM         98    417 PM 104    1929  79     19       75
                                      1919
  MINIMUM         62    556 AM  36    1949  51     11       51
  AVERAGE         80                        65     15       63

PRECIPITATION (IN)
  TODAY            0.00          0.47 2011   0.03  -0.03     0.04
  MONTH TO DATE    0.52                      1.24  -0.72     0.84
  SINCE OCT 1     18.64                     10.72   7.92    10.75
  SINCE JAN 1     15.66                      9.17   6.49     9.49

SNOWFALL (IN)
  TODAY            0.0           0.0  2002   0.0    0.0      0.0
                                      2001
                                      2000
  MONTH TO DATE    0.0                       0.0    0.0      0.0
  SINCE JUN 1      0.0                       0.0    0.0      0.0
  SINCE JUL 1      0.0                       0.0    0.0      0.0
  SNOW DEPTH       0

DEGREE DAYS
 HEATING
  TODAY            0                         3     -3        2
  MONTH TO DATE   26                        34     -8       45
  SINCE JUN 1     66                       158    -92       96
  SINCE JUL 1     34                        53    -19       50

 COOLING
  TODAY           15                         3     12        0
  MONTH TO DATE  159                       196    -37      216
  SINCE JUN 1    394                       478    -84      564
  SINCE JAN 1    405                       495    -90      564
..................................................................


WIND (MPH)
  HIGHEST WIND SPEED    23   HIGHEST WIND DIRECTION    SE (150)
  HIGHEST GUST SPEED    28   HIGHEST GUST DIRECTION     S (180)
  AVERAGE WIND SPEED    15.6


SKY COVER
  POSSIBLE SUNSHINE  MM
  AVERAGE SKY COVER 0.0


WEATHER CONDITIONS
 THE FOLLOWING WEATHER WAS RECORDED TODAY.
  NO SIGNIFICANT WEATHER WAS OBSERVED.


RELATIVE HUMIDITY (PERCENT)
 HIGHEST    78           600 AM
 LOWEST     13           400 PM
 AVERAGE    46

..........................................................


THE GLASGOW MT CLIMATE NORMALS FOR TOMORROW
                         NORMAL    RECORD    YEAR
 MAXIMUM TEMPERATURE (F)   79       103      1983
 MINIMUM TEMPERATURE (F)   51        32      1930


SUNRISE AND SUNSET
AUGUST 31 2016........SUNRISE   624 AM MDT   SUNSET   749 PM MDT
SEPTEMBER  1 2016.....SUNRISE   625 AM MDT   SUNSET   747 PM MDT


-  INDICATES NEGATIVE NUMBERS.
R  INDICATES RECORD WAS SET OR TIED.
MM INDICATES DATA IS MISSING.
T  INDICATES TRACE AMOUNT.




$$
