000
CDUS45 KGGW 250741
CLIGGW


CLIMATE REPORT
NATIONAL WEATHER SERVICE GLASGOW MT
1240 AM MST SAT FEB 25 2017


...................................

...THE GLASGOW MT CLIMATE SUMMARY FOR FEBRUARY 24 2017...

CLIMATE NORMAL PERIOD 1981 TO 2010
CLIMATE RECORD PERIOD 1893 TO 2017


WEATHER ITEM   OBSERVED TIME   RECORD YEAR NORMAL DEPARTURE LAST
                VALUE   (LST)  VALUE       VALUE  FROM      YEAR
                                                  NORMAL
..................................................................
TEMPERATURE (F)
 YESTERDAY
  MAXIMUM         31    514 PM  58    1921  32     -1       39
  MINIMUM         19   1159 PM -36    1922  12      7       22
  AVERAGE         25                        22      3       31

PRECIPITATION (IN)
  YESTERDAY        T             0.40 1897   0.01  -0.01     0.00
  MONTH TO DATE    0.49                      0.22   0.27     0.24
  SINCE OCT 1      4.49                      2.14   2.35     3.56
  SINCE JAN 1      0.96                      0.59   0.37     0.58

SNOWFALL (IN)
  YESTERDAY        0.2           3.2  1950   0.2    0.0      0.0
  MONTH TO DATE    7.8                       3.8    4.0      1.6
  SINCE DEC 1     29.7                      19.8    9.9     20.0
  SINCE JUL 1     30.1                      26.4    3.7     21.0
  SNOW DEPTH       T  (12Z / 5AM MST)

DEGREE DAYS
 HEATING
  YESTERDAY       40                        43     -3       34
  MONTH TO DATE  994                      1115   -121      818
  SINCE DEC 1   4308                      4211     97     3660
  SINCE JUL 1   5927                      6204   -277     5322

 COOLING
  YESTERDAY        0                         0      0        0
  MONTH TO DATE    0                         0      0        0
  SINCE DEC 1      0                         0      0        0
  SINCE JAN 1      0                         0      0        0
..................................................................


WIND (MPH)
  HIGHEST WIND SPEED    15   HIGHEST WIND DIRECTION     E (110)
  HIGHEST GUST SPEED    18   HIGHEST GUST DIRECTION    SE (120)
  AVERAGE WIND SPEED     8.6


SKY COVER
  POSSIBLE SUNSHINE  MM
  AVERAGE SKY COVER 1.0


WEATHER CONDITIONS
 THE FOLLOWING WEATHER WAS RECORDED YESTERDAY.
  LIGHT SNOW
  FOG
  HAZE


RELATIVE HUMIDITY (PERCENT)
 HIGHEST    92           600 PM
 LOWEST     74          1200 AM
 AVERAGE    83

..........................................................


THE GLASGOW MT CLIMATE NORMALS FOR TODAY
                         NORMAL    RECORD    YEAR
 MAXIMUM TEMPERATURE (F)   33        60      1932
 MINIMUM TEMPERATURE (F)   13       -27      1936
                                             1922


SUNRISE AND SUNSET
FEBRUARY 25 2017......SUNRISE   655 AM MST   SUNSET   545 PM MST
FEBRUARY 26 2017......SUNRISE   653 AM MST   SUNSET   547 PM MST


-  INDICATES NEGATIVE NUMBERS.
R  INDICATES RECORD WAS SET OR TIED.
MM INDICATES DATA IS MISSING.
T  INDICATES TRACE AMOUNT.




$$
