000
CDUS45 KGJT 252330
CLIGJT


CLIMATE REPORT
NATIONAL WEATHER SERVICE GRAND JUNCTION CO
528 PM MDT SUN SEP 25 2016


...................................

...THE GRAND JUNCTION CO CLIMATE SUMMARY FOR SEPTEMBER 25 2016...
VALID TODAY AS OF 0500 PM LOCAL TIME.

CLIMATE NORMAL PERIOD 1981 TO 2010
CLIMATE RECORD PERIOD 1893 TO 2016


WEATHER ITEM   OBSERVED TIME   RECORD YEAR NORMAL DEPARTURE LAST
                VALUE   (LST)  VALUE       VALUE  FROM      YEAR
                                                  NORMAL
..................................................................
TEMPERATURE (F)
 TODAY
  MAXIMUM         70    357 PM  89    2001  76     -6       88
                                      1948
  MINIMUM         41    406 AM  33    2000  48     -7       52
  AVERAGE         56                        62     -6       70

PRECIPITATION (IN)
  TODAY            0.00          0.81 1915   0.05  -0.05     0.00
  MONTH TO DATE    0.52                      1.00  -0.48     0.79
  SINCE SEP 1      0.52                      1.00  -0.48     0.79
  SINCE JAN 1      6.77                      6.85  -0.08     9.03

SNOWFALL (IN)
  TODAY            0.0           0.0  2015   0.0    0.0      0.0
  MONTH TO DATE    0.0                       0.0    0.0       T
  SINCE SEP 1      0.0                       0.0    0.0       T
  SINCE JUL 1      0.0                       0.0    0.0       T
  SNOW DEPTH       0

DEGREE DAYS
 HEATING
  TODAY            9                         4      5        0
  MONTH TO DATE   41                        45     -4        7
  SINCE SEP 1     41                        45     -4        7
  SINCE JUL 1     41                        48     -7        7

 COOLING
  TODAY            0                         1     -1        5
  MONTH TO DATE  119                        98     21       98
  SINCE SEP 1    119                        98     21       98
  SINCE JAN 1   1233                      1117    116      994
..................................................................


WIND (MPH)
  HIGHEST WIND SPEED    12   HIGHEST WIND DIRECTION     W (270)
  HIGHEST GUST SPEED    18   HIGHEST GUST DIRECTION     S (180)
  AVERAGE WIND SPEED     4.5


SKY COVER
  POSSIBLE SUNSHINE  MM
  AVERAGE SKY COVER 0.0


WEATHER CONDITIONS
 THE FOLLOWING WEATHER WAS RECORDED TODAY.
  NO SIGNIFICANT WEATHER WAS OBSERVED.


RELATIVE HUMIDITY (PERCENT)
 HIGHEST    89           200 AM
 LOWEST     31           300 PM
 AVERAGE    60

..........................................................


THE GRAND JUNCTION CO CLIMATE NORMALS FOR TOMORROW
                         NORMAL    RECORD    YEAR
 MAXIMUM TEMPERATURE (F)   75        89      1966
                                             1947
 MINIMUM TEMPERATURE (F)   48        34      1970


SUNRISE AND SUNSET
SEPTEMBER 25 2016.....SUNRISE   705 AM MDT   SUNSET   705 PM MDT
SEPTEMBER 26 2016.....SUNRISE   706 AM MDT   SUNSET   704 PM MDT


-  INDICATES NEGATIVE NUMBERS.
R  INDICATES RECORD WAS SET OR TIED.
MM INDICATES DATA IS MISSING.
T  INDICATES TRACE AMOUNT.




$$
