000
CDUS45 KGJT 262338
CLIGJT


CLIMATE REPORT
NATIONAL WEATHER SERVICE GRAND JUNCTION CO
434 PM MST SUN FEB 26 2017


...................................

...THE GRAND JUNCTION CO CLIMATE SUMMARY FOR FEBRUARY 26 2017...
VALID TODAY AS OF 0400 PM LOCAL TIME.

CLIMATE NORMAL PERIOD 1981 TO 2010
CLIMATE RECORD PERIOD 1893 TO 2017


WEATHER ITEM   OBSERVED TIME   RECORD YEAR NORMAL DEPARTURE LAST
                VALUE   (LST)  VALUE       VALUE  FROM      YEAR
                                                  NORMAL
..................................................................
TEMPERATURE (F)
 TODAY
  MAXIMUM         43    258 PM  68    1986  50     -7       58
  MINIMUM         13    550 AM   5    1974  27    -14       28
  AVERAGE         28                        39    -11       43

PRECIPITATION (IN)
  TODAY            0.00          0.32 1987   0.03  -0.03     0.00
                                      1944
  MONTH TO DATE    0.34                      0.50  -0.16     0.45
  SINCE DEC 1      2.08                      1.67   0.41     2.06
  SINCE JAN 1      1.35                      1.08   0.27     1.37

SNOWFALL (IN)
  TODAY            0.0           3.2  1987   0.1   -0.1      0.0
  MONTH TO DATE    T                         3.0   -3.0      4.7
  SINCE DEC 1     11.2                      12.8   -1.6     24.0
  SINCE JUL 1     11.7                      15.3   -3.6     27.4
  SNOW DEPTH       0

DEGREE DAYS
 HEATING
  TODAY           37                        26     11       22
  MONTH TO DATE  591                       802   -211      881
  SINCE DEC 1   2722                      3100   -378     3369
  SINCE JUL 1   3592                      4328   -736     4418

 COOLING
  TODAY            0                         0      0        0
  MONTH TO DATE    0                         0      0        0
  SINCE DEC 1      0                         0      0        0
  SINCE JAN 1      0                         0      0        0
..................................................................


WIND (MPH)
  HIGHEST WIND SPEED     9   HIGHEST WIND DIRECTION    SW (240)
  HIGHEST GUST SPEED    14   HIGHEST GUST DIRECTION     W (250)
  AVERAGE WIND SPEED     3.2


SKY COVER
  POSSIBLE SUNSHINE  MM
  AVERAGE SKY COVER 0.1


WEATHER CONDITIONS
 THE FOLLOWING WEATHER WAS RECORDED TODAY.
  NO SIGNIFICANT WEATHER WAS OBSERVED.


RELATIVE HUMIDITY (PERCENT)
 HIGHEST    88           600 AM
 LOWEST     23           400 PM
 AVERAGE    56

..........................................................


THE GRAND JUNCTION CO CLIMATE NORMALS FOR TOMORROW
                         NORMAL    RECORD    YEAR
 MAXIMUM TEMPERATURE (F)   51        68      1904
 MINIMUM TEMPERATURE (F)   28         4      1971


SUNRISE AND SUNSET
FEBRUARY 26 2017......SUNRISE   651 AM MST   SUNSET   604 PM MST
FEBRUARY 27 2017......SUNRISE   649 AM MST   SUNSET   605 PM MST


-  INDICATES NEGATIVE NUMBERS.
R  INDICATES RECORD WAS SET OR TIED.
MM INDICATES DATA IS MISSING.
T  INDICATES TRACE AMOUNT.




$$
