000
CDUS45 KGJT 260729
CLIGJT


CLIMATE REPORT
NATIONAL WEATHER SERVICE GRAND JUNCTION CO
127 AM MDT MON JUN 26 2017


...................................

...THE GRAND JUNCTION CO CLIMATE SUMMARY FOR JUNE 25 2017...

CLIMATE NORMAL PERIOD 1981 TO 2010
CLIMATE RECORD PERIOD 1893 TO 2017


WEATHER ITEM   OBSERVED TIME   RECORD YEAR NORMAL DEPARTURE LAST
                VALUE   (LST)  VALUE       VALUE  FROM      YEAR
                                                  NORMAL
..................................................................
TEMPERATURE (F)
 YESTERDAY
  MAXIMUM         95    351 PM 103    1994  91      4       95
  MINIMUM         62    337 AM  45    1969  59      3       63
  AVERAGE         79                        75      4       79

PRECIPITATION (IN)
  YESTERDAY        0.00          0.50 1983   0.01  -0.01     0.00
  MONTH TO DATE    0.03                      0.39  -0.36     0.02
  SINCE JUN 1      0.03                      0.39  -0.36     0.02
  SINCE JAN 1      2.86                      4.22  -1.36     4.99

SNOWFALL (IN)
  YESTERDAY        0.0           0.0  2002   0.0    0.0      0.0
  MONTH TO DATE    0.0                       0.0    0.0      0.0
  SINCE JUN 1      0.0                       0.0    0.0      0.0
  SINCE JUL 1     13.9                      19.1   -5.2     28.5
  SNOW DEPTH       0

DEGREE DAYS
 HEATING
  YESTERDAY        0                         0      0        0
  MONTH TO DATE    4                        20    -16        1
  SINCE JUN 1      4                        20    -16        1
  SINCE JUL 1   4625                      5609   -984     5715

 COOLING
  YESTERDAY       14                        10      4       14
  MONTH TO DATE  304                       175    129      285
  SINCE JUN 1    304                       175    129      285
  SINCE JAN 1    350                       226    124      298
..................................................................


WIND (MPH)
  HIGHEST WIND SPEED    24   HIGHEST WIND DIRECTION    NE (60)
  HIGHEST GUST SPEED    28   HIGHEST GUST DIRECTION    NE (60)
  AVERAGE WIND SPEED     9.7


SKY COVER
  POSSIBLE SUNSHINE  MM
  AVERAGE SKY COVER 0.0


WEATHER CONDITIONS
 THE FOLLOWING WEATHER WAS RECORDED YESTERDAY.
  NO SIGNIFICANT WEATHER WAS OBSERVED.


RELATIVE HUMIDITY (PERCENT)
 HIGHEST    26           300 AM
 LOWEST      8           300 PM
 AVERAGE    17

..........................................................


THE GRAND JUNCTION CO CLIMATE NORMALS FOR TODAY
                         NORMAL    RECORD    YEAR
 MAXIMUM TEMPERATURE (F)   91       104      1994
                                             1990
 MINIMUM TEMPERATURE (F)   60        44      1985
                                             1975


SUNRISE AND SUNSET
JUNE 26 2017..........SUNRISE   550 AM MDT   SUNSET   844 PM MDT
JUNE 27 2017..........SUNRISE   550 AM MDT   SUNSET   844 PM MDT


-  INDICATES NEGATIVE NUMBERS.
R  INDICATES RECORD WAS SET OR TIED.
MM INDICATES DATA IS MISSING.
T  INDICATES TRACE AMOUNT.




$$
