000
CDUS45 KGJT 210832
CLIGJT


CLIMATE REPORT
NATIONAL WEATHER SERVICE GRAND JUNCTION CO
129 AM MST SAT JAN 21 2017


...................................

...THE GRAND JUNCTION CO CLIMATE SUMMARY FOR JANUARY 20 2017...

CLIMATE NORMAL PERIOD 1981 TO 2010
CLIMATE RECORD PERIOD 1893 TO 2017


WEATHER ITEM   OBSERVED TIME   RECORD YEAR NORMAL DEPARTURE LAST
                VALUE   (LST)  VALUE       VALUE  FROM      YEAR
                                                  NORMAL
..................................................................
TEMPERATURE (F)
 YESTERDAY
  MAXIMUM         36    335 PM  57    2012  38     -2       37
  MINIMUM         31    940 PM  -8    1984  17     14       17
  AVERAGE         34                        27      7       27

PRECIPITATION (IN)
  YESTERDAY        0.04          0.40 1895   0.02   0.02     0.06
  MONTH TO DATE    0.82                      0.39   0.43     0.51
  SINCE DEC 1      1.55                      0.98   0.57     1.20
  SINCE JAN 1      0.82                      0.39   0.43     0.51

SNOWFALL (IN)
  YESTERDAY        0.3           3.1  1966   0.2    0.1      1.4
  MONTH TO DATE    5.4                       3.5    1.9      6.6
  SINCE DEC 1      8.9                       8.4    0.5     16.1
  SINCE JUL 1      9.4                      10.9   -1.5     19.5
  SNOW DEPTH       1

DEGREE DAYS
 HEATING
  YESTERDAY       31                        38     -7       38
  MONTH TO DATE  679                       764    -85      841
  SINCE DEC 1   1756                      1895   -139     2068
  SINCE JUL 1   2626                      3123   -497     3117

 COOLING
  YESTERDAY        0                         0      0        0
  MONTH TO DATE    0                         0      0        0
  SINCE DEC 1      0                         0      0        0
  SINCE JAN 1      0                         0      0        0
..................................................................


WIND (MPH)
  HIGHEST WIND SPEED    12   HIGHEST WIND DIRECTION     E (110)
  HIGHEST GUST SPEED    14   HIGHEST GUST DIRECTION     E (110)
  AVERAGE WIND SPEED     5.1


SKY COVER
  POSSIBLE SUNSHINE  MM
  AVERAGE SKY COVER 1.0


WEATHER CONDITIONS
 THE FOLLOWING WEATHER WAS RECORDED YESTERDAY.
  SNOW
  LIGHT SNOW
  FOG
  FOG W/VISIBILITY <= 1/4 MILE


RELATIVE HUMIDITY (PERCENT)
 HIGHEST   100          1200 AM
 LOWEST     89           900 PM
 AVERAGE    95

..........................................................


THE GRAND JUNCTION CO CLIMATE NORMALS FOR TODAY
                         NORMAL    RECORD    YEAR
 MAXIMUM TEMPERATURE (F)   38        54      1964
 MINIMUM TEMPERATURE (F)   17       -10      1930


SUNRISE AND SUNSET
JANUARY 21 2017.......SUNRISE   729 AM MST   SUNSET   523 PM MST
JANUARY 22 2017.......SUNRISE   728 AM MST   SUNSET   524 PM MST


-  INDICATES NEGATIVE NUMBERS.
R  INDICATES RECORD WAS SET OR TIED.
MM INDICATES DATA IS MISSING.
T  INDICATES TRACE AMOUNT.




$$
