983
CDUS45 KGJT 280735
CLIGJT


CLIMATE REPORT
NATIONAL WEATHER SERVICE GRAND JUNCTION CO
133 AM MDT SUN AUG 28 2016


...................................

...THE GRAND JUNCTION CO CLIMATE SUMMARY FOR AUGUST 27 2016...

CLIMATE NORMAL PERIOD 1981 TO 2010
CLIMATE RECORD PERIOD 1893 TO 2016


WEATHER ITEM   OBSERVED TIME   RECORD YEAR NORMAL DEPARTURE LAST
                VALUE   (LST)  VALUE       VALUE  FROM      YEAR
                                                  NORMAL
..................................................................
TEMPERATURE (F)
 YESTERDAY
  MAXIMUM         78    448 PM  97    2001  88    -10       83
                                      1969
  MINIMUM         53    556 AM  45    1992  59     -6       60
  AVERAGE         66                        73     -7       72

PRECIPITATION (IN)
  YESTERDAY        0.00          0.51 1953   0.03  -0.03     0.34
  MONTH TO DATE    0.55                      0.81  -0.26     0.46
  SINCE JUN 1      1.28                      1.88  -0.60     2.90
  SINCE JAN 1      6.25                      5.71   0.54     8.00

SNOWFALL (IN)
  YESTERDAY        0.0           0.0  2015   0.0    0.0      0.0
  MONTH TO DATE    0.0                       0.0    0.0       T
  SINCE JUN 1      0.0                       0.0    0.0       T
  SINCE JUL 1      0.0                       0.0    0.0       T
  SNOW DEPTH       0

DEGREE DAYS
 HEATING
  YESTERDAY        0                         0      0        0
  MONTH TO DATE    0                         0      0        0
  SINCE JUN 1      1                        23    -22       12
  SINCE JUL 1      0                         1     -1        0

 COOLING
  YESTERDAY        1                         8     -7        7
  MONTH TO DATE  278                       296    -18      289
  SINCE JUN 1   1072                       937    135      856
  SINCE JAN 1   1085                       988     97      864
..................................................................


WIND (MPH)
  HIGHEST WIND SPEED    21   HIGHEST WIND DIRECTION    SE (140)
  HIGHEST GUST SPEED    24   HIGHEST GUST DIRECTION    SE (140)
  AVERAGE WIND SPEED     7.9


SKY COVER
  POSSIBLE SUNSHINE  MM
  AVERAGE SKY COVER 0.1


WEATHER CONDITIONS
 THE FOLLOWING WEATHER WAS RECORDED YESTERDAY.
  NO SIGNIFICANT WEATHER WAS OBSERVED.


RELATIVE HUMIDITY (PERCENT)
 HIGHEST    77           300 AM
 LOWEST     25           400 PM
 AVERAGE    51

..........................................................


THE GRAND JUNCTION CO CLIMATE NORMALS FOR TODAY
                         NORMAL    RECORD    YEAR
 MAXIMUM TEMPERATURE (F)   87        97      1948
 MINIMUM TEMPERATURE (F)   59        48      1964
                                             1920


SUNRISE AND SUNSET
AUGUST 28 2016........SUNRISE   640 AM MDT   SUNSET   750 PM MDT
AUGUST 29 2016........SUNRISE   641 AM MDT   SUNSET   748 PM MDT


-  INDICATES NEGATIVE NUMBERS.
R  INDICATES RECORD WAS SET OR TIED.
MM INDICATES DATA IS MISSING.
T  INDICATES TRACE AMOUNT.




$$
