000
CDUS45 KGJT 090737
CLIGJT


CLIMATE REPORT
NATIONAL WEATHER SERVICE GRAND JUNCTION CO
1235 AM MST FRI DEC 9 2016


...................................

...THE GRAND JUNCTION CO CLIMATE SUMMARY FOR DECEMBER 8 2016...

CLIMATE NORMAL PERIOD 1981 TO 2010
CLIMATE RECORD PERIOD 1893 TO 2016


WEATHER ITEM   OBSERVED TIME   RECORD YEAR NORMAL DEPARTURE LAST
                VALUE   (LST)  VALUE       VALUE  FROM      YEAR
                                                  NORMAL
..................................................................
TEMPERATURE (F)
 YESTERDAY
  MAXIMUM         30    315 PM  55    1965  40    -10       44
                                      1939
  MINIMUM         14    245 AM -12    1978  20     -6       21
  AVERAGE         22                        30     -8       33

PRECIPITATION (IN)
  YESTERDAY        T             0.65 1926   0.02  -0.02     0.00
  MONTH TO DATE    0.01                      0.16  -0.15     0.00
  SINCE DEC 1      0.01                      0.16  -0.15     0.00
  SINCE JAN 1      8.11                      8.99  -0.88    12.56

SNOWFALL (IN)
  YESTERDAY        0.0           8.0  1919   0.1   -0.1      0.0
  MONTH TO DATE    0.3                       0.9   -0.6      0.0
  SINCE DEC 1      0.3                       0.9   -0.6      0.0
  SINCE JUL 1      0.8                       3.4   -2.6      3.4
  SNOW DEPTH       T

DEGREE DAYS
 HEATING
  YESTERDAY       43                        35      8       32
  MONTH TO DATE  299                       273     26      275
  SINCE DEC 1    299                       273     26      275
  SINCE JUL 1   1169                      1501   -332     1324

 COOLING
  YESTERDAY        0                         0      0        0
  MONTH TO DATE    0                         0      0        0
  SINCE DEC 1      0                         0      0        0
  SINCE JAN 1   1245                      1125    120     1041
..................................................................


WIND (MPH)
  HIGHEST WIND SPEED    13   HIGHEST WIND DIRECTION    SE (120)
  HIGHEST GUST SPEED    15   HIGHEST GUST DIRECTION     E (90)
  AVERAGE WIND SPEED     4.2


SKY COVER
  POSSIBLE SUNSHINE  MM
  AVERAGE SKY COVER 0.7


WEATHER CONDITIONS
 THE FOLLOWING WEATHER WAS RECORDED YESTERDAY.
  LIGHT SNOW


RELATIVE HUMIDITY (PERCENT)
 HIGHEST    74          1100 PM
 LOWEST     39           100 PM
 AVERAGE    57

..........................................................


THE GRAND JUNCTION CO CLIMATE NORMALS FOR TODAY
                         NORMAL    RECORD    YEAR
 MAXIMUM TEMPERATURE (F)   40        56      1939
                                             1929
 MINIMUM TEMPERATURE (F)   20       -20      1919


SUNRISE AND SUNSET
DECEMBER  9 2016......SUNRISE   722 AM MST   SUNSET   451 PM MST
DECEMBER 10 2016......SUNRISE   723 AM MST   SUNSET   452 PM MST


-  INDICATES NEGATIVE NUMBERS.
R  INDICATES RECORD WAS SET OR TIED.
MM INDICATES DATA IS MISSING.
T  INDICATES TRACE AMOUNT.




$$
