000
CDUS45 KGJT 230734
CLIGJT


CLIMATE REPORT
NATIONAL WEATHER SERVICE GRAND JUNCTION CO
132 AM MDT TUE SEP 23 2014


...................................

...THE GRAND JUNCTION CO CLIMATE SUMMARY FOR SEPTEMBER 22 2014...

CLIMATE NORMAL PERIOD 1981 TO 2010
CLIMATE RECORD PERIOD 1893 TO 2014


WEATHER ITEM   OBSERVED TIME   RECORD YEAR NORMAL DEPARTURE LAST
                VALUE   (LST)  VALUE       VALUE  FROM      YEAR
                                                  NORMAL
..................................................................
TEMPERATURE (F)
 YESTERDAY
  MAXIMUM         78    354 PM  90    1966  77      1       70
  MINIMUM         59    839 AM  34    2009  49     10       49
                                      1995
  AVERAGE         69                        63      6       60

PRECIPITATION (IN)
  YESTERDAY        0.04          1.87 1941   0.05  -0.01     0.56
  MONTH TO DATE    0.86                      0.87  -0.01     2.93
  SINCE SEP 1      0.86                      0.87  -0.01     2.93
  SINCE JAN 1      8.95                      6.72   2.23     8.90

SNOWFALL (IN)
  YESTERDAY        0.0           T    2005   0.0    0.0      0.0
  MONTH TO DATE    0.0                       0.0    0.0      0.0
  SINCE SEP 1      0.0                       0.0    0.0      0.0
  SINCE JUL 1      0.0                       0.0    0.0      0.0
  SNOW DEPTH       0

DEGREE DAYS
 HEATING
  YESTERDAY        0                         3     -3        5
  MONTH TO DATE   10                        33    -23       20
  SINCE SEP 1     10                        33    -23       20
  SINCE JUL 1     15                        36    -21       20

 COOLING
  YESTERDAY        4                         2      2        0
  MONTH TO DATE   94                        94      0      138
  SINCE SEP 1     94                        94      0      138
  SINCE JAN 1   1020                      1113    -93     1264
..................................................................


WIND (MPH)
  HIGHEST WIND SPEED    23   HIGHEST WIND DIRECTION    SE (150)
  HIGHEST GUST SPEED    27   HIGHEST GUST DIRECTION     S (160)
  AVERAGE WIND SPEED     6.0


SKY COVER
  POSSIBLE SUNSHINE  MM
  AVERAGE SKY COVER 0.5


WEATHER CONDITIONS
 THE FOLLOWING WEATHER WAS RECORDED YESTERDAY.
  THUNDERSTORM
  LIGHT RAIN
  FOG


RELATIVE HUMIDITY (PERCENT)
 HIGHEST    90          1200 AM
 LOWEST     39           400 PM
 AVERAGE    65

..........................................................


THE GRAND JUNCTION CO CLIMATE NORMALS FOR TODAY
                         NORMAL    RECORD    YEAR
 MAXIMUM TEMPERATURE (F)   77        90      1966
 MINIMUM TEMPERATURE (F)   49        35      1895


SUNRISE AND SUNSET
SEPTEMBER 23 2014.....SUNRISE   703 AM MDT   SUNSET   709 PM MDT
SEPTEMBER 24 2014.....SUNRISE   704 AM MDT   SUNSET   708 PM MDT


-  INDICATES NEGATIVE NUMBERS.
R  INDICATES RECORD WAS SET OR TIED.
MM INDICATES DATA IS MISSING.
T  INDICATES TRACE AMOUNT.




$$
