000
CDUS45 KGJT 270749
CLIGJT


CLIMATE REPORT
NATIONAL WEATHER SERVICE GRAND JUNCTION CO
147 AM MDT MON MAR 27 2017


...................................

...THE GRAND JUNCTION CO CLIMATE SUMMARY FOR MARCH 26 2017...

CLIMATE NORMAL PERIOD 1981 TO 2010
CLIMATE RECORD PERIOD 1893 TO 2017


WEATHER ITEM   OBSERVED TIME   RECORD YEAR NORMAL DEPARTURE LAST
                VALUE   (LST)  VALUE       VALUE  FROM      YEAR
                                                  NORMAL
..................................................................
TEMPERATURE (F)
 YESTERDAY
  MAXIMUM         63    215 PM  81    1971  59      4       49
  MINIMUM         40   1121 PM  16    1917  33      7       27
  AVERAGE         52                        46      6       38

PRECIPITATION (IN)
  YESTERDAY        T             0.38 1975   0.04  -0.04     0.00
  MONTH TO DATE    0.03                      0.75  -0.72     0.79
  SINCE MAR 1      0.03                      0.75  -0.72     0.79
  SINCE JAN 1      1.58                      1.87  -0.29     2.16

SNOWFALL (IN)
  YESTERDAY        0             4.0  1975   0.1   MM        0.0
  MONTH TO DATE    T                         2.2   -2.2      1.1
  SINCE MAR 1      T                         2.2   -2.2      1.1
  SINCE JUL 1     13.9                      17.7   -3.8     28.5
  SNOW DEPTH       0

DEGREE DAYS
 HEATING
  YESTERDAY       13                        19     -6       27
  MONTH TO DATE  369                       563   -194      505
  SINCE MAR 1    369                       563   -194      505
  SINCE JUL 1   4016                      4942   -926     4983

 COOLING
  YESTERDAY        0                         0      0        0
  MONTH TO DATE    0                         0      0        0
  SINCE MAR 1      0                         0      0        0
  SINCE JAN 1      0                         0      0        0
..................................................................


WIND (MPH)
  HIGHEST WIND SPEED    15   HIGHEST WIND DIRECTION     W (260)
  HIGHEST GUST SPEED    17   HIGHEST GUST DIRECTION    NW (320)
  AVERAGE WIND SPEED     6.8


SKY COVER
  POSSIBLE SUNSHINE  MM
  AVERAGE SKY COVER 0.5


WEATHER CONDITIONS
 THE FOLLOWING WEATHER WAS RECORDED YESTERDAY.
  LIGHT RAIN


RELATIVE HUMIDITY (PERCENT)
 HIGHEST    71           300 AM
 LOWEST     27           400 PM
 AVERAGE    49

..........................................................


THE GRAND JUNCTION CO CLIMATE NORMALS FOR TODAY
                         NORMAL    RECORD    YEAR
 MAXIMUM TEMPERATURE (F)   60        77      1988
 MINIMUM TEMPERATURE (F)   33        16      1975
                                             1931


SUNRISE AND SUNSET
MARCH 27 2017.........SUNRISE   706 AM MDT   SUNSET   733 PM MDT
MARCH 28 2017.........SUNRISE   704 AM MDT   SUNSET   734 PM MDT


-  INDICATES NEGATIVE NUMBERS.
R  INDICATES RECORD WAS SET OR TIED.
MM INDICATES DATA IS MISSING.
T  INDICATES TRACE AMOUNT.




$$
